{"id":42,"date":"2022-02-17T19:16:52","date_gmt":"2022-02-17T19:16:52","guid":{"rendered":"http:\/\/turismoburgos.digital\/?page_id=42"},"modified":"2022-03-14T13:46:57","modified_gmt":"2022-03-14T13:46:57","slug":"fiestas","status":"publish","type":"page","link":"https:\/\/turismoburgos.digital\/index.php\/fiestas\/","title":{"rendered":"Fiestas"},"content":{"rendered":"\n<hr class=\"wp-block-separator\"\/>\n\n\n\n<div class=\"wp-block-media-text alignwide is-stacked-on-mobile\"><figure class=\"wp-block-media-text__media\"><img loading=\"lazy\" width=\"644\" height=\"405\" src=\"http:\/\/turismoburgos.digital\/wp-content\/uploads\/2022\/02\/San-Anton.jpg\" alt=\"\" class=\"wp-image-591 size-full\" srcset=\"https:\/\/turismoburgos.digital\/wp-content\/uploads\/2022\/02\/San-Anton.jpg 644w, https:\/\/turismoburgos.digital\/wp-content\/uploads\/2022\/02\/San-Anton-300x189.jpg 300w, https:\/\/turismoburgos.digital\/wp-content\/uploads\/2022\/02\/San-Anton-389x245.jpg 389w, https:\/\/turismoburgos.digital\/wp-content\/uploads\/2022\/02\/San-Anton-414x260.jpg 414w, https:\/\/turismoburgos.digital\/wp-content\/uploads\/2022\/02\/San-Anton-512x322.jpg 512w\" sizes=\"(max-width: 644px) 100vw, 644px\" \/><\/figure><div class=\"wp-block-media-text__content\">\n<p class=\"has-large-font-size\">17 de Enero<\/p>\n\n\n\n<h2 id=\"17-de-enero\">SAN ANT\u00d3N<\/h2>\n\n\n\n<p><strong>Tras la misa, se procede a la bendici\u00f3n de los animales.<\/strong><\/p>\n\n\n\n<p><strong>La cofrad\u00eda de San Ant\u00f3n reparte a todos los asistentes con una raci\u00f3n de titos.<\/strong><\/p>\n\n\n\n<figure class=\"wp-block-embed is-type-video is-provider-youtube wp-block-embed-youtube wp-embed-aspect-16-9 wp-has-aspect-ratio\"><div class=\"wp-block-embed__wrapper\">\n<iframe loading=\"lazy\" title=\"20.000 raciones de titos para festejar San Ant\u00f3n\" width=\"1032\" height=\"581\" src=\"https:\/\/www.youtube.com\/embed\/7RWpbtMXlYI?feature=oembed\" frameborder=\"0\" allow=\"accelerometer; autoplay; clipboard-write; encrypted-media; gyroscope; picture-in-picture\" allowfullscreen><\/iframe>\n<\/div><\/figure>\n<\/div><\/div>\n\n\n\n<hr class=\"wp-block-separator\"\/>\n\n\n\n<div class=\"wp-block-media-text alignwide is-stacked-on-mobile\"><figure class=\"wp-block-media-text__media\"><img loading=\"lazy\" width=\"800\" height=\"431\" src=\"http:\/\/turismoburgos.digital\/wp-content\/uploads\/2022\/02\/4780_1.jpg\" alt=\"\" class=\"wp-image-593 size-full\" srcset=\"https:\/\/turismoburgos.digital\/wp-content\/uploads\/2022\/02\/4780_1.jpg 800w, https:\/\/turismoburgos.digital\/wp-content\/uploads\/2022\/02\/4780_1-300x162.jpg 300w, https:\/\/turismoburgos.digital\/wp-content\/uploads\/2022\/02\/4780_1-768x414.jpg 768w, https:\/\/turismoburgos.digital\/wp-content\/uploads\/2022\/02\/4780_1-389x210.jpg 389w, https:\/\/turismoburgos.digital\/wp-content\/uploads\/2022\/02\/4780_1-414x223.jpg 414w, https:\/\/turismoburgos.digital\/wp-content\/uploads\/2022\/02\/4780_1-512x276.jpg 512w\" sizes=\"(max-width: 800px) 100vw, 800px\" \/><\/figure><div class=\"wp-block-media-text__content\">\n<p class=\"has-large-font-size\">2 de Febrero<\/p>\n\n\n\n<h2 id=\"2-de-febrero\">LAS CANDELAS<\/h2>\n\n\n\n<p><strong>Barrio de Gamonal.<\/strong><\/p>\n\n\n\n<p><strong>Bendici\u00f3n de los ni\u00f1os nacidos en el a\u00f1o.<\/strong><\/p>\n\n\n\n<figure class=\"wp-block-embed is-type-video is-provider-youtube wp-block-embed-youtube wp-embed-aspect-4-3 wp-has-aspect-ratio\"><div class=\"wp-block-embed__wrapper\">\n<iframe loading=\"lazy\" title=\"Gamonal celebra Las Candelas con el Tito de Oro y la Misa de la Luz\" width=\"1032\" height=\"774\" src=\"https:\/\/www.youtube.com\/embed\/zzqLjoWBiCQ?feature=oembed\" frameborder=\"0\" allow=\"accelerometer; autoplay; clipboard-write; encrypted-media; gyroscope; picture-in-picture\" allowfullscreen><\/iframe>\n<\/div><\/figure>\n<\/div><\/div>\n\n\n\n<hr class=\"wp-block-separator\"\/>\n\n\n\n<div class=\"wp-block-media-text alignwide is-stacked-on-mobile\"><figure class=\"wp-block-media-text__media\"><img loading=\"lazy\" width=\"800\" height=\"451\" src=\"http:\/\/turismoburgos.digital\/wp-content\/uploads\/2022\/02\/5283_1.jpg\" alt=\"\" class=\"wp-image-594 size-full\" srcset=\"https:\/\/turismoburgos.digital\/wp-content\/uploads\/2022\/02\/5283_1.jpg 800w, https:\/\/turismoburgos.digital\/wp-content\/uploads\/2022\/02\/5283_1-300x169.jpg 300w, https:\/\/turismoburgos.digital\/wp-content\/uploads\/2022\/02\/5283_1-768x433.jpg 768w, https:\/\/turismoburgos.digital\/wp-content\/uploads\/2022\/02\/5283_1-389x219.jpg 389w, https:\/\/turismoburgos.digital\/wp-content\/uploads\/2022\/02\/5283_1-414x233.jpg 414w, https:\/\/turismoburgos.digital\/wp-content\/uploads\/2022\/02\/5283_1-512x289.jpg 512w\" sizes=\"(max-width: 800px) 100vw, 800px\" \/><\/figure><div class=\"wp-block-media-text__content\">\n<p class=\"has-large-font-size\">22 de Febrero<\/p>\n\n\n\n<h2 id=\"22-de-febrero\">LA C\u00c1TEDRA de SAN PEDRO<\/h2>\n\n\n\n<p><strong>Reparto de cecina en el barrio de San Pedro de la Fuente.<\/strong><\/p>\n\n\n\n<figure class=\"wp-block-embed is-type-video is-provider-youtube wp-block-embed-youtube wp-embed-aspect-4-3 wp-has-aspect-ratio\"><div class=\"wp-block-embed__wrapper\">\n<iframe loading=\"lazy\" title=\"Fiestas en San Pedro de la Fuente\" width=\"1032\" height=\"774\" src=\"https:\/\/www.youtube.com\/embed\/M6Bfq_nz2fY?feature=oembed\" frameborder=\"0\" allow=\"accelerometer; autoplay; clipboard-write; encrypted-media; gyroscope; picture-in-picture\" allowfullscreen><\/iframe>\n<\/div><\/figure>\n<\/div><\/div>\n\n\n\n<hr class=\"wp-block-separator\"\/>\n\n\n\n<div class=\"wp-block-media-text alignwide is-stacked-on-mobile\"><figure class=\"wp-block-media-text__media\"><img loading=\"lazy\" width=\"990\" height=\"580\" src=\"http:\/\/turismoburgos.digital\/wp-content\/uploads\/2022\/02\/carnaval2017_detail.jpg\" alt=\"\" class=\"wp-image-595 size-full\" srcset=\"https:\/\/turismoburgos.digital\/wp-content\/uploads\/2022\/02\/carnaval2017_detail.jpg 990w, https:\/\/turismoburgos.digital\/wp-content\/uploads\/2022\/02\/carnaval2017_detail-300x176.jpg 300w, https:\/\/turismoburgos.digital\/wp-content\/uploads\/2022\/02\/carnaval2017_detail-768x450.jpg 768w, https:\/\/turismoburgos.digital\/wp-content\/uploads\/2022\/02\/carnaval2017_detail-389x228.jpg 389w, https:\/\/turismoburgos.digital\/wp-content\/uploads\/2022\/02\/carnaval2017_detail-414x243.jpg 414w, https:\/\/turismoburgos.digital\/wp-content\/uploads\/2022\/02\/carnaval2017_detail-800x469.jpg 800w, https:\/\/turismoburgos.digital\/wp-content\/uploads\/2022\/02\/carnaval2017_detail-512x300.jpg 512w\" sizes=\"(max-width: 990px) 100vw, 990px\" \/><\/figure><div class=\"wp-block-media-text__content\">\n<h2>CARNAVAL<\/h2>\n\n\n\n<figure class=\"wp-block-embed is-type-video is-provider-youtube wp-block-embed-youtube wp-embed-aspect-16-9 wp-has-aspect-ratio\"><div class=\"wp-block-embed__wrapper\">\n<iframe loading=\"lazy\" title=\"CARNAVAL BURGOS 2020 | Desfile y entierro de la Sardina, martes de Carnaval - BurgosOnlineTV\" width=\"1032\" height=\"581\" src=\"https:\/\/www.youtube.com\/embed\/5vsQvA_LZnE?feature=oembed\" frameborder=\"0\" allow=\"accelerometer; autoplay; clipboard-write; encrypted-media; gyroscope; picture-in-picture\" allowfullscreen><\/iframe>\n<\/div><\/figure>\n<\/div><\/div>\n\n\n\n<hr class=\"wp-block-separator\"\/>\n\n\n\n<div class=\"wp-block-media-text alignwide is-stacked-on-mobile\"><figure class=\"wp-block-media-text__media\"><img loading=\"lazy\" width=\"700\" height=\"394\" src=\"http:\/\/turismoburgos.digital\/wp-content\/uploads\/2022\/02\/Canto-de-las-Marzas.jpg\" alt=\"\" class=\"wp-image-596 size-full\" srcset=\"https:\/\/turismoburgos.digital\/wp-content\/uploads\/2022\/02\/Canto-de-las-Marzas.jpg 700w, https:\/\/turismoburgos.digital\/wp-content\/uploads\/2022\/02\/Canto-de-las-Marzas-300x169.jpg 300w, https:\/\/turismoburgos.digital\/wp-content\/uploads\/2022\/02\/Canto-de-las-Marzas-389x219.jpg 389w, https:\/\/turismoburgos.digital\/wp-content\/uploads\/2022\/02\/Canto-de-las-Marzas-414x233.jpg 414w, https:\/\/turismoburgos.digital\/wp-content\/uploads\/2022\/02\/Canto-de-las-Marzas-512x288.jpg 512w\" sizes=\"(max-width: 700px) 100vw, 700px\" \/><\/figure><div class=\"wp-block-media-text__content\">\n<p class=\"has-large-font-size\">28 de Febrero<\/p>\n\n\n\n<h2 id=\"28-de-febrero\">LAS MARZAS<\/h2>\n\n\n\n<figure class=\"wp-block-embed is-type-video is-provider-youtube wp-block-embed-youtube wp-embed-aspect-16-9 wp-has-aspect-ratio\"><div class=\"wp-block-embed__wrapper\">\n<iframe loading=\"lazy\" title=\"Las Marzas Burgos 2013\" width=\"1032\" height=\"581\" src=\"https:\/\/www.youtube.com\/embed\/PM30fUtJZBI?feature=oembed\" frameborder=\"0\" allow=\"accelerometer; autoplay; clipboard-write; encrypted-media; gyroscope; picture-in-picture\" allowfullscreen><\/iframe>\n<\/div><\/figure>\n<\/div><\/div>\n\n\n\n<hr class=\"wp-block-separator\"\/>\n\n\n\n<div class=\"wp-block-media-text alignwide is-stacked-on-mobile\"><figure class=\"wp-block-media-text__media\"><img loading=\"lazy\" width=\"644\" height=\"335\" src=\"http:\/\/turismoburgos.digital\/wp-content\/uploads\/2022\/02\/05C3D2C5-B5DA-263A-DF20837C84E4E62E.jpg\" alt=\"\" class=\"wp-image-597 size-full\" srcset=\"https:\/\/turismoburgos.digital\/wp-content\/uploads\/2022\/02\/05C3D2C5-B5DA-263A-DF20837C84E4E62E.jpg 644w, https:\/\/turismoburgos.digital\/wp-content\/uploads\/2022\/02\/05C3D2C5-B5DA-263A-DF20837C84E4E62E-300x156.jpg 300w, https:\/\/turismoburgos.digital\/wp-content\/uploads\/2022\/02\/05C3D2C5-B5DA-263A-DF20837C84E4E62E-389x202.jpg 389w, https:\/\/turismoburgos.digital\/wp-content\/uploads\/2022\/02\/05C3D2C5-B5DA-263A-DF20837C84E4E62E-414x215.jpg 414w, https:\/\/turismoburgos.digital\/wp-content\/uploads\/2022\/02\/05C3D2C5-B5DA-263A-DF20837C84E4E62E-512x266.jpg 512w\" sizes=\"(max-width: 644px) 100vw, 644px\" \/><\/figure><div class=\"wp-block-media-text__content\">\n<h2>SEMANA SANTA<\/h2>\n\n\n\n<figure class=\"wp-block-embed is-type-video is-provider-youtube wp-block-embed-youtube wp-embed-aspect-16-9 wp-has-aspect-ratio\"><div class=\"wp-block-embed__wrapper\">\n<iframe loading=\"lazy\" title=\"Procesi\u00f3n del Encuentro, Semana Santa Burgos 2015\" width=\"1032\" height=\"581\" src=\"https:\/\/www.youtube.com\/embed\/H_7YUghXwPM?feature=oembed\" frameborder=\"0\" allow=\"accelerometer; autoplay; clipboard-write; encrypted-media; gyroscope; picture-in-picture\" allowfullscreen><\/iframe>\n<\/div><\/figure>\n<\/div><\/div>\n\n\n\n<hr class=\"wp-block-separator\"\/>\n\n\n\n<div class=\"wp-block-media-text alignwide is-stacked-on-mobile\"><figure class=\"wp-block-media-text__media\"><img loading=\"lazy\" width=\"1024\" height=\"553\" src=\"http:\/\/turismoburgos.digital\/wp-content\/uploads\/2022\/02\/Cartel-Noche-Blanca-Burgos-1024x553.jpg\" alt=\"\" class=\"wp-image-598 size-full\" srcset=\"https:\/\/turismoburgos.digital\/wp-content\/uploads\/2022\/02\/Cartel-Noche-Blanca-Burgos-1024x553.jpg 1024w, https:\/\/turismoburgos.digital\/wp-content\/uploads\/2022\/02\/Cartel-Noche-Blanca-Burgos-300x162.jpg 300w, https:\/\/turismoburgos.digital\/wp-content\/uploads\/2022\/02\/Cartel-Noche-Blanca-Burgos-768x414.jpg 768w, https:\/\/turismoburgos.digital\/wp-content\/uploads\/2022\/02\/Cartel-Noche-Blanca-Burgos-389x210.jpg 389w, https:\/\/turismoburgos.digital\/wp-content\/uploads\/2022\/02\/Cartel-Noche-Blanca-Burgos-414x223.jpg 414w, https:\/\/turismoburgos.digital\/wp-content\/uploads\/2022\/02\/Cartel-Noche-Blanca-Burgos-800x432.jpg 800w, https:\/\/turismoburgos.digital\/wp-content\/uploads\/2022\/02\/Cartel-Noche-Blanca-Burgos-512x276.jpg 512w, https:\/\/turismoburgos.digital\/wp-content\/uploads\/2022\/02\/Cartel-Noche-Blanca-Burgos.jpg 1323w\" sizes=\"(max-width: 1024px) 100vw, 1024px\" \/><\/figure><div class=\"wp-block-media-text__content\">\n<p class=\"has-large-font-size\">Mayo<\/p>\n\n\n\n<h2 id=\"mayo\">LA NOCHE BLANCA<\/h2>\n\n\n\n<p><strong>El \u00faltimo fin de semana de Mayo la noche se viste de blanco&#8230; calles, parques, plazas, teatros, museos&#8230; abren sus puertas con decenas de propuestas culturales.<\/strong><\/p>\n\n\n\n<figure class=\"wp-block-embed is-type-video is-provider-youtube wp-block-embed-youtube wp-embed-aspect-16-9 wp-has-aspect-ratio\"><div class=\"wp-block-embed__wrapper\">\n<iframe loading=\"lazy\" title=\"Video Mapping Catedral de Burgos Noche Blanca 2017 Espa\u00f1a\" width=\"1032\" height=\"581\" src=\"https:\/\/www.youtube.com\/embed\/MUANJL9SjJo?feature=oembed\" frameborder=\"0\" allow=\"accelerometer; autoplay; clipboard-write; encrypted-media; gyroscope; picture-in-picture\" allowfullscreen><\/iframe>\n<\/div><\/figure>\n<\/div><\/div>\n\n\n\n<hr class=\"wp-block-separator\"\/>\n\n\n\n<div class=\"wp-block-media-text alignwide is-stacked-on-mobile\"><figure class=\"wp-block-media-text__media\"><img loading=\"lazy\" width=\"702\" height=\"336\" src=\"http:\/\/turismoburgos.digital\/wp-content\/uploads\/2022\/02\/curpillos-702x336-702x336-1.jpg\" alt=\"\" class=\"wp-image-599 size-full\" srcset=\"https:\/\/turismoburgos.digital\/wp-content\/uploads\/2022\/02\/curpillos-702x336-702x336-1.jpg 702w, https:\/\/turismoburgos.digital\/wp-content\/uploads\/2022\/02\/curpillos-702x336-702x336-1-300x144.jpg 300w, https:\/\/turismoburgos.digital\/wp-content\/uploads\/2022\/02\/curpillos-702x336-702x336-1-389x186.jpg 389w, https:\/\/turismoburgos.digital\/wp-content\/uploads\/2022\/02\/curpillos-702x336-702x336-1-414x198.jpg 414w, https:\/\/turismoburgos.digital\/wp-content\/uploads\/2022\/02\/curpillos-702x336-702x336-1-512x245.jpg 512w\" sizes=\"(max-width: 702px) 100vw, 702px\" \/><\/figure><div class=\"wp-block-media-text__content\">\n<p class=\"has-large-font-size\">Mayo<\/p>\n\n\n\n<h2 id=\"mayo-1\">CURPILLOS<\/h2>\n\n\n\n<figure class=\"wp-block-embed is-type-video is-provider-youtube wp-block-embed-youtube wp-embed-aspect-16-9 wp-has-aspect-ratio\"><div class=\"wp-block-embed__wrapper\">\n<iframe loading=\"lazy\" title=\"Fiesta del Curpillos en Burgos\" width=\"1032\" height=\"581\" src=\"https:\/\/www.youtube.com\/embed\/CcxAIF8vn8Q?feature=oembed\" frameborder=\"0\" allow=\"accelerometer; autoplay; clipboard-write; encrypted-media; gyroscope; picture-in-picture\" allowfullscreen><\/iframe>\n<\/div><\/figure>\n<\/div><\/div>\n\n\n\n<hr class=\"wp-block-separator\"\/>\n\n\n\n<div class=\"wp-block-media-text alignwide is-stacked-on-mobile\"><figure class=\"wp-block-media-text__media\"><img loading=\"lazy\" width=\"1000\" height=\"536\" src=\"http:\/\/turismoburgos.digital\/wp-content\/uploads\/2022\/02\/Programa-de-Fiestas-de-San-Pedro-en-Buros-2015-min.jpg\" alt=\"\" class=\"wp-image-600 size-full\" srcset=\"https:\/\/turismoburgos.digital\/wp-content\/uploads\/2022\/02\/Programa-de-Fiestas-de-San-Pedro-en-Buros-2015-min.jpg 1000w, https:\/\/turismoburgos.digital\/wp-content\/uploads\/2022\/02\/Programa-de-Fiestas-de-San-Pedro-en-Buros-2015-min-300x161.jpg 300w, https:\/\/turismoburgos.digital\/wp-content\/uploads\/2022\/02\/Programa-de-Fiestas-de-San-Pedro-en-Buros-2015-min-768x412.jpg 768w, https:\/\/turismoburgos.digital\/wp-content\/uploads\/2022\/02\/Programa-de-Fiestas-de-San-Pedro-en-Buros-2015-min-389x209.jpg 389w, https:\/\/turismoburgos.digital\/wp-content\/uploads\/2022\/02\/Programa-de-Fiestas-de-San-Pedro-en-Buros-2015-min-414x222.jpg 414w, https:\/\/turismoburgos.digital\/wp-content\/uploads\/2022\/02\/Programa-de-Fiestas-de-San-Pedro-en-Buros-2015-min-800x429.jpg 800w, https:\/\/turismoburgos.digital\/wp-content\/uploads\/2022\/02\/Programa-de-Fiestas-de-San-Pedro-en-Buros-2015-min-512x274.jpg 512w\" sizes=\"(max-width: 1000px) 100vw, 1000px\" \/><\/figure><div class=\"wp-block-media-text__content\">\n<p class=\"has-large-font-size\">29 de Junio<\/p>\n\n\n\n<h2 id=\"29-de-junio\">SAN PEDRO y SAN PABLO<\/h2>\n\n\n\n<p><strong>M\u00e1s conocidos como &#8220;los Sampedros&#8221; son las fiestas mayores de la cuidad.<\/strong><br><strong>M\u00e1s de una semana de actividades de todo tipo&#8230;.<\/strong><\/p>\n\n\n\n<figure class=\"wp-block-embed is-type-video is-provider-youtube wp-block-embed-youtube wp-embed-aspect-16-9 wp-has-aspect-ratio\"><div class=\"wp-block-embed__wrapper\">\n<iframe loading=\"lazy\" title=\"FIESTAS BURGOS 2019 |  Chupinazo, lanzamiento y colgada de la bota, 28 de junio - Burgos Online TV\" width=\"1032\" height=\"581\" src=\"https:\/\/www.youtube.com\/embed\/NGCJg039ibk?feature=oembed\" frameborder=\"0\" allow=\"accelerometer; autoplay; clipboard-write; encrypted-media; gyroscope; picture-in-picture\" allowfullscreen><\/iframe>\n<\/div><\/figure>\n<\/div><\/div>\n\n\n\n<hr class=\"wp-block-separator\"\/>\n\n\n\n<div class=\"wp-block-media-text alignwide is-stacked-on-mobile\"><figure class=\"wp-block-media-text__media\"><img loading=\"lazy\" width=\"1024\" height=\"768\" src=\"http:\/\/turismoburgos.digital\/wp-content\/uploads\/2022\/02\/FINDECIDIANO2017-P.jpg\" alt=\"\" class=\"wp-image-601 size-full\" srcset=\"https:\/\/turismoburgos.digital\/wp-content\/uploads\/2022\/02\/FINDECIDIANO2017-P.jpg 1024w, https:\/\/turismoburgos.digital\/wp-content\/uploads\/2022\/02\/FINDECIDIANO2017-P-300x225.jpg 300w, https:\/\/turismoburgos.digital\/wp-content\/uploads\/2022\/02\/FINDECIDIANO2017-P-768x576.jpg 768w, https:\/\/turismoburgos.digital\/wp-content\/uploads\/2022\/02\/FINDECIDIANO2017-P-389x292.jpg 389w, https:\/\/turismoburgos.digital\/wp-content\/uploads\/2022\/02\/FINDECIDIANO2017-P-414x311.jpg 414w, https:\/\/turismoburgos.digital\/wp-content\/uploads\/2022\/02\/FINDECIDIANO2017-P-800x600.jpg 800w, https:\/\/turismoburgos.digital\/wp-content\/uploads\/2022\/02\/FINDECIDIANO2017-P-512x384.jpg 512w\" sizes=\"(max-width: 1024px) 100vw, 1024px\" \/><\/figure><div class=\"wp-block-media-text__content\">\n<p class=\"has-large-font-size\">Septiembre \/ Octubre<\/p>\n\n\n\n<h2 id=\"septiembre-octubre\">FIN de SEMANA CIDIANO<\/h2>\n\n\n\n<figure class=\"wp-block-embed is-type-video is-provider-youtube wp-block-embed-youtube wp-embed-aspect-4-3 wp-has-aspect-ratio\"><div class=\"wp-block-embed__wrapper\">\n<iframe loading=\"lazy\" title=\"Fin de Semana Cidiano en Burgos\" width=\"1032\" height=\"774\" src=\"https:\/\/www.youtube.com\/embed\/-3n5vYcLE7c?feature=oembed\" frameborder=\"0\" allow=\"accelerometer; autoplay; clipboard-write; encrypted-media; gyroscope; picture-in-picture\" allowfullscreen><\/iframe>\n<\/div><\/figure>\n<\/div><\/div>\n\n\n\n<hr class=\"wp-block-separator\"\/>\n\n\n\n<div class=\"wp-block-media-text alignwide is-stacked-on-mobile\"><figure class=\"wp-block-media-text__media\"><img loading=\"lazy\" width=\"800\" height=\"503\" src=\"http:\/\/turismoburgos.digital\/wp-content\/uploads\/2022\/02\/54951_1.jpg\" alt=\"\" class=\"wp-image-602 size-full\" srcset=\"https:\/\/turismoburgos.digital\/wp-content\/uploads\/2022\/02\/54951_1.jpg 800w, https:\/\/turismoburgos.digital\/wp-content\/uploads\/2022\/02\/54951_1-300x189.jpg 300w, https:\/\/turismoburgos.digital\/wp-content\/uploads\/2022\/02\/54951_1-768x483.jpg 768w, https:\/\/turismoburgos.digital\/wp-content\/uploads\/2022\/02\/54951_1-389x245.jpg 389w, https:\/\/turismoburgos.digital\/wp-content\/uploads\/2022\/02\/54951_1-414x260.jpg 414w, https:\/\/turismoburgos.digital\/wp-content\/uploads\/2022\/02\/54951_1-512x322.jpg 512w\" sizes=\"(max-width: 800px) 100vw, 800px\" \/><\/figure><div class=\"wp-block-media-text__content\">\n<p class=\"has-large-font-size\">28 de Diciembre<\/p>\n\n\n\n<h2 id=\"28-de-diciembre\"><strong>EL OBISPILLO<\/strong><\/h2>\n\n\n\n<figure class=\"wp-block-embed is-type-video is-provider-youtube wp-block-embed-youtube wp-embed-aspect-16-9 wp-has-aspect-ratio\"><div class=\"wp-block-embed__wrapper\">\n<iframe loading=\"lazy\" title=\"El Obispillo recorre las calles de Burgos cumpliendo con una tradici\u00f3n del siglo XV\" width=\"1032\" height=\"581\" src=\"https:\/\/www.youtube.com\/embed\/1PlOZIapa28?feature=oembed\" frameborder=\"0\" allow=\"accelerometer; autoplay; clipboard-write; encrypted-media; gyroscope; picture-in-picture\" allowfullscreen><\/iframe>\n<\/div><\/figure>\n<\/div><\/div>\n\n\n\n<hr class=\"wp-block-separator\"\/>\n\n\n\n<hr class=\"wp-block-separator\"\/>\n","protected":false},"excerpt":{"rendered":"","protected":false},"author":1,"featured_media":1322,"parent":0,"menu_order":0,"comment_status":"closed","ping_status":"closed","template":"","meta":{"_monsterinsights_skip_tracking":false,"_monsterinsights_sitenote_active":false,"_monsterinsights_sitenote_note":"","_monsterinsights_sitenote_category":0},"_links":{"self":[{"href":"https:\/\/turismoburgos.digital\/index.php\/wp-json\/wp\/v2\/pages\/42"}],"collection":[{"href":"https:\/\/turismoburgos.digital\/index.php\/wp-json\/wp\/v2\/pages"}],"about":[{"href":"https:\/\/turismoburgos.digital\/index.php\/wp-json\/wp\/v2\/types\/page"}],"author":[{"embeddable":true,"href":"https:\/\/turismoburgos.digital\/index.php\/wp-json\/wp\/v2\/users\/1"}],"replies":[{"embeddable":true,"href":"https:\/\/turismoburgos.digital\/index.php\/wp-json\/wp\/v2\/comments?post=42"}],"version-history":[{"count":3,"href":"https:\/\/turismoburgos.digital\/index.php\/wp-json\/wp\/v2\/pages\/42\/revisions"}],"predecessor-version":[{"id":1430,"href":"https:\/\/turismoburgos.digital\/index.php\/wp-json\/wp\/v2\/pages\/42\/revisions\/1430"}],"wp:featuredmedia":[{"embeddable":true,"href":"https:\/\/turismoburgos.digital\/index.php\/wp-json\/wp\/v2\/media\/1322"}],"wp:attachment":[{"href":"https:\/\/turismoburgos.digital\/index.php\/wp-json\/wp\/v2\/media?parent=42"}],"curies":[{"name":"wp","href":"https:\/\/api.w.org\/{rel}","templated":true}]}}