{"id":360,"date":"2022-02-20T23:16:38","date_gmt":"2022-02-20T23:16:38","guid":{"rendered":"http:\/\/turismoburgos.digital\/?page_id=360"},"modified":"2022-03-28T20:05:54","modified_gmt":"2022-03-28T20:05:54","slug":"plaza-del-rey-san-fernando","status":"publish","type":"page","link":"https:\/\/turismoburgos.digital\/index.php\/plaza-del-rey-san-fernando\/","title":{"rendered":"Plaza del Rey San Fernando"},"content":{"rendered":"\n<hr class=\"wp-block-separator\"\/>\n\n\n\n<figure class=\"wp-block-image size-full is-resized\"><img loading=\"lazy\" src=\"http:\/\/turismoburgos.digital\/wp-content\/uploads\/2022\/02\/C52599F4-C5EE-1D23-DF8726687412BEA8.jpg\" alt=\"\" class=\"wp-image-1224\" width=\"1238\" height=\"765\" srcset=\"https:\/\/turismoburgos.digital\/wp-content\/uploads\/2022\/02\/C52599F4-C5EE-1D23-DF8726687412BEA8.jpg 644w, https:\/\/turismoburgos.digital\/wp-content\/uploads\/2022\/02\/C52599F4-C5EE-1D23-DF8726687412BEA8-300x185.jpg 300w, https:\/\/turismoburgos.digital\/wp-content\/uploads\/2022\/02\/C52599F4-C5EE-1D23-DF8726687412BEA8-389x240.jpg 389w, https:\/\/turismoburgos.digital\/wp-content\/uploads\/2022\/02\/C52599F4-C5EE-1D23-DF8726687412BEA8-414x255.jpg 414w, https:\/\/turismoburgos.digital\/wp-content\/uploads\/2022\/02\/C52599F4-C5EE-1D23-DF8726687412BEA8-512x316.jpg 512w\" sizes=\"(max-width: 1238px) 100vw, 1238px\" \/><figcaption>Plaza del Rey San Fernando<\/figcaption><\/figure>\n\n\n\n<hr class=\"wp-block-separator\"\/>\n\n\n\n<p><strong>Antiguamente Plaza del Sarmental y Plaza del Duque de la Victoria.<\/strong><br><strong>&nbsp;&nbsp;&nbsp;&nbsp;&nbsp;Est\u00e1 dedicada a Fernando III el Santo (1199-1252) con cuya protecci\u00f3n se construy\u00f3 la catedral a partir de 1221.<\/strong><br><strong>&nbsp;&nbsp;&nbsp;&nbsp;&nbsp;Antiguamente recibi\u00f3 el nombre de Plaza del Sarmental por abrirse a ella esta portada catedralicia.<\/strong><br><strong>&nbsp;&nbsp;&nbsp;&nbsp;&nbsp;En el siglo XIX tuvo el nombre de Plaza del Duque de la Victoria en honor del general Espartero.<\/strong><\/p>\n\n\n\n<hr class=\"wp-block-separator\"\/>\n\n\n\n<figure class=\"wp-block-gallery has-nested-images columns-default is-cropped\">\n<figure class=\"wp-block-image size-large\"><img loading=\"lazy\" width=\"1024\" height=\"680\" data-id=\"1227\"  src=\"http:\/\/turismoburgos.digital\/wp-content\/uploads\/2022\/02\/123996695.jpg\" alt=\"\" class=\"wp-image-1227\" srcset=\"https:\/\/turismoburgos.digital\/wp-content\/uploads\/2022\/02\/123996695.jpg 1024w, https:\/\/turismoburgos.digital\/wp-content\/uploads\/2022\/02\/123996695-300x199.jpg 300w, https:\/\/turismoburgos.digital\/wp-content\/uploads\/2022\/02\/123996695-768x510.jpg 768w, https:\/\/turismoburgos.digital\/wp-content\/uploads\/2022\/02\/123996695-389x258.jpg 389w, https:\/\/turismoburgos.digital\/wp-content\/uploads\/2022\/02\/123996695-414x275.jpg 414w, https:\/\/turismoburgos.digital\/wp-content\/uploads\/2022\/02\/123996695-800x531.jpg 800w, https:\/\/turismoburgos.digital\/wp-content\/uploads\/2022\/02\/123996695-512x340.jpg 512w\" sizes=\"(max-width: 1024px) 100vw, 1024px\" \/><\/figure>\n<\/figure>\n\n\n\n<figure class=\"wp-block-gallery has-nested-images columns-default is-cropped\">\n<figure class=\"wp-block-image size-large\"><img loading=\"lazy\" width=\"1024\" height=\"768\" data-id=\"1228\"  src=\"http:\/\/turismoburgos.digital\/wp-content\/uploads\/2022\/02\/P10105861-1024x768.jpg\" alt=\"\" class=\"wp-image-1228\" srcset=\"https:\/\/turismoburgos.digital\/wp-content\/uploads\/2022\/02\/P10105861-1024x768.jpg 1024w, https:\/\/turismoburgos.digital\/wp-content\/uploads\/2022\/02\/P10105861-300x225.jpg 300w, https:\/\/turismoburgos.digital\/wp-content\/uploads\/2022\/02\/P10105861-768x576.jpg 768w, https:\/\/turismoburgos.digital\/wp-content\/uploads\/2022\/02\/P10105861-1536x1152.jpg 1536w, https:\/\/turismoburgos.digital\/wp-content\/uploads\/2022\/02\/P10105861-389x292.jpg 389w, https:\/\/turismoburgos.digital\/wp-content\/uploads\/2022\/02\/P10105861-414x311.jpg 414w, https:\/\/turismoburgos.digital\/wp-content\/uploads\/2022\/02\/P10105861-800x600.jpg 800w, https:\/\/turismoburgos.digital\/wp-content\/uploads\/2022\/02\/P10105861-512x384.jpg 512w, https:\/\/turismoburgos.digital\/wp-content\/uploads\/2022\/02\/P10105861.jpg 1600w\" sizes=\"(max-width: 1024px) 100vw, 1024px\" \/><\/figure>\n<\/figure>\n\n\n\n<hr class=\"wp-block-separator\"\/>\n\n\n\n<figure class=\"wp-block-gallery has-nested-images columns-default is-cropped\">\n<figure class=\"wp-block-image size-large\"><img loading=\"lazy\" width=\"513\" height=\"426\" data-id=\"1230\"  src=\"http:\/\/turismoburgos.digital\/wp-content\/uploads\/2022\/02\/8309f01d102e4dc2c610cb08ba7f8b4d.jpg\" alt=\"\" class=\"wp-image-1230\" srcset=\"https:\/\/turismoburgos.digital\/wp-content\/uploads\/2022\/02\/8309f01d102e4dc2c610cb08ba7f8b4d.jpg 513w, https:\/\/turismoburgos.digital\/wp-content\/uploads\/2022\/02\/8309f01d102e4dc2c610cb08ba7f8b4d-300x249.jpg 300w, https:\/\/turismoburgos.digital\/wp-content\/uploads\/2022\/02\/8309f01d102e4dc2c610cb08ba7f8b4d-389x323.jpg 389w, https:\/\/turismoburgos.digital\/wp-content\/uploads\/2022\/02\/8309f01d102e4dc2c610cb08ba7f8b4d-414x344.jpg 414w\" sizes=\"(max-width: 513px) 100vw, 513px\" \/><\/figure>\n\n\n\n<figure class=\"wp-block-image size-large\"><img loading=\"lazy\" width=\"642\" height=\"507\" data-id=\"1229\"  src=\"http:\/\/turismoburgos.digital\/wp-content\/uploads\/2022\/02\/1531998478381plaza-rey-san-fernandodn.jpg\" alt=\"\" class=\"wp-image-1229\" srcset=\"https:\/\/turismoburgos.digital\/wp-content\/uploads\/2022\/02\/1531998478381plaza-rey-san-fernandodn.jpg 642w, https:\/\/turismoburgos.digital\/wp-content\/uploads\/2022\/02\/1531998478381plaza-rey-san-fernandodn-300x237.jpg 300w, https:\/\/turismoburgos.digital\/wp-content\/uploads\/2022\/02\/1531998478381plaza-rey-san-fernandodn-389x307.jpg 389w, https:\/\/turismoburgos.digital\/wp-content\/uploads\/2022\/02\/1531998478381plaza-rey-san-fernandodn-414x327.jpg 414w, https:\/\/turismoburgos.digital\/wp-content\/uploads\/2022\/02\/1531998478381plaza-rey-san-fernandodn-512x404.jpg 512w\" sizes=\"(max-width: 642px) 100vw, 642px\" \/><\/figure>\n<\/figure>\n\n\n\n<hr class=\"wp-block-separator\"\/>\n\n\n\n<p><strong>Plaza Rey San Fernando<\/strong><br><strong>09003 Burgos<\/strong><\/p>\n\n\n\n<hr class=\"wp-block-separator\"\/>\n\n\n\n<div class=\"wp-container-1 wp-block-buttons\">\n<div class=\"wp-block-button\"><a class=\"wp-block-button__link\" href=\"https:\/\/www.google.com\/maps\/place\/Pl.+Rey+San+Fernando,+09003+Burgos\/data=!4m2!3m1!1s0xd45fd29e9161111:0xe34ffdb3d9615804?sa=X&amp;ved=2ahUKEwjDwuqh7ZP2AhWsOOwKHTmTCjEQ8gF6BAgbEAE\" target=\"_blank\" rel=\"noreferrer noopener\">C\u00f3mo llegar<\/a><\/div>\n<\/div>\n\n\n\n<hr class=\"wp-block-separator\"\/>\n\n\n\n<hr class=\"wp-block-separator\"\/>\n","protected":false},"excerpt":{"rendered":"<p>Antiguamente Plaza del Sarmental y Plaza del Duque de la Victoria.&nbsp;&nbsp;&nbsp;&nbsp;&nbsp;Est\u00e1 dedicada a Fernando III el Santo (1199-1252) con cuya protecci\u00f3n se construy\u00f3 la catedral &hellip;<\/p>\n","protected":false},"author":1,"featured_media":1497,"parent":0,"menu_order":0,"comment_status":"closed","ping_status":"closed","template":"","meta":{"_monsterinsights_skip_tracking":false,"_monsterinsights_sitenote_active":false,"_monsterinsights_sitenote_note":"","_monsterinsights_sitenote_category":0},"_links":{"self":[{"href":"https:\/\/turismoburgos.digital\/index.php\/wp-json\/wp\/v2\/pages\/360"}],"collection":[{"href":"https:\/\/turismoburgos.digital\/index.php\/wp-json\/wp\/v2\/pages"}],"about":[{"href":"https:\/\/turismoburgos.digital\/index.php\/wp-json\/wp\/v2\/types\/page"}],"author":[{"embeddable":true,"href":"https:\/\/turismoburgos.digital\/index.php\/wp-json\/wp\/v2\/users\/1"}],"replies":[{"embeddable":true,"href":"https:\/\/turismoburgos.digital\/index.php\/wp-json\/wp\/v2\/comments?post=360"}],"version-history":[{"count":3,"href":"https:\/\/turismoburgos.digital\/index.php\/wp-json\/wp\/v2\/pages\/360\/revisions"}],"predecessor-version":[{"id":1232,"href":"https:\/\/turismoburgos.digital\/index.php\/wp-json\/wp\/v2\/pages\/360\/revisions\/1232"}],"wp:featuredmedia":[{"embeddable":true,"href":"https:\/\/turismoburgos.digital\/index.php\/wp-json\/wp\/v2\/media\/1497"}],"wp:attachment":[{"href":"https:\/\/turismoburgos.digital\/index.php\/wp-json\/wp\/v2\/media?parent=360"}],"curies":[{"name":"wp","href":"https:\/\/api.w.org\/{rel}","templated":true}]}}