{"id":343,"date":"2022-02-20T23:16:38","date_gmt":"2022-02-20T23:16:38","guid":{"rendered":"http:\/\/turismoburgos.digital\/?page_id=343"},"modified":"2022-03-28T19:30:03","modified_gmt":"2022-03-28T19:30:03","slug":"coliseum","status":"publish","type":"page","link":"https:\/\/turismoburgos.digital\/index.php\/coliseum\/","title":{"rendered":"Coliseum"},"content":{"rendered":"\n<hr class=\"wp-block-separator\"\/>\n\n\n\n<figure class=\"wp-block-image size-large is-resized\"><img loading=\"lazy\" src=\"http:\/\/turismoburgos.digital\/wp-content\/uploads\/2022\/02\/Plaza-de-Toros-Coliseum-Burgos-Riventi-03-1024x678.jpg\" alt=\"\" class=\"wp-image-1096\" width=\"1237\" height=\"819\" srcset=\"https:\/\/turismoburgos.digital\/wp-content\/uploads\/2022\/02\/Plaza-de-Toros-Coliseum-Burgos-Riventi-03-1024x678.jpg 1024w, https:\/\/turismoburgos.digital\/wp-content\/uploads\/2022\/02\/Plaza-de-Toros-Coliseum-Burgos-Riventi-03-300x199.jpg 300w, https:\/\/turismoburgos.digital\/wp-content\/uploads\/2022\/02\/Plaza-de-Toros-Coliseum-Burgos-Riventi-03-768x509.jpg 768w, https:\/\/turismoburgos.digital\/wp-content\/uploads\/2022\/02\/Plaza-de-Toros-Coliseum-Burgos-Riventi-03-389x258.jpg 389w, https:\/\/turismoburgos.digital\/wp-content\/uploads\/2022\/02\/Plaza-de-Toros-Coliseum-Burgos-Riventi-03-414x274.jpg 414w, https:\/\/turismoburgos.digital\/wp-content\/uploads\/2022\/02\/Plaza-de-Toros-Coliseum-Burgos-Riventi-03-800x530.jpg 800w, https:\/\/turismoburgos.digital\/wp-content\/uploads\/2022\/02\/Plaza-de-Toros-Coliseum-Burgos-Riventi-03-512x339.jpg 512w, https:\/\/turismoburgos.digital\/wp-content\/uploads\/2022\/02\/Plaza-de-Toros-Coliseum-Burgos-Riventi-03.jpg 1110w\" sizes=\"(max-width: 1237px) 100vw, 1237px\" \/><figcaption>Coliseum<\/figcaption><\/figure>\n\n\n\n<hr class=\"wp-block-separator\"\/>\n\n\n\n<p><strong>Es un coso taurino inaugurado en su origen en el a\u00f1o 1967 y remodelado en 2015 para cumplir la funci\u00f3n de pabell\u00f3n multiusos (taurino, deportivo, conciertos y otras actividades).<\/strong><br><strong>&nbsp;&nbsp;&nbsp;&nbsp;&nbsp;Contaba en sus inicios con un aforo de m\u00e1s de 12.000 espectadores y, tras la remodelaci\u00f3n, el aforo actualmente var\u00eda seg\u00fan el uso de la instalaci\u00f3n, hasta un m\u00e1ximo de casi 9.500 personas.<\/strong><\/p>\n\n\n\n<hr class=\"wp-block-separator\"\/>\n\n\n\n<figure class=\"wp-block-image size-full is-resized\"><img loading=\"lazy\" src=\"http:\/\/turismoburgos.digital\/wp-content\/uploads\/2022\/02\/150549064695521728202_992223227586443_9077885919306254633_ndn.jpg\" alt=\"\" class=\"wp-image-1097\" width=\"1241\" height=\"809\" srcset=\"https:\/\/turismoburgos.digital\/wp-content\/uploads\/2022\/02\/150549064695521728202_992223227586443_9077885919306254633_ndn.jpg 642w, https:\/\/turismoburgos.digital\/wp-content\/uploads\/2022\/02\/150549064695521728202_992223227586443_9077885919306254633_ndn-300x195.jpg 300w, https:\/\/turismoburgos.digital\/wp-content\/uploads\/2022\/02\/150549064695521728202_992223227586443_9077885919306254633_ndn-389x253.jpg 389w, https:\/\/turismoburgos.digital\/wp-content\/uploads\/2022\/02\/150549064695521728202_992223227586443_9077885919306254633_ndn-414x270.jpg 414w, https:\/\/turismoburgos.digital\/wp-content\/uploads\/2022\/02\/150549064695521728202_992223227586443_9077885919306254633_ndn-512x333.jpg 512w\" sizes=\"(max-width: 1241px) 100vw, 1241px\" \/><\/figure>\n\n\n\n<div class=\"wp-block-media-text alignwide is-stacked-on-mobile\"><figure class=\"wp-block-media-text__media\"><img loading=\"lazy\" width=\"644\" height=\"412\" src=\"http:\/\/turismoburgos.digital\/wp-content\/uploads\/2022\/02\/567DFB33-99BF-4350-1B065B3B3E06E994.jpg\" alt=\"\" class=\"wp-image-1098 size-full\" srcset=\"https:\/\/turismoburgos.digital\/wp-content\/uploads\/2022\/02\/567DFB33-99BF-4350-1B065B3B3E06E994.jpg 644w, https:\/\/turismoburgos.digital\/wp-content\/uploads\/2022\/02\/567DFB33-99BF-4350-1B065B3B3E06E994-300x192.jpg 300w, https:\/\/turismoburgos.digital\/wp-content\/uploads\/2022\/02\/567DFB33-99BF-4350-1B065B3B3E06E994-389x249.jpg 389w, https:\/\/turismoburgos.digital\/wp-content\/uploads\/2022\/02\/567DFB33-99BF-4350-1B065B3B3E06E994-414x265.jpg 414w, https:\/\/turismoburgos.digital\/wp-content\/uploads\/2022\/02\/567DFB33-99BF-4350-1B065B3B3E06E994-512x328.jpg 512w\" sizes=\"(max-width: 644px) 100vw, 644px\" \/><\/figure><div class=\"wp-block-media-text__content\">\n<p><strong>Anteriormente al coso de El Plant\u00edo, la plaza de toros de la ciudad estaba situada junto a la actual plaza de Espa\u00f1a y la avenida del Cid y era conocida como plaza de toros de Los Vadillos<\/strong>.<\/p>\n\n\n\n<figure class=\"wp-block-image size-full\"><img loading=\"lazy\" width=\"600\" height=\"450\" src=\"http:\/\/turismoburgos.digital\/wp-content\/uploads\/2022\/02\/B3ZrHHtIEAAv-94.jpg\" alt=\"\" class=\"wp-image-1099\" srcset=\"https:\/\/turismoburgos.digital\/wp-content\/uploads\/2022\/02\/B3ZrHHtIEAAv-94.jpg 600w, https:\/\/turismoburgos.digital\/wp-content\/uploads\/2022\/02\/B3ZrHHtIEAAv-94-300x225.jpg 300w, https:\/\/turismoburgos.digital\/wp-content\/uploads\/2022\/02\/B3ZrHHtIEAAv-94-389x292.jpg 389w, https:\/\/turismoburgos.digital\/wp-content\/uploads\/2022\/02\/B3ZrHHtIEAAv-94-414x311.jpg 414w, https:\/\/turismoburgos.digital\/wp-content\/uploads\/2022\/02\/B3ZrHHtIEAAv-94-512x384.jpg 512w\" sizes=\"(max-width: 600px) 100vw, 600px\" \/><\/figure>\n<\/div><\/div>\n\n\n\n<div class=\"wp-block-media-text alignwide is-stacked-on-mobile\"><figure class=\"wp-block-media-text__media\"><img loading=\"lazy\" width=\"650\" height=\"430\" src=\"http:\/\/turismoburgos.digital\/wp-content\/uploads\/2022\/02\/rgos.jpg\" alt=\"\" class=\"wp-image-1100 size-full\" srcset=\"https:\/\/turismoburgos.digital\/wp-content\/uploads\/2022\/02\/rgos.jpg 650w, https:\/\/turismoburgos.digital\/wp-content\/uploads\/2022\/02\/rgos-300x198.jpg 300w, https:\/\/turismoburgos.digital\/wp-content\/uploads\/2022\/02\/rgos-389x257.jpg 389w, https:\/\/turismoburgos.digital\/wp-content\/uploads\/2022\/02\/rgos-414x274.jpg 414w, https:\/\/turismoburgos.digital\/wp-content\/uploads\/2022\/02\/rgos-512x339.jpg 512w\" sizes=\"(max-width: 650px) 100vw, 650px\" \/><\/figure><div class=\"wp-block-media-text__content\">\n<p><strong>En abril de 2013 se opt\u00f3 por hacer una profunda remodelaci\u00f3n, consolidando y adaptando la estructura de la antigua plaza de toros y convirti\u00e9ndola as\u00ed en una instalaci\u00f3n multiusos, cambiando el nombre de Plaza de Toros del Plant\u00edo por el nombre de Coliseum Burgos, aunque los burgaleses usan ambos nombres.<\/strong><\/p>\n<\/div><\/div>\n\n\n\n<hr class=\"wp-block-separator\"\/>\n\n\n\n<figure class=\"wp-block-image size-full is-resized\"><img loading=\"lazy\" src=\"http:\/\/turismoburgos.digital\/wp-content\/uploads\/2022\/02\/1C01EB9F-92AF-C17B-3404CAE89325778C.jpg\" alt=\"\" class=\"wp-image-1102\" width=\"1239\" height=\"743\" srcset=\"https:\/\/turismoburgos.digital\/wp-content\/uploads\/2022\/02\/1C01EB9F-92AF-C17B-3404CAE89325778C.jpg 644w, https:\/\/turismoburgos.digital\/wp-content\/uploads\/2022\/02\/1C01EB9F-92AF-C17B-3404CAE89325778C-300x180.jpg 300w, https:\/\/turismoburgos.digital\/wp-content\/uploads\/2022\/02\/1C01EB9F-92AF-C17B-3404CAE89325778C-389x233.jpg 389w, https:\/\/turismoburgos.digital\/wp-content\/uploads\/2022\/02\/1C01EB9F-92AF-C17B-3404CAE89325778C-414x248.jpg 414w, https:\/\/turismoburgos.digital\/wp-content\/uploads\/2022\/02\/1C01EB9F-92AF-C17B-3404CAE89325778C-512x307.jpg 512w\" sizes=\"(max-width: 1239px) 100vw, 1239px\" \/><figcaption>Inauguraci\u00f3n del Coliseum el 27 de Junio de 2015<\/figcaption><\/figure>\n\n\n\n<p><strong>&nbsp;La inauguraci\u00f3n del Coliseum Burgos se produjo el 27 de junio de 2015 con la primera corrida de toros de la Feria de Sampedros 2015. La terna de toreros estuvo formada por Enrique Ponce, Juli\u00e1n L\u00f3pez &#8220;El Juli&#8221; y Alejandro Tavalante que lidiaron toros de la Ganader\u00eda burgalesa de Antonio Ba\u00f1uelos.<\/strong><\/p>\n\n\n\n<hr class=\"wp-block-separator\"\/>\n\n\n\n<p><strong>Calle la Chopera<\/strong><br><strong>09006 Burgos<\/strong><\/p>\n\n\n\n<p><strong>947 22 25 53<\/strong><\/p>\n\n\n\n<p><a href=\"https:\/\/es.wikipedia.org\/wiki\/Coliseum_Burgos\" target=\"_blank\" rel=\"noreferrer noopener\">https:\/\/es.wikipedia.org\/wiki\/Coliseum_Burgos<\/a><\/p>\n\n\n\n<hr class=\"wp-block-separator\"\/>\n\n\n\n<div class=\"wp-container-1 wp-block-buttons\">\n<div class=\"wp-block-button\"><a class=\"wp-block-button__link\" href=\"https:\/\/www.google.com\/maps\/place\/Coliseum+Burgos\/@42.3444325,-3.6783459,15z\/data=!4m2!3m1!1s0x0:0xb4f87e2ef79894d7?sa=X&amp;ved=2ahUKEwiG0I2et5P2AhUix4UKHR-fDLsQ_BJ6BAgqEAU\" target=\"_blank\" rel=\"noreferrer noopener\">C\u00f3mo llegar<\/a><\/div>\n<\/div>\n\n\n\n<hr class=\"wp-block-separator\"\/>\n\n\n\n<hr class=\"wp-block-separator\"\/>\n","protected":false},"excerpt":{"rendered":"<p>Es un coso taurino inaugurado en su origen en el a\u00f1o 1967 y remodelado en 2015 para cumplir la funci\u00f3n de pabell\u00f3n multiusos (taurino, deportivo, &hellip;<\/p>\n","protected":false},"author":1,"featured_media":1467,"parent":0,"menu_order":0,"comment_status":"closed","ping_status":"closed","template":"","meta":{"_monsterinsights_skip_tracking":false,"_monsterinsights_sitenote_active":false,"_monsterinsights_sitenote_note":"","_monsterinsights_sitenote_category":0},"_links":{"self":[{"href":"https:\/\/turismoburgos.digital\/index.php\/wp-json\/wp\/v2\/pages\/343"}],"collection":[{"href":"https:\/\/turismoburgos.digital\/index.php\/wp-json\/wp\/v2\/pages"}],"about":[{"href":"https:\/\/turismoburgos.digital\/index.php\/wp-json\/wp\/v2\/types\/page"}],"author":[{"embeddable":true,"href":"https:\/\/turismoburgos.digital\/index.php\/wp-json\/wp\/v2\/users\/1"}],"replies":[{"embeddable":true,"href":"https:\/\/turismoburgos.digital\/index.php\/wp-json\/wp\/v2\/comments?post=343"}],"version-history":[{"count":3,"href":"https:\/\/turismoburgos.digital\/index.php\/wp-json\/wp\/v2\/pages\/343\/revisions"}],"predecessor-version":[{"id":1104,"href":"https:\/\/turismoburgos.digital\/index.php\/wp-json\/wp\/v2\/pages\/343\/revisions\/1104"}],"wp:featuredmedia":[{"embeddable":true,"href":"https:\/\/turismoburgos.digital\/index.php\/wp-json\/wp\/v2\/media\/1467"}],"wp:attachment":[{"href":"https:\/\/turismoburgos.digital\/index.php\/wp-json\/wp\/v2\/media?parent=343"}],"curies":[{"name":"wp","href":"https:\/\/api.w.org\/{rel}","templated":true}]}}

<hr class="wp-block-separator"/>



<figure class="wp-block-image size-large is-resized"><img loading="lazy" src="http://turismoburgos.digital/wp-content/uploads/2022/02/Plaza-de-Toros-Coliseum-Burgos-Riventi-03-1024x678.jpg" alt="" class="wp-image-1096" width="1237" height="819" srcset="https://turismoburgos.digital/wp-content/uploads/2022/02/Plaza-de-Toros-Coliseum-Burgos-Riventi-03-1024x678.jpg 1024w, https://turismoburgos.digital/wp-content/uploads/2022/02/Plaza-de-Toros-Coliseum-Burgos-Riventi-03-300x199.jpg 300w, https://turismoburgos.digital/wp-content/uploads/2022/02/Plaza-de-Toros-Coliseum-Burgos-Riventi-03-768x509.jpg 768w, https://turismoburgos.digital/wp-content/uploads/2022/02/Plaza-de-Toros-Coliseum-Burgos-Riventi-03-389x258.jpg 389w, https://turismoburgos.digital/wp-content/uploads/2022/02/Plaza-de-Toros-Coliseum-Burgos-Riventi-03-414x274.jpg 414w, https://turismoburgos.digital/wp-content/uploads/2022/02/Plaza-de-Toros-Coliseum-Burgos-Riventi-03-800x530.jpg 800w, https://turismoburgos.digital/wp-content/uploads/2022/02/Plaza-de-Toros-Coliseum-Burgos-Riventi-03-512x339.jpg 512w, https://turismoburgos.digital/wp-content/uploads/2022/02/Plaza-de-Toros-Coliseum-Burgos-Riventi-03.jpg 1110w" sizes="(max-width: 1237px) 100vw, 1237px" /><figcaption>Coliseum</figcaption></figure>



<hr class="wp-block-separator"/>



<p><strong>Es un coso taurino inaugurado en su origen en el año 1967 y remodelado en 2015 para cumplir la función de pabellón multiusos (taurino, deportivo, conciertos y otras actividades).</strong><br><strong>&nbsp;&nbsp;&nbsp;&nbsp;&nbsp;Contaba en sus inicios con un aforo de más de 12.000 espectadores y, tras la remodelación, el aforo actualmente varía según el uso de la instalación, hasta un máximo de casi 9.500 personas.</strong></p>



<hr class="wp-block-separator"/>



<figure class="wp-block-image size-full is-resized"><img loading="lazy" src="http://turismoburgos.digital/wp-content/uploads/2022/02/150549064695521728202_992223227586443_9077885919306254633_ndn.jpg" alt="" class="wp-image-1097" width="1241" height="809" srcset="https://turismoburgos.digital/wp-content/uploads/2022/02/150549064695521728202_992223227586443_9077885919306254633_ndn.jpg 642w, https://turismoburgos.digital/wp-content/uploads/2022/02/150549064695521728202_992223227586443_9077885919306254633_ndn-300x195.jpg 300w, https://turismoburgos.digital/wp-content/uploads/2022/02/150549064695521728202_992223227586443_9077885919306254633_ndn-389x253.jpg 389w, https://turismoburgos.digital/wp-content/uploads/2022/02/150549064695521728202_992223227586443_9077885919306254633_ndn-414x270.jpg 414w, https://turismoburgos.digital/wp-content/uploads/2022/02/150549064695521728202_992223227586443_9077885919306254633_ndn-512x333.jpg 512w" sizes="(max-width: 1241px) 100vw, 1241px" /></figure>



<div class="wp-block-media-text alignwide is-stacked-on-mobile"><figure class="wp-block-media-text__media"><img loading="lazy" width="644" height="412" src="http://turismoburgos.digital/wp-content/uploads/2022/02/567DFB33-99BF-4350-1B065B3B3E06E994.jpg" alt="" class="wp-image-1098 size-full" srcset="https://turismoburgos.digital/wp-content/uploads/2022/02/567DFB33-99BF-4350-1B065B3B3E06E994.jpg 644w, https://turismoburgos.digital/wp-content/uploads/2022/02/567DFB33-99BF-4350-1B065B3B3E06E994-300x192.jpg 300w, https://turismoburgos.digital/wp-content/uploads/2022/02/567DFB33-99BF-4350-1B065B3B3E06E994-389x249.jpg 389w, https://turismoburgos.digital/wp-content/uploads/2022/02/567DFB33-99BF-4350-1B065B3B3E06E994-414x265.jpg 414w, https://turismoburgos.digital/wp-content/uploads/2022/02/567DFB33-99BF-4350-1B065B3B3E06E994-512x328.jpg 512w" sizes="(max-width: 644px) 100vw, 644px" /></figure><div class="wp-block-media-text__content">
<p><strong>Anteriormente al coso de El Plantío, la plaza de toros de la ciudad estaba situada junto a la actual plaza de España y la avenida del Cid y era conocida como plaza de toros de Los Vadillos</strong>.</p>



<figure class="wp-block-image size-full"><img loading="lazy" width="600" height="450" src="http://turismoburgos.digital/wp-content/uploads/2022/02/B3ZrHHtIEAAv-94.jpg" alt="" class="wp-image-1099" srcset="https://turismoburgos.digital/wp-content/uploads/2022/02/B3ZrHHtIEAAv-94.jpg 600w, https://turismoburgos.digital/wp-content/uploads/2022/02/B3ZrHHtIEAAv-94-300x225.jpg 300w, https://turismoburgos.digital/wp-content/uploads/2022/02/B3ZrHHtIEAAv-94-389x292.jpg 389w, https://turismoburgos.digital/wp-content/uploads/2022/02/B3ZrHHtIEAAv-94-414x311.jpg 414w, https://turismoburgos.digital/wp-content/uploads/2022/02/B3ZrHHtIEAAv-94-512x384.jpg 512w" sizes="(max-width: 600px) 100vw, 600px" /></figure>
</div></div>



<div class="wp-block-media-text alignwide is-stacked-on-mobile"><figure class="wp-block-media-text__media"><img loading="lazy" width="650" height="430" src="http://turismoburgos.digital/wp-content/uploads/2022/02/rgos.jpg" alt="" class="wp-image-1100 size-full" srcset="https://turismoburgos.digital/wp-content/uploads/2022/02/rgos.jpg 650w, https://turismoburgos.digital/wp-content/uploads/2022/02/rgos-300x198.jpg 300w, https://turismoburgos.digital/wp-content/uploads/2022/02/rgos-389x257.jpg 389w, https://turismoburgos.digital/wp-content/uploads/2022/02/rgos-414x274.jpg 414w, https://turismoburgos.digital/wp-content/uploads/2022/02/rgos-512x339.jpg 512w" sizes="(max-width: 650px) 100vw, 650px" /></figure><div class="wp-block-media-text__content">
<p><strong>En abril de 2013 se optó por hacer una profunda remodelación, consolidando y adaptando la estructura de la antigua plaza de toros y convirtiéndola así en una instalación multiusos, cambiando el nombre de Plaza de Toros del Plantío por el nombre de Coliseum Burgos, aunque los burgaleses usan ambos nombres.</strong></p>
</div></div>



<hr class="wp-block-separator"/>



<figure class="wp-block-image size-full is-resized"><img loading="lazy" src="http://turismoburgos.digital/wp-content/uploads/2022/02/1C01EB9F-92AF-C17B-3404CAE89325778C.jpg" alt="" class="wp-image-1102" width="1239" height="743" srcset="https://turismoburgos.digital/wp-content/uploads/2022/02/1C01EB9F-92AF-C17B-3404CAE89325778C.jpg 644w, https://turismoburgos.digital/wp-content/uploads/2022/02/1C01EB9F-92AF-C17B-3404CAE89325778C-300x180.jpg 300w, https://turismoburgos.digital/wp-content/uploads/2022/02/1C01EB9F-92AF-C17B-3404CAE89325778C-389x233.jpg 389w, https://turismoburgos.digital/wp-content/uploads/2022/02/1C01EB9F-92AF-C17B-3404CAE89325778C-414x248.jpg 414w, https://turismoburgos.digital/wp-content/uploads/2022/02/1C01EB9F-92AF-C17B-3404CAE89325778C-512x307.jpg 512w" sizes="(max-width: 1239px) 100vw, 1239px" /><figcaption>Inauguración del Coliseum el 27 de Junio de 2015</figcaption></figure>



<p><strong>&nbsp;La inauguración del Coliseum Burgos se produjo el 27 de junio de 2015 con la primera corrida de toros de la Feria de Sampedros 2015. La terna de toreros estuvo formada por Enrique Ponce, Julián López &#8220;El Juli&#8221; y Alejandro Tavalante que lidiaron toros de la Ganadería burgalesa de Antonio Bañuelos.</strong></p>



<hr class="wp-block-separator"/>



<p><strong>Calle la Chopera</strong><br><strong>09006 Burgos</strong></p>



<p><strong>947 22 25 53</strong></p>



<p><a href="https://es.wikipedia.org/wiki/Coliseum_Burgos" target="_blank" rel="noreferrer noopener">https://es.wikipedia.org/wiki/Coliseum_Burgos</a></p>



<hr class="wp-block-separator"/>



<div class="wp-container-1 wp-block-buttons">
<div class="wp-block-button"><a class="wp-block-button__link" href="https://www.google.com/maps/place/Coliseum+Burgos/@42.3444325,-3.6783459,15z/data=!4m2!3m1!1s0x0:0xb4f87e2ef79894d7?sa=X&amp;ved=2ahUKEwiG0I2et5P2AhUix4UKHR-fDLsQ_BJ6BAgqEAU" target="_blank" rel="noreferrer noopener">Cómo llegar</a></div>
</div>



<hr class="wp-block-separator"/>



<hr class="wp-block-separator"/>

<p>Es un coso taurino inaugurado en su origen en el año 1967 y remodelado en 2015 para cumplir la función de pabellón multiusos (taurino, deportivo, &hellip;</p>
