{"id":341,"date":"2022-02-20T23:16:38","date_gmt":"2022-02-20T23:16:38","guid":{"rendered":"http:\/\/turismoburgos.digital\/?page_id=341"},"modified":"2022-03-28T19:26:51","modified_gmt":"2022-03-28T19:26:51","slug":"centro-cultural-la-estacion","status":"publish","type":"page","link":"https:\/\/turismoburgos.digital\/index.php\/centro-cultural-la-estacion\/","title":{"rendered":"Centro Cultural La Estaci\u00f3n"},"content":{"rendered":"\n<hr class=\"wp-block-separator\"\/>\n\n\n\n<figure class=\"wp-block-image size-full is-resized\"><img loading=\"lazy\" src=\"http:\/\/turismoburgos.digital\/wp-content\/uploads\/2022\/02\/estacion-antigua-kSVD-U5065511910uYH-624x385@Burgosconecta-1.jpg\" alt=\"\" class=\"wp-image-1075\" width=\"1241\" height=\"767\" srcset=\"https:\/\/turismoburgos.digital\/wp-content\/uploads\/2022\/02\/estacion-antigua-kSVD-U5065511910uYH-624x385@Burgosconecta-1.jpg 624w, https:\/\/turismoburgos.digital\/wp-content\/uploads\/2022\/02\/estacion-antigua-kSVD-U5065511910uYH-624x385@Burgosconecta-1-300x185.jpg 300w, https:\/\/turismoburgos.digital\/wp-content\/uploads\/2022\/02\/estacion-antigua-kSVD-U5065511910uYH-624x385@Burgosconecta-1-389x240.jpg 389w, https:\/\/turismoburgos.digital\/wp-content\/uploads\/2022\/02\/estacion-antigua-kSVD-U5065511910uYH-624x385@Burgosconecta-1-414x255.jpg 414w, https:\/\/turismoburgos.digital\/wp-content\/uploads\/2022\/02\/estacion-antigua-kSVD-U5065511910uYH-624x385@Burgosconecta-1-512x316.jpg 512w\" sizes=\"(max-width: 1241px) 100vw, 1241px\" \/><figcaption>Centro Cultural La Estaci\u00f3n<\/figcaption><\/figure>\n\n\n\n<hr class=\"wp-block-separator\"\/>\n\n\n\n<p><strong>Espacio de Ocio Infantil, Juvenil y Nuevas Tecnolog\u00edas en la antigua Estaci\u00f3n de Ferrocarriles de Burgos<\/strong><br><strong>&nbsp;&nbsp;&nbsp;&nbsp;&nbsp;Tras la rehabilitaci\u00f3n del edificio de la Antigua Estaci\u00f3n de Trenes, se ha creado un nuevo Espacio de ocio infantil y juvenil en la ciudad de Burgos.<\/strong><br><strong>&nbsp;&nbsp;&nbsp;&nbsp;&nbsp;Este nuevo Espacio combina lo l\u00fadico con lo educativo, los medios de ocio tradicional y los m\u00e1s modernos, el ocio orientado hacia el aprendizaje y el est\u00edmulo de la creatividad y todo ello, bajo la premisa de la polivalencia, multifuncionalidad y adaptabilidad de los espacios para dotarles de la mayor versatilidad posible. Se trata en suma de un espacio creativo en s\u00ed mismo y en cuanto a objetivos.<\/strong><\/p>\n\n\n\n<hr class=\"wp-block-separator\"\/>\n\n\n\n<figure class=\"wp-block-gallery has-nested-images columns-default is-cropped\">\n<figure class=\"wp-block-image size-large\"><img loading=\"lazy\" width=\"516\" height=\"445\" data-id=\"1077\"  src=\"http:\/\/turismoburgos.digital\/wp-content\/uploads\/2022\/02\/2018-01-31-1.png\" alt=\"\" class=\"wp-image-1077\" srcset=\"https:\/\/turismoburgos.digital\/wp-content\/uploads\/2022\/02\/2018-01-31-1.png 516w, https:\/\/turismoburgos.digital\/wp-content\/uploads\/2022\/02\/2018-01-31-1-300x259.png 300w, https:\/\/turismoburgos.digital\/wp-content\/uploads\/2022\/02\/2018-01-31-1-389x335.png 389w, https:\/\/turismoburgos.digital\/wp-content\/uploads\/2022\/02\/2018-01-31-1-414x357.png 414w, https:\/\/turismoburgos.digital\/wp-content\/uploads\/2022\/02\/2018-01-31-1-512x442.png 512w\" sizes=\"(max-width: 516px) 100vw, 516px\" \/><\/figure>\n\n\n\n<figure class=\"wp-block-image size-large\"><img loading=\"lazy\" width=\"578\" height=\"452\" data-id=\"1081\"  src=\"http:\/\/turismoburgos.digital\/wp-content\/uploads\/2022\/02\/2018-01-31-2.png\" alt=\"\" class=\"wp-image-1081\" srcset=\"https:\/\/turismoburgos.digital\/wp-content\/uploads\/2022\/02\/2018-01-31-2.png 578w, https:\/\/turismoburgos.digital\/wp-content\/uploads\/2022\/02\/2018-01-31-2-300x235.png 300w, https:\/\/turismoburgos.digital\/wp-content\/uploads\/2022\/02\/2018-01-31-2-389x304.png 389w, https:\/\/turismoburgos.digital\/wp-content\/uploads\/2022\/02\/2018-01-31-2-414x324.png 414w, https:\/\/turismoburgos.digital\/wp-content\/uploads\/2022\/02\/2018-01-31-2-512x400.png 512w\" sizes=\"(max-width: 578px) 100vw, 578px\" \/><\/figure>\n\n\n\n<figure class=\"wp-block-image size-large\"><img loading=\"lazy\" width=\"624\" height=\"447\" data-id=\"1080\"  src=\"http:\/\/turismoburgos.digital\/wp-content\/uploads\/2022\/02\/2018-01-31-3.png\" alt=\"\" class=\"wp-image-1080\" srcset=\"https:\/\/turismoburgos.digital\/wp-content\/uploads\/2022\/02\/2018-01-31-3.png 624w, https:\/\/turismoburgos.digital\/wp-content\/uploads\/2022\/02\/2018-01-31-3-300x215.png 300w, https:\/\/turismoburgos.digital\/wp-content\/uploads\/2022\/02\/2018-01-31-3-389x279.png 389w, https:\/\/turismoburgos.digital\/wp-content\/uploads\/2022\/02\/2018-01-31-3-414x297.png 414w, https:\/\/turismoburgos.digital\/wp-content\/uploads\/2022\/02\/2018-01-31-3-512x367.png 512w\" sizes=\"(max-width: 624px) 100vw, 624px\" \/><\/figure>\n\n\n\n<figure class=\"wp-block-image size-large\"><img loading=\"lazy\" width=\"771\" height=\"450\" data-id=\"1079\"  src=\"http:\/\/turismoburgos.digital\/wp-content\/uploads\/2022\/02\/2018-01-31-4.png\" alt=\"\" class=\"wp-image-1079\" srcset=\"https:\/\/turismoburgos.digital\/wp-content\/uploads\/2022\/02\/2018-01-31-4.png 771w, https:\/\/turismoburgos.digital\/wp-content\/uploads\/2022\/02\/2018-01-31-4-300x175.png 300w, https:\/\/turismoburgos.digital\/wp-content\/uploads\/2022\/02\/2018-01-31-4-768x448.png 768w, https:\/\/turismoburgos.digital\/wp-content\/uploads\/2022\/02\/2018-01-31-4-389x227.png 389w, https:\/\/turismoburgos.digital\/wp-content\/uploads\/2022\/02\/2018-01-31-4-414x242.png 414w, https:\/\/turismoburgos.digital\/wp-content\/uploads\/2022\/02\/2018-01-31-4-512x299.png 512w\" sizes=\"(max-width: 771px) 100vw, 771px\" \/><\/figure>\n\n\n\n<figure class=\"wp-block-image size-large\"><img loading=\"lazy\" width=\"630\" height=\"354\" data-id=\"1082\"  src=\"http:\/\/turismoburgos.digital\/wp-content\/uploads\/2022\/02\/antigua-estacion-de-tren-Agosto-2017.jpg\" alt=\"\" class=\"wp-image-1082\" srcset=\"https:\/\/turismoburgos.digital\/wp-content\/uploads\/2022\/02\/antigua-estacion-de-tren-Agosto-2017.jpg 630w, https:\/\/turismoburgos.digital\/wp-content\/uploads\/2022\/02\/antigua-estacion-de-tren-Agosto-2017-300x169.jpg 300w, https:\/\/turismoburgos.digital\/wp-content\/uploads\/2022\/02\/antigua-estacion-de-tren-Agosto-2017-389x219.jpg 389w, https:\/\/turismoburgos.digital\/wp-content\/uploads\/2022\/02\/antigua-estacion-de-tren-Agosto-2017-414x233.jpg 414w, https:\/\/turismoburgos.digital\/wp-content\/uploads\/2022\/02\/antigua-estacion-de-tren-Agosto-2017-512x288.jpg 512w\" sizes=\"(max-width: 630px) 100vw, 630px\" \/><\/figure>\n\n\n\n<figure class=\"wp-block-image size-large\"><img loading=\"lazy\" width=\"695\" height=\"390\" data-id=\"1078\"  src=\"http:\/\/turismoburgos.digital\/wp-content\/uploads\/2022\/02\/foto-nocturna-fachada-principal-11-695x390-1.jpg\" alt=\"\" class=\"wp-image-1078\" srcset=\"https:\/\/turismoburgos.digital\/wp-content\/uploads\/2022\/02\/foto-nocturna-fachada-principal-11-695x390-1.jpg 695w, https:\/\/turismoburgos.digital\/wp-content\/uploads\/2022\/02\/foto-nocturna-fachada-principal-11-695x390-1-300x168.jpg 300w, https:\/\/turismoburgos.digital\/wp-content\/uploads\/2022\/02\/foto-nocturna-fachada-principal-11-695x390-1-389x218.jpg 389w, https:\/\/turismoburgos.digital\/wp-content\/uploads\/2022\/02\/foto-nocturna-fachada-principal-11-695x390-1-414x232.jpg 414w, https:\/\/turismoburgos.digital\/wp-content\/uploads\/2022\/02\/foto-nocturna-fachada-principal-11-695x390-1-512x287.jpg 512w\" sizes=\"(max-width: 695px) 100vw, 695px\" \/><\/figure>\n<\/figure>\n\n\n\n<figure class=\"wp-block-image size-full is-resized\"><img loading=\"lazy\" src=\"http:\/\/turismoburgos.digital\/wp-content\/uploads\/2022\/02\/38930_1.jpg\" alt=\"\" class=\"wp-image-1083\" width=\"1239\" height=\"858\" srcset=\"https:\/\/turismoburgos.digital\/wp-content\/uploads\/2022\/02\/38930_1.jpg 800w, https:\/\/turismoburgos.digital\/wp-content\/uploads\/2022\/02\/38930_1-300x208.jpg 300w, https:\/\/turismoburgos.digital\/wp-content\/uploads\/2022\/02\/38930_1-768x532.jpg 768w, https:\/\/turismoburgos.digital\/wp-content\/uploads\/2022\/02\/38930_1-389x269.jpg 389w, https:\/\/turismoburgos.digital\/wp-content\/uploads\/2022\/02\/38930_1-414x287.jpg 414w, https:\/\/turismoburgos.digital\/wp-content\/uploads\/2022\/02\/38930_1-512x355.jpg 512w\" sizes=\"(max-width: 1239px) 100vw, 1239px\" \/><\/figure>\n\n\n\n<hr class=\"wp-block-separator\"\/>\n\n\n\n<p><strong>Calle Dr. Jos\u00e9 Luis Santamar\u00eda<\/strong><br><strong>09001 Burgos<\/strong><\/p>\n\n\n\n<p><strong>947 28 87 99<\/strong><\/p>\n\n\n\n<p><a href=\"http:\/\/www.aytoburgos.es\/juventud\/dinamizacion-juvenil\/la-estacion\/la-estacion\" target=\"_blank\" rel=\"noreferrer noopener\">http:\/\/www.aytoburgos.es\/juventud\/dinamizacion-juvenil\/la-estacion\/la-estacion<\/a><\/p>\n\n\n\n<hr class=\"wp-block-separator\"\/>\n\n\n\n<div class=\"wp-container-1 wp-block-buttons\">\n<div class=\"wp-block-button\"><a class=\"wp-block-button__link\" href=\"https:\/\/www.google.com\/maps\/place\/La+Estaci%C3%B3n+de+la+Ciencia+y+la+Tecnolog%C3%ADa\/@42.33447,-3.7077611,15z\/data=!4m2!3m1!1s0x0:0x67d6bf2609703da3?sa=X&amp;ved=2ahUKEwiY-56yspP2AhUZLOwKHS8VB1UQ_BJ6BAghEAU\" target=\"_blank\" rel=\"noreferrer noopener\">C\u00f3mo llegar<\/a><\/div>\n<\/div>\n\n\n\n<hr class=\"wp-block-separator\"\/>\n\n\n\n<hr class=\"wp-block-separator\"\/>\n\n\n\n<p><\/p>\n","protected":false},"excerpt":{"rendered":"<p>Espacio de Ocio Infantil, Juvenil y Nuevas Tecnolog\u00edas en la antigua Estaci\u00f3n de Ferrocarriles de Burgos&nbsp;&nbsp;&nbsp;&nbsp;&nbsp;Tras la rehabilitaci\u00f3n del edificio de la Antigua Estaci\u00f3n de &hellip;<\/p>\n","protected":false},"author":1,"featured_media":1463,"parent":0,"menu_order":0,"comment_status":"closed","ping_status":"closed","template":"","meta":{"_monsterinsights_skip_tracking":false,"_monsterinsights_sitenote_active":false,"_monsterinsights_sitenote_note":"","_monsterinsights_sitenote_category":0},"_links":{"self":[{"href":"https:\/\/turismoburgos.digital\/index.php\/wp-json\/wp\/v2\/pages\/341"}],"collection":[{"href":"https:\/\/turismoburgos.digital\/index.php\/wp-json\/wp\/v2\/pages"}],"about":[{"href":"https:\/\/turismoburgos.digital\/index.php\/wp-json\/wp\/v2\/types\/page"}],"author":[{"embeddable":true,"href":"https:\/\/turismoburgos.digital\/index.php\/wp-json\/wp\/v2\/users\/1"}],"replies":[{"embeddable":true,"href":"https:\/\/turismoburgos.digital\/index.php\/wp-json\/wp\/v2\/comments?post=341"}],"version-history":[{"count":3,"href":"https:\/\/turismoburgos.digital\/index.php\/wp-json\/wp\/v2\/pages\/341\/revisions"}],"predecessor-version":[{"id":1464,"href":"https:\/\/turismoburgos.digital\/index.php\/wp-json\/wp\/v2\/pages\/341\/revisions\/1464"}],"wp:featuredmedia":[{"embeddable":true,"href":"https:\/\/turismoburgos.digital\/index.php\/wp-json\/wp\/v2\/media\/1463"}],"wp:attachment":[{"href":"https:\/\/turismoburgos.digital\/index.php\/wp-json\/wp\/v2\/media?parent=341"}],"curies":[{"name":"wp","href":"https:\/\/api.w.org\/{rel}","templated":true}]}}

Centro Cultural La Estación

<hr class="wp-block-separator"/>



<figure class="wp-block-image size-full is-resized"><img loading="lazy" src="http://turismoburgos.digital/wp-content/uploads/2022/02/estacion-antigua-kSVD-U5065511910uYH-624x385@Burgosconecta-1.jpg" alt="" class="wp-image-1075" width="1241" height="767" srcset="https://turismoburgos.digital/wp-content/uploads/2022/02/estacion-antigua-kSVD-U5065511910uYH-624x385@Burgosconecta-1.jpg 624w, https://turismoburgos.digital/wp-content/uploads/2022/02/estacion-antigua-kSVD-U5065511910uYH-624x385@Burgosconecta-1-300x185.jpg 300w, https://turismoburgos.digital/wp-content/uploads/2022/02/estacion-antigua-kSVD-U5065511910uYH-624x385@Burgosconecta-1-389x240.jpg 389w, https://turismoburgos.digital/wp-content/uploads/2022/02/estacion-antigua-kSVD-U5065511910uYH-624x385@Burgosconecta-1-414x255.jpg 414w, https://turismoburgos.digital/wp-content/uploads/2022/02/estacion-antigua-kSVD-U5065511910uYH-624x385@Burgosconecta-1-512x316.jpg 512w" sizes="(max-width: 1241px) 100vw, 1241px" /><figcaption>Centro Cultural La Estación</figcaption></figure>



<hr class="wp-block-separator"/>



<p><strong>Espacio de Ocio Infantil, Juvenil y Nuevas Tecnologías en la antigua Estación de Ferrocarriles de Burgos</strong><br><strong>&nbsp;&nbsp;&nbsp;&nbsp;&nbsp;Tras la rehabilitación del edificio de la Antigua Estación de Trenes, se ha creado un nuevo Espacio de ocio infantil y juvenil en la ciudad de Burgos.</strong><br><strong>&nbsp;&nbsp;&nbsp;&nbsp;&nbsp;Este nuevo Espacio combina lo lúdico con lo educativo, los medios de ocio tradicional y los más modernos, el ocio orientado hacia el aprendizaje y el estímulo de la creatividad y todo ello, bajo la premisa de la polivalencia, multifuncionalidad y adaptabilidad de los espacios para dotarles de la mayor versatilidad posible. Se trata en suma de un espacio creativo en sí mismo y en cuanto a objetivos.</strong></p>



<hr class="wp-block-separator"/>



<figure class="wp-block-gallery has-nested-images columns-default is-cropped">
<figure class="wp-block-image size-large"><img loading="lazy" width="516" height="445" data-id="1077"  src="http://turismoburgos.digital/wp-content/uploads/2022/02/2018-01-31-1.png" alt="" class="wp-image-1077" srcset="https://turismoburgos.digital/wp-content/uploads/2022/02/2018-01-31-1.png 516w, https://turismoburgos.digital/wp-content/uploads/2022/02/2018-01-31-1-300x259.png 300w, https://turismoburgos.digital/wp-content/uploads/2022/02/2018-01-31-1-389x335.png 389w, https://turismoburgos.digital/wp-content/uploads/2022/02/2018-01-31-1-414x357.png 414w, https://turismoburgos.digital/wp-content/uploads/2022/02/2018-01-31-1-512x442.png 512w" sizes="(max-width: 516px) 100vw, 516px" /></figure>



<figure class="wp-block-image size-large"><img loading="lazy" width="578" height="452" data-id="1081"  src="http://turismoburgos.digital/wp-content/uploads/2022/02/2018-01-31-2.png" alt="" class="wp-image-1081" srcset="https://turismoburgos.digital/wp-content/uploads/2022/02/2018-01-31-2.png 578w, https://turismoburgos.digital/wp-content/uploads/2022/02/2018-01-31-2-300x235.png 300w, https://turismoburgos.digital/wp-content/uploads/2022/02/2018-01-31-2-389x304.png 389w, https://turismoburgos.digital/wp-content/uploads/2022/02/2018-01-31-2-414x324.png 414w, https://turismoburgos.digital/wp-content/uploads/2022/02/2018-01-31-2-512x400.png 512w" sizes="(max-width: 578px) 100vw, 578px" /></figure>



<figure class="wp-block-image size-large"><img loading="lazy" width="624" height="447" data-id="1080"  src="http://turismoburgos.digital/wp-content/uploads/2022/02/2018-01-31-3.png" alt="" class="wp-image-1080" srcset="https://turismoburgos.digital/wp-content/uploads/2022/02/2018-01-31-3.png 624w, https://turismoburgos.digital/wp-content/uploads/2022/02/2018-01-31-3-300x215.png 300w, https://turismoburgos.digital/wp-content/uploads/2022/02/2018-01-31-3-389x279.png 389w, https://turismoburgos.digital/wp-content/uploads/2022/02/2018-01-31-3-414x297.png 414w, https://turismoburgos.digital/wp-content/uploads/2022/02/2018-01-31-3-512x367.png 512w" sizes="(max-width: 624px) 100vw, 624px" /></figure>



<figure class="wp-block-image size-large"><img loading="lazy" width="771" height="450" data-id="1079"  src="http://turismoburgos.digital/wp-content/uploads/2022/02/2018-01-31-4.png" alt="" class="wp-image-1079" srcset="https://turismoburgos.digital/wp-content/uploads/2022/02/2018-01-31-4.png 771w, https://turismoburgos.digital/wp-content/uploads/2022/02/2018-01-31-4-300x175.png 300w, https://turismoburgos.digital/wp-content/uploads/2022/02/2018-01-31-4-768x448.png 768w, https://turismoburgos.digital/wp-content/uploads/2022/02/2018-01-31-4-389x227.png 389w, https://turismoburgos.digital/wp-content/uploads/2022/02/2018-01-31-4-414x242.png 414w, https://turismoburgos.digital/wp-content/uploads/2022/02/2018-01-31-4-512x299.png 512w" sizes="(max-width: 771px) 100vw, 771px" /></figure>



<figure class="wp-block-image size-large"><img loading="lazy" width="630" height="354" data-id="1082"  src="http://turismoburgos.digital/wp-content/uploads/2022/02/antigua-estacion-de-tren-Agosto-2017.jpg" alt="" class="wp-image-1082" srcset="https://turismoburgos.digital/wp-content/uploads/2022/02/antigua-estacion-de-tren-Agosto-2017.jpg 630w, https://turismoburgos.digital/wp-content/uploads/2022/02/antigua-estacion-de-tren-Agosto-2017-300x169.jpg 300w, https://turismoburgos.digital/wp-content/uploads/2022/02/antigua-estacion-de-tren-Agosto-2017-389x219.jpg 389w, https://turismoburgos.digital/wp-content/uploads/2022/02/antigua-estacion-de-tren-Agosto-2017-414x233.jpg 414w, https://turismoburgos.digital/wp-content/uploads/2022/02/antigua-estacion-de-tren-Agosto-2017-512x288.jpg 512w" sizes="(max-width: 630px) 100vw, 630px" /></figure>



<figure class="wp-block-image size-large"><img loading="lazy" width="695" height="390" data-id="1078"  src="http://turismoburgos.digital/wp-content/uploads/2022/02/foto-nocturna-fachada-principal-11-695x390-1.jpg" alt="" class="wp-image-1078" srcset="https://turismoburgos.digital/wp-content/uploads/2022/02/foto-nocturna-fachada-principal-11-695x390-1.jpg 695w, https://turismoburgos.digital/wp-content/uploads/2022/02/foto-nocturna-fachada-principal-11-695x390-1-300x168.jpg 300w, https://turismoburgos.digital/wp-content/uploads/2022/02/foto-nocturna-fachada-principal-11-695x390-1-389x218.jpg 389w, https://turismoburgos.digital/wp-content/uploads/2022/02/foto-nocturna-fachada-principal-11-695x390-1-414x232.jpg 414w, https://turismoburgos.digital/wp-content/uploads/2022/02/foto-nocturna-fachada-principal-11-695x390-1-512x287.jpg 512w" sizes="(max-width: 695px) 100vw, 695px" /></figure>
</figure>



<figure class="wp-block-image size-full is-resized"><img loading="lazy" src="http://turismoburgos.digital/wp-content/uploads/2022/02/38930_1.jpg" alt="" class="wp-image-1083" width="1239" height="858" srcset="https://turismoburgos.digital/wp-content/uploads/2022/02/38930_1.jpg 800w, https://turismoburgos.digital/wp-content/uploads/2022/02/38930_1-300x208.jpg 300w, https://turismoburgos.digital/wp-content/uploads/2022/02/38930_1-768x532.jpg 768w, https://turismoburgos.digital/wp-content/uploads/2022/02/38930_1-389x269.jpg 389w, https://turismoburgos.digital/wp-content/uploads/2022/02/38930_1-414x287.jpg 414w, https://turismoburgos.digital/wp-content/uploads/2022/02/38930_1-512x355.jpg 512w" sizes="(max-width: 1239px) 100vw, 1239px" /></figure>



<hr class="wp-block-separator"/>



<p><strong>Calle Dr. José Luis Santamaría</strong><br><strong>09001 Burgos</strong></p>



<p><strong>947 28 87 99</strong></p>



<p><a href="http://www.aytoburgos.es/juventud/dinamizacion-juvenil/la-estacion/la-estacion" target="_blank" rel="noreferrer noopener">http://www.aytoburgos.es/juventud/dinamizacion-juvenil/la-estacion/la-estacion</a></p>



<hr class="wp-block-separator"/>



<div class="wp-container-1 wp-block-buttons">
<div class="wp-block-button"><a class="wp-block-button__link" href="https://www.google.com/maps/place/La+Estaci%C3%B3n+de+la+Ciencia+y+la+Tecnolog%C3%ADa/@42.33447,-3.7077611,15z/data=!4m2!3m1!1s0x0:0x67d6bf2609703da3?sa=X&amp;ved=2ahUKEwiY-56yspP2AhUZLOwKHS8VB1UQ_BJ6BAghEAU" target="_blank" rel="noreferrer noopener">Cómo llegar</a></div>
</div>



<hr class="wp-block-separator"/>



<hr class="wp-block-separator"/>



<p></p>

<p>Espacio de Ocio Infantil, Juvenil y Nuevas Tecnologías en la antigua Estación de Ferrocarriles de Burgos&nbsp;&nbsp;&nbsp;&nbsp;&nbsp;Tras la rehabilitación del edificio de la Antigua Estación de &hellip;</p>
