{"id":338,"date":"2022-02-20T23:16:38","date_gmt":"2022-02-20T23:16:38","guid":{"rendered":"http:\/\/turismoburgos.digital\/?page_id=338"},"modified":"2022-03-28T19:22:18","modified_gmt":"2022-03-28T19:22:18","slug":"capitania","status":"publish","type":"page","link":"https:\/\/turismoburgos.digital\/index.php\/capitania\/","title":{"rendered":"Capitan\u00eda"},"content":{"rendered":"\n<figure class=\"wp-block-image size-full is-resized\"><img loading=\"lazy\" src=\"http:\/\/turismoburgos.digital\/wp-content\/uploads\/2022\/02\/palacio-capitania-general-museo-de-militar-de-burgos-1.jpg\" alt=\"\" class=\"wp-image-1054\" width=\"1239\" height=\"827\" srcset=\"https:\/\/turismoburgos.digital\/wp-content\/uploads\/2022\/02\/palacio-capitania-general-museo-de-militar-de-burgos-1.jpg 900w, https:\/\/turismoburgos.digital\/wp-content\/uploads\/2022\/02\/palacio-capitania-general-museo-de-militar-de-burgos-1-300x200.jpg 300w, https:\/\/turismoburgos.digital\/wp-content\/uploads\/2022\/02\/palacio-capitania-general-museo-de-militar-de-burgos-1-768x512.jpg 768w, https:\/\/turismoburgos.digital\/wp-content\/uploads\/2022\/02\/palacio-capitania-general-museo-de-militar-de-burgos-1-389x259.jpg 389w, https:\/\/turismoburgos.digital\/wp-content\/uploads\/2022\/02\/palacio-capitania-general-museo-de-militar-de-burgos-1-414x276.jpg 414w, https:\/\/turismoburgos.digital\/wp-content\/uploads\/2022\/02\/palacio-capitania-general-museo-de-militar-de-burgos-1-800x533.jpg 800w, https:\/\/turismoburgos.digital\/wp-content\/uploads\/2022\/02\/palacio-capitania-general-museo-de-militar-de-burgos-1-512x341.jpg 512w\" sizes=\"(max-width: 1239px) 100vw, 1239px\" \/><figcaption>Capitan\u00eda<\/figcaption><\/figure>\n\n\n\n<hr class=\"wp-block-separator\"\/>\n\n\n\n<p><strong>Palacio que construyeron los Brizuela y que se conoci\u00f3 como el de las cuatro torres.<\/strong><br><strong>&nbsp;&nbsp;&nbsp;&nbsp;&nbsp;A principios del siglo XIX se instal\u00f3 una oficina de Hacienda y en 1834 la Audiencia Territorial.<\/strong><br><strong>&nbsp;&nbsp;&nbsp;&nbsp;&nbsp;En 1859 lo adquiri\u00f3 el Ayuntamiento y a principios del siglo XX se alz\u00f3 el grave edificio que hoy contemplamos.<\/strong><br><strong>&nbsp;&nbsp;&nbsp;&nbsp;&nbsp;Dentro de sus muros se han tomado grav\u00edsimas decisiones, como la constituci\u00f3n de la Junta de Defensa Nacional (24 de Julio de 1936) fruto de la reveli\u00f3n de las tropas de Franco que dieron lugar a la Guerra Civil.<\/strong><br><strong>&nbsp;&nbsp;&nbsp;&nbsp;&nbsp;En el a\u00f1o 2014 se ha habilitado para convertirse en el Museo Militar.<\/strong><\/p>\n\n\n\n<hr class=\"wp-block-separator\"\/>\n\n\n\n<figure class=\"wp-block-embed is-type-video is-provider-youtube wp-block-embed-youtube wp-embed-aspect-4-3 wp-has-aspect-ratio\"><div class=\"wp-block-embed__wrapper\">\n<iframe loading=\"lazy\" title=\"Palacio de Capitan\u00eda\" width=\"1032\" height=\"774\" src=\"https:\/\/www.youtube.com\/embed\/hHkHVXPowlw?feature=oembed\" frameborder=\"0\" allow=\"accelerometer; autoplay; clipboard-write; encrypted-media; gyroscope; picture-in-picture\" allowfullscreen><\/iframe>\n<\/div><\/figure>\n\n\n\n<hr class=\"wp-block-separator\"\/>\n\n\n\n<figure class=\"wp-block-gallery has-nested-images columns-default is-cropped\">\n<figure class=\"wp-block-image size-large\"><img loading=\"lazy\" width=\"448\" height=\"489\" data-id=\"1059\"  src=\"http:\/\/turismoburgos.digital\/wp-content\/uploads\/2022\/02\/2018-01-30-15-1.png\" alt=\"\" class=\"wp-image-1059\" srcset=\"https:\/\/turismoburgos.digital\/wp-content\/uploads\/2022\/02\/2018-01-30-15-1.png 448w, https:\/\/turismoburgos.digital\/wp-content\/uploads\/2022\/02\/2018-01-30-15-1-275x300.png 275w, https:\/\/turismoburgos.digital\/wp-content\/uploads\/2022\/02\/2018-01-30-15-1-389x425.png 389w, https:\/\/turismoburgos.digital\/wp-content\/uploads\/2022\/02\/2018-01-30-15-1-414x452.png 414w\" sizes=\"(max-width: 448px) 100vw, 448px\" \/><figcaption>Placa eliminada en Enero de 2010 por Orden Ministerial al recordar los episodios de la dictadura franquistas que tuvieron lugar en la Guerra Civil.<\/figcaption><\/figure>\n\n\n\n<figure class=\"wp-block-image size-large\"><img loading=\"lazy\" width=\"266\" height=\"339\" data-id=\"1058\"  src=\"http:\/\/turismoburgos.digital\/wp-content\/uploads\/2022\/02\/2018-01-30-16-1.png\" alt=\"\" class=\"wp-image-1058\" srcset=\"https:\/\/turismoburgos.digital\/wp-content\/uploads\/2022\/02\/2018-01-30-16-1.png 266w, https:\/\/turismoburgos.digital\/wp-content\/uploads\/2022\/02\/2018-01-30-16-1-235x300.png 235w\" sizes=\"(max-width: 266px) 100vw, 266px\" \/><figcaption>Placa actual<\/figcaption><\/figure>\n<\/figure>\n\n\n\n<figure class=\"wp-block-gallery has-nested-images columns-default is-cropped\">\n<figure class=\"wp-block-image size-large\"><img loading=\"lazy\" width=\"800\" height=\"441\" data-id=\"1060\"  src=\"http:\/\/turismoburgos.digital\/wp-content\/uploads\/2022\/02\/34696_1.jpg\" alt=\"\" class=\"wp-image-1060\" srcset=\"https:\/\/turismoburgos.digital\/wp-content\/uploads\/2022\/02\/34696_1.jpg 800w, https:\/\/turismoburgos.digital\/wp-content\/uploads\/2022\/02\/34696_1-300x165.jpg 300w, https:\/\/turismoburgos.digital\/wp-content\/uploads\/2022\/02\/34696_1-768x423.jpg 768w, https:\/\/turismoburgos.digital\/wp-content\/uploads\/2022\/02\/34696_1-389x214.jpg 389w, https:\/\/turismoburgos.digital\/wp-content\/uploads\/2022\/02\/34696_1-414x228.jpg 414w, https:\/\/turismoburgos.digital\/wp-content\/uploads\/2022\/02\/34696_1-512x282.jpg 512w\" sizes=\"(max-width: 800px) 100vw, 800px\" \/><\/figure>\n<\/figure>\n\n\n\n<figure class=\"wp-block-image size-large is-resized\"><img loading=\"lazy\" src=\"http:\/\/turismoburgos.digital\/wp-content\/uploads\/2022\/02\/AMBU_Fo-28558_Coleccion-Galafel-Copy-1024x652.jpg\" alt=\"\" class=\"wp-image-1061\" width=\"1240\" height=\"790\" srcset=\"https:\/\/turismoburgos.digital\/wp-content\/uploads\/2022\/02\/AMBU_Fo-28558_Coleccion-Galafel-Copy-1024x652.jpg 1024w, https:\/\/turismoburgos.digital\/wp-content\/uploads\/2022\/02\/AMBU_Fo-28558_Coleccion-Galafel-Copy-300x191.jpg 300w, https:\/\/turismoburgos.digital\/wp-content\/uploads\/2022\/02\/AMBU_Fo-28558_Coleccion-Galafel-Copy-768x489.jpg 768w, https:\/\/turismoburgos.digital\/wp-content\/uploads\/2022\/02\/AMBU_Fo-28558_Coleccion-Galafel-Copy-389x248.jpg 389w, https:\/\/turismoburgos.digital\/wp-content\/uploads\/2022\/02\/AMBU_Fo-28558_Coleccion-Galafel-Copy-414x264.jpg 414w, https:\/\/turismoburgos.digital\/wp-content\/uploads\/2022\/02\/AMBU_Fo-28558_Coleccion-Galafel-Copy-800x510.jpg 800w, https:\/\/turismoburgos.digital\/wp-content\/uploads\/2022\/02\/AMBU_Fo-28558_Coleccion-Galafel-Copy-512x326.jpg 512w, https:\/\/turismoburgos.digital\/wp-content\/uploads\/2022\/02\/AMBU_Fo-28558_Coleccion-Galafel-Copy.jpg 1256w\" sizes=\"(max-width: 1240px) 100vw, 1240px\" \/><\/figure>\n\n\n\n<hr class=\"wp-block-separator\"\/>\n\n\n\n<p><strong>Plaza de Alonso Mart\u00ednez, s\/n<\/strong><br><strong>09003 Burgos<\/strong><\/p>\n\n\n\n<p><strong>947 47 89 13<\/strong><\/p>\n\n\n\n<p><a href=\"https:\/\/es.wikipedia.org\/wiki\/Palacio_de_Capitan%C3%ADa_General_(Burgos)\" target=\"_blank\" rel=\"noreferrer noopener\">https:\/\/es.wikipedia.org\/wiki\/Palacio_de_Capitan%C3%ADa_General_(Burgos)<\/a><\/p>\n\n\n\n<hr class=\"wp-block-separator\"\/>\n\n\n\n<div class=\"wp-container-1 wp-block-buttons\">\n<div class=\"wp-block-button\"><a class=\"wp-block-button__link\" href=\"https:\/\/www.google.com\/maps\/place\/Palacio+de+Capitan%C3%ADa+Militar\/@42.3438641,-3.7001582,15z\/data=!4m2!3m1!1s0x0:0x896b9572092db4a8?sa=X&amp;ved=2ahUKEwi_ysP4r5P2AhXSxoUKHR7ZBL0Q_BJ6BAgrEAU\" target=\"_blank\" rel=\"noreferrer noopener\">C\u00f3mo llegar<\/a><\/div>\n<\/div>\n\n\n\n<hr class=\"wp-block-separator\"\/>\n\n\n\n<hr class=\"wp-block-separator\"\/>\n","protected":false},"excerpt":{"rendered":"<p>Palacio que construyeron los Brizuela y que se conoci\u00f3 como el de las cuatro torres.&nbsp;&nbsp;&nbsp;&nbsp;&nbsp;A principios del siglo XIX se instal\u00f3 una oficina de Hacienda &hellip;<\/p>\n","protected":false},"author":1,"featured_media":1457,"parent":0,"menu_order":0,"comment_status":"closed","ping_status":"closed","template":"","meta":{"_monsterinsights_skip_tracking":false,"_monsterinsights_sitenote_active":false,"_monsterinsights_sitenote_note":"","_monsterinsights_sitenote_category":0},"_links":{"self":[{"href":"https:\/\/turismoburgos.digital\/index.php\/wp-json\/wp\/v2\/pages\/338"}],"collection":[{"href":"https:\/\/turismoburgos.digital\/index.php\/wp-json\/wp\/v2\/pages"}],"about":[{"href":"https:\/\/turismoburgos.digital\/index.php\/wp-json\/wp\/v2\/types\/page"}],"author":[{"embeddable":true,"href":"https:\/\/turismoburgos.digital\/index.php\/wp-json\/wp\/v2\/users\/1"}],"replies":[{"embeddable":true,"href":"https:\/\/turismoburgos.digital\/index.php\/wp-json\/wp\/v2\/comments?post=338"}],"version-history":[{"count":3,"href":"https:\/\/turismoburgos.digital\/index.php\/wp-json\/wp\/v2\/pages\/338\/revisions"}],"predecessor-version":[{"id":1458,"href":"https:\/\/turismoburgos.digital\/index.php\/wp-json\/wp\/v2\/pages\/338\/revisions\/1458"}],"wp:featuredmedia":[{"embeddable":true,"href":"https:\/\/turismoburgos.digital\/index.php\/wp-json\/wp\/v2\/media\/1457"}],"wp:attachment":[{"href":"https:\/\/turismoburgos.digital\/index.php\/wp-json\/wp\/v2\/media?parent=338"}],"curies":[{"name":"wp","href":"https:\/\/api.w.org\/{rel}","templated":true}]}}

Capitanía

<figure class="wp-block-image size-full is-resized"><img loading="lazy" src="http://turismoburgos.digital/wp-content/uploads/2022/02/palacio-capitania-general-museo-de-militar-de-burgos-1.jpg" alt="" class="wp-image-1054" width="1239" height="827" srcset="https://turismoburgos.digital/wp-content/uploads/2022/02/palacio-capitania-general-museo-de-militar-de-burgos-1.jpg 900w, https://turismoburgos.digital/wp-content/uploads/2022/02/palacio-capitania-general-museo-de-militar-de-burgos-1-300x200.jpg 300w, https://turismoburgos.digital/wp-content/uploads/2022/02/palacio-capitania-general-museo-de-militar-de-burgos-1-768x512.jpg 768w, https://turismoburgos.digital/wp-content/uploads/2022/02/palacio-capitania-general-museo-de-militar-de-burgos-1-389x259.jpg 389w, https://turismoburgos.digital/wp-content/uploads/2022/02/palacio-capitania-general-museo-de-militar-de-burgos-1-414x276.jpg 414w, https://turismoburgos.digital/wp-content/uploads/2022/02/palacio-capitania-general-museo-de-militar-de-burgos-1-800x533.jpg 800w, https://turismoburgos.digital/wp-content/uploads/2022/02/palacio-capitania-general-museo-de-militar-de-burgos-1-512x341.jpg 512w" sizes="(max-width: 1239px) 100vw, 1239px" /><figcaption>Capitanía</figcaption></figure>



<hr class="wp-block-separator"/>



<p><strong>Palacio que construyeron los Brizuela y que se conoció como el de las cuatro torres.</strong><br><strong>&nbsp;&nbsp;&nbsp;&nbsp;&nbsp;A principios del siglo XIX se instaló una oficina de Hacienda y en 1834 la Audiencia Territorial.</strong><br><strong>&nbsp;&nbsp;&nbsp;&nbsp;&nbsp;En 1859 lo adquirió el Ayuntamiento y a principios del siglo XX se alzó el grave edificio que hoy contemplamos.</strong><br><strong>&nbsp;&nbsp;&nbsp;&nbsp;&nbsp;Dentro de sus muros se han tomado gravísimas decisiones, como la constitución de la Junta de Defensa Nacional (24 de Julio de 1936) fruto de la revelión de las tropas de Franco que dieron lugar a la Guerra Civil.</strong><br><strong>&nbsp;&nbsp;&nbsp;&nbsp;&nbsp;En el año 2014 se ha habilitado para convertirse en el Museo Militar.</strong></p>



<hr class="wp-block-separator"/>



<figure class="wp-block-embed is-type-video is-provider-youtube wp-block-embed-youtube wp-embed-aspect-4-3 wp-has-aspect-ratio"><div class="wp-block-embed__wrapper">
<iframe loading="lazy" title="Palacio de Capitanía" width="1032" height="774" src="https://www.youtube.com/embed/hHkHVXPowlw?feature=oembed" frameborder="0" allow="accelerometer; autoplay; clipboard-write; encrypted-media; gyroscope; picture-in-picture" allowfullscreen></iframe>
</div></figure>



<hr class="wp-block-separator"/>



<figure class="wp-block-gallery has-nested-images columns-default is-cropped">
<figure class="wp-block-image size-large"><img loading="lazy" width="448" height="489" data-id="1059"  src="http://turismoburgos.digital/wp-content/uploads/2022/02/2018-01-30-15-1.png" alt="" class="wp-image-1059" srcset="https://turismoburgos.digital/wp-content/uploads/2022/02/2018-01-30-15-1.png 448w, https://turismoburgos.digital/wp-content/uploads/2022/02/2018-01-30-15-1-275x300.png 275w, https://turismoburgos.digital/wp-content/uploads/2022/02/2018-01-30-15-1-389x425.png 389w, https://turismoburgos.digital/wp-content/uploads/2022/02/2018-01-30-15-1-414x452.png 414w" sizes="(max-width: 448px) 100vw, 448px" /><figcaption>Placa eliminada en Enero de 2010 por Orden Ministerial al recordar los episodios de la dictadura franquistas que tuvieron lugar en la Guerra Civil.</figcaption></figure>



<figure class="wp-block-image size-large"><img loading="lazy" width="266" height="339" data-id="1058"  src="http://turismoburgos.digital/wp-content/uploads/2022/02/2018-01-30-16-1.png" alt="" class="wp-image-1058" srcset="https://turismoburgos.digital/wp-content/uploads/2022/02/2018-01-30-16-1.png 266w, https://turismoburgos.digital/wp-content/uploads/2022/02/2018-01-30-16-1-235x300.png 235w" sizes="(max-width: 266px) 100vw, 266px" /><figcaption>Placa actual</figcaption></figure>
</figure>



<figure class="wp-block-gallery has-nested-images columns-default is-cropped">
<figure class="wp-block-image size-large"><img loading="lazy" width="800" height="441" data-id="1060"  src="http://turismoburgos.digital/wp-content/uploads/2022/02/34696_1.jpg" alt="" class="wp-image-1060" srcset="https://turismoburgos.digital/wp-content/uploads/2022/02/34696_1.jpg 800w, https://turismoburgos.digital/wp-content/uploads/2022/02/34696_1-300x165.jpg 300w, https://turismoburgos.digital/wp-content/uploads/2022/02/34696_1-768x423.jpg 768w, https://turismoburgos.digital/wp-content/uploads/2022/02/34696_1-389x214.jpg 389w, https://turismoburgos.digital/wp-content/uploads/2022/02/34696_1-414x228.jpg 414w, https://turismoburgos.digital/wp-content/uploads/2022/02/34696_1-512x282.jpg 512w" sizes="(max-width: 800px) 100vw, 800px" /></figure>
</figure>



<figure class="wp-block-image size-large is-resized"><img loading="lazy" src="http://turismoburgos.digital/wp-content/uploads/2022/02/AMBU_Fo-28558_Coleccion-Galafel-Copy-1024x652.jpg" alt="" class="wp-image-1061" width="1240" height="790" srcset="https://turismoburgos.digital/wp-content/uploads/2022/02/AMBU_Fo-28558_Coleccion-Galafel-Copy-1024x652.jpg 1024w, https://turismoburgos.digital/wp-content/uploads/2022/02/AMBU_Fo-28558_Coleccion-Galafel-Copy-300x191.jpg 300w, https://turismoburgos.digital/wp-content/uploads/2022/02/AMBU_Fo-28558_Coleccion-Galafel-Copy-768x489.jpg 768w, https://turismoburgos.digital/wp-content/uploads/2022/02/AMBU_Fo-28558_Coleccion-Galafel-Copy-389x248.jpg 389w, https://turismoburgos.digital/wp-content/uploads/2022/02/AMBU_Fo-28558_Coleccion-Galafel-Copy-414x264.jpg 414w, https://turismoburgos.digital/wp-content/uploads/2022/02/AMBU_Fo-28558_Coleccion-Galafel-Copy-800x510.jpg 800w, https://turismoburgos.digital/wp-content/uploads/2022/02/AMBU_Fo-28558_Coleccion-Galafel-Copy-512x326.jpg 512w, https://turismoburgos.digital/wp-content/uploads/2022/02/AMBU_Fo-28558_Coleccion-Galafel-Copy.jpg 1256w" sizes="(max-width: 1240px) 100vw, 1240px" /></figure>



<hr class="wp-block-separator"/>



<p><strong>Plaza de Alonso Martínez, s/n</strong><br><strong>09003 Burgos</strong></p>



<p><strong>947 47 89 13</strong></p>



<p><a href="https://es.wikipedia.org/wiki/Palacio_de_Capitan%C3%ADa_General_(Burgos)" target="_blank" rel="noreferrer noopener">https://es.wikipedia.org/wiki/Palacio_de_Capitan%C3%ADa_General_(Burgos)</a></p>



<hr class="wp-block-separator"/>



<div class="wp-container-1 wp-block-buttons">
<div class="wp-block-button"><a class="wp-block-button__link" href="https://www.google.com/maps/place/Palacio+de+Capitan%C3%ADa+Militar/@42.3438641,-3.7001582,15z/data=!4m2!3m1!1s0x0:0x896b9572092db4a8?sa=X&amp;ved=2ahUKEwi_ysP4r5P2AhXSxoUKHR7ZBL0Q_BJ6BAgrEAU" target="_blank" rel="noreferrer noopener">Cómo llegar</a></div>
</div>



<hr class="wp-block-separator"/>



<hr class="wp-block-separator"/>

<p>Palacio que construyeron los Brizuela y que se conoció como el de las cuatro torres.&nbsp;&nbsp;&nbsp;&nbsp;&nbsp;A principios del siglo XIX se instaló una oficina de Hacienda &hellip;</p>
