{"id":33,"date":"2022-02-17T19:16:52","date_gmt":"2022-02-17T19:16:52","guid":{"rendered":"http:\/\/turismoburgos.digital\/?page_id=33"},"modified":"2022-03-17T21:15:36","modified_gmt":"2022-03-17T21:15:36","slug":"historia-2","status":"publish","type":"page","link":"https:\/\/turismoburgos.digital\/index.php\/historia-2\/","title":{"rendered":"Historia"},"content":{"rendered":"\n<hr class=\"wp-block-separator\"\/>\n\n\n\n<p><strong>Durante la edad antigua, la provincia cont\u00f3 con numerosos asentamientos.<br>Quiz\u00e1 el m\u00e1s importante sea el de la ciudad romana Clunia, situada en el Alto de Castro, a m\u00e1s de 1.000 m. entre las localidades de Coru\u00f1a del Conde y Pe\u00f1alba de Castro.<br>Se trat\u00f3 de una de las ciudades romanas m\u00e1s importantes de la mitad norte de Hispania y fue la capital de un convento jur\u00eddico en la provincia Hispania Citerior Tarraconensis, el denominado Conventus Cluniensis.<\/strong><\/p>\n\n\n\n<figure class=\"wp-block-image size-large is-resized\"><img loading=\"lazy\" src=\"http:\/\/turismoburgos.digital\/wp-content\/uploads\/2022\/02\/historiaburgosprovincia001014-1024x682.jpg\" alt=\"\" class=\"wp-image-318\" width=\"1239\" height=\"825\" srcset=\"https:\/\/turismoburgos.digital\/wp-content\/uploads\/2022\/02\/historiaburgosprovincia001014-1024x682.jpg 1024w, https:\/\/turismoburgos.digital\/wp-content\/uploads\/2022\/02\/historiaburgosprovincia001014-300x200.jpg 300w, https:\/\/turismoburgos.digital\/wp-content\/uploads\/2022\/02\/historiaburgosprovincia001014-768x511.jpg 768w, https:\/\/turismoburgos.digital\/wp-content\/uploads\/2022\/02\/historiaburgosprovincia001014-389x259.jpg 389w, https:\/\/turismoburgos.digital\/wp-content\/uploads\/2022\/02\/historiaburgosprovincia001014-414x276.jpg 414w, https:\/\/turismoburgos.digital\/wp-content\/uploads\/2022\/02\/historiaburgosprovincia001014-800x533.jpg 800w, https:\/\/turismoburgos.digital\/wp-content\/uploads\/2022\/02\/historiaburgosprovincia001014-512x341.jpg 512w, https:\/\/turismoburgos.digital\/wp-content\/uploads\/2022\/02\/historiaburgosprovincia001014.jpg 1200w\" sizes=\"(max-width: 1239px) 100vw, 1239px\" \/><figcaption>Teatro Romano de Clunia<\/figcaption><\/figure>\n\n\n\n<hr class=\"wp-block-separator\"\/>\n\n\n\n<figure class=\"wp-block-image size-full is-resized\"><img loading=\"lazy\" src=\"http:\/\/turismoburgos.digital\/wp-content\/uploads\/2022\/02\/descarga.jpg\" alt=\"\" class=\"wp-image-320\" width=\"1240\" height=\"476\" srcset=\"https:\/\/turismoburgos.digital\/wp-content\/uploads\/2022\/02\/descarga.jpg 362w, https:\/\/turismoburgos.digital\/wp-content\/uploads\/2022\/02\/descarga-300x115.jpg 300w\" sizes=\"(max-width: 1240px) 100vw, 1240px\" \/><figcaption>Burgos en la Edad Media<\/figcaption><\/figure>\n\n\n\n<div class=\"wp-block-media-text alignwide is-stacked-on-mobile\"><figure class=\"wp-block-media-text__media\"><img loading=\"lazy\" width=\"276\" height=\"182\" src=\"http:\/\/turismoburgos.digital\/wp-content\/uploads\/2022\/02\/descarga-1.jpg\" alt=\"\" class=\"wp-image-321 size-full\"\/><\/figure><div class=\"wp-block-media-text__content\">\n<p><strong>En el inicio de la Edad Media se pudieron escribir en la provincia de Burgos las que algunos autores ven como las primeras palabras escritas en castellano: los Cartularios de Valpuesta.<\/strong><\/p>\n\n\n\n<p><strong>Son una serie de documentos del siglo XII que, a su vez, son copias de otro documentos, algunos de los cuales se remontan al siglo IX, si bien la autenticidad de alguno de ellos es discutida.<\/strong><\/p>\n\n\n\n<p><strong>Est\u00e1n escritos en un lat\u00edn muy deficiente que trasluce algunos elementos propios de un dialecto romance hisp\u00e1nico que ya se corresponde con las caracter\u00edsticas propias del castellano, lengua de la que podr\u00edan ser su primera manifestaci\u00f3n escrita conservada.<\/strong><\/p>\n<\/div><\/div>\n\n\n\n<hr class=\"wp-block-separator\"\/>\n\n\n\n<figure class=\"wp-block-image size-large is-resized\"><img loading=\"lazy\" src=\"http:\/\/turismoburgos.digital\/wp-content\/uploads\/2022\/02\/historiaburgosprovincia001010-1024x341.jpg\" alt=\"\" class=\"wp-image-322\" width=\"1241\" height=\"413\" srcset=\"https:\/\/turismoburgos.digital\/wp-content\/uploads\/2022\/02\/historiaburgosprovincia001010-1024x341.jpg 1024w, https:\/\/turismoburgos.digital\/wp-content\/uploads\/2022\/02\/historiaburgosprovincia001010-300x100.jpg 300w, https:\/\/turismoburgos.digital\/wp-content\/uploads\/2022\/02\/historiaburgosprovincia001010-768x256.jpg 768w, https:\/\/turismoburgos.digital\/wp-content\/uploads\/2022\/02\/historiaburgosprovincia001010-389x129.jpg 389w, https:\/\/turismoburgos.digital\/wp-content\/uploads\/2022\/02\/historiaburgosprovincia001010-414x138.jpg 414w, https:\/\/turismoburgos.digital\/wp-content\/uploads\/2022\/02\/historiaburgosprovincia001010-800x266.jpg 800w, https:\/\/turismoburgos.digital\/wp-content\/uploads\/2022\/02\/historiaburgosprovincia001010-512x170.jpg 512w, https:\/\/turismoburgos.digital\/wp-content\/uploads\/2022\/02\/historiaburgosprovincia001010.jpg 1199w\" sizes=\"(max-width: 1241px) 100vw, 1241px\" \/><figcaption>Covarrubias<\/figcaption><\/figure>\n\n\n\n<p><strong>El Reino de Castilla fue uno de los reinos medievales de la pen\u00ednsula ib\u00e9rica.<\/strong><\/p>\n\n\n\n<p><strong>Castilla surgi\u00f3 como entidad pol\u00edtica aut\u00f3noma en el siglo IX bajo la forma de condado vasallo de Le\u00f3n, alcanzando la categor\u00eda de reino en el siglo XI.<\/strong><\/p>\n\n\n\n<p><strong>Su nombre se debi\u00f3 a la gran cantidad de castillos que se encontraban en la zona.<\/strong><\/p>\n\n\n\n<hr class=\"wp-block-separator\"\/>\n\n\n\n<div class=\"wp-block-media-text alignwide is-stacked-on-mobile\"><figure class=\"wp-block-media-text__media\"><img loading=\"lazy\" width=\"494\" height=\"279\" src=\"http:\/\/turismoburgos.digital\/wp-content\/uploads\/2022\/02\/historiaburgosprovincia001008.jpg\" alt=\"\" class=\"wp-image-323 size-full\" srcset=\"https:\/\/turismoburgos.digital\/wp-content\/uploads\/2022\/02\/historiaburgosprovincia001008.jpg 494w, https:\/\/turismoburgos.digital\/wp-content\/uploads\/2022\/02\/historiaburgosprovincia001008-300x169.jpg 300w, https:\/\/turismoburgos.digital\/wp-content\/uploads\/2022\/02\/historiaburgosprovincia001008-389x220.jpg 389w, https:\/\/turismoburgos.digital\/wp-content\/uploads\/2022\/02\/historiaburgosprovincia001008-414x234.jpg 414w\" sizes=\"(max-width: 494px) 100vw, 494px\" \/><\/figure><div class=\"wp-block-media-text__content\">\n<p><strong>Guerra de la Independencia.<\/strong><\/p>\n\n\n\n<p><strong>El hecho de armas m\u00e1s importante que tuvo lugar en la provincia fue la batalla de Espinosa de los Monteros el 10 y 11 de noviembre de 1808, siendo una de las pocas batallas de todas las Guerras Napole\u00f3nicas en Europa que durar\u00eda dos d\u00edas.<\/strong><\/p>\n<\/div><\/div>\n\n\n\n<hr class=\"wp-block-separator\"\/>\n\n\n\n<div class=\"wp-block-media-text alignwide is-stacked-on-mobile\"><figure class=\"wp-block-media-text__media\"><img loading=\"lazy\" width=\"702\" height=\"487\" src=\"http:\/\/turismoburgos.digital\/wp-content\/uploads\/2022\/02\/historiaburgosprovincia001007.jpg\" alt=\"\" class=\"wp-image-324 size-full\" srcset=\"https:\/\/turismoburgos.digital\/wp-content\/uploads\/2022\/02\/historiaburgosprovincia001007.jpg 702w, https:\/\/turismoburgos.digital\/wp-content\/uploads\/2022\/02\/historiaburgosprovincia001007-300x208.jpg 300w, https:\/\/turismoburgos.digital\/wp-content\/uploads\/2022\/02\/historiaburgosprovincia001007-389x270.jpg 389w, https:\/\/turismoburgos.digital\/wp-content\/uploads\/2022\/02\/historiaburgosprovincia001007-414x287.jpg 414w, https:\/\/turismoburgos.digital\/wp-content\/uploads\/2022\/02\/historiaburgosprovincia001007-512x355.jpg 512w\" sizes=\"(max-width: 702px) 100vw, 702px\" \/><\/figure><div class=\"wp-block-media-text__content\">\n<p><strong>La Guerra Civil.<br>La provincia de Burgos albergaba el cuartel general de la VI Divisi\u00f3n org\u00e1nica y una nutrida guarnici\u00f3n. Seg\u00fan los planes del general Mola, la VI Divisi\u00f3n deb\u00eda formar una fuerte columna, que confluir\u00eda con otra enviada desde Zaragoza para caer sobre Madrid a trav\u00e9s del puerto de Somosierra por la carretera N-I.<\/strong><\/p>\n\n\n\n<p><strong>\u00daltimo parte de guerra.<\/strong><\/p>\n\n\n\n<p id=\"fue-el-unico-parte-firmado-por-el-general-francisco-franco-quien-reviso-minuciosamente-su-redaccion-e-hizo-varias-correcciones-el-texto-definitivo-fue-llevado-a-toda-prisa-desde-el-burgales-palacio-de-la-isla-sede-del-gobierno-franquista-durante-la-guerra-hasta-el-entonces-estudio-de-radio-nacional-de-espana-en-el-cercano-paseo-del-espolon-fue-leido-a-las-22-30-por-el-actor-y-locutor-fernando-fernandez-de-cordoba-con-entonacion-y-enfasis-propios-de-la-radiofonia-de-aquellos-anos\"><strong>Fue el \u00fanico parte firmado por el General Francisco Franco, quien revis\u00f3 minuciosamente su redacci\u00f3n e hizo varias correcciones. El<\/strong> <strong>texto definitivo fue llevado a toda prisa desde el burgal\u00e9s Palacio de la Isla, sede del gobierno franquista durante la guerra, hasta el entonces estudio de Radio Nacional de Espa\u00f1a, en el cercano Paseo del espol\u00f3n. Fue le\u00eddo a las 22:30 por el actor y locutor Fernando Fern\u00e1ndez de C\u00f3rdoba, con entonaci\u00f3n y \u00e9nfasis propios de la radiofon\u00eda de aquellos a\u00f1os.<\/strong><\/p>\n\n\n\n<figure class=\"wp-block-embed is-type-video is-provider-youtube wp-block-embed-youtube wp-embed-aspect-4-3 wp-has-aspect-ratio\"><div class=\"wp-block-embed__wrapper\">\n<iframe loading=\"lazy\" title=\"\u00daLTIMO PARTE DE LA GUERRA CIVIL ESPA\u00d1OLA 1\u00ba. ABRIL 1939\" width=\"1032\" height=\"774\" src=\"https:\/\/www.youtube.com\/embed\/1murZqbLhdU?feature=oembed\" frameborder=\"0\" allow=\"accelerometer; autoplay; clipboard-write; encrypted-media; gyroscope; picture-in-picture\" allowfullscreen><\/iframe>\n<\/div><\/figure>\n<\/div><\/div>\n\n\n\n<hr class=\"wp-block-separator\"\/>\n\n\n\n<div class=\"wp-block-media-text alignwide is-stacked-on-mobile\"><figure class=\"wp-block-media-text__media\"><img loading=\"lazy\" width=\"494\" height=\"356\" src=\"http:\/\/turismoburgos.digital\/wp-content\/uploads\/2022\/02\/historiaburgosprovincia001006.jpg\" alt=\"\" class=\"wp-image-325 size-full\" srcset=\"https:\/\/turismoburgos.digital\/wp-content\/uploads\/2022\/02\/historiaburgosprovincia001006.jpg 494w, https:\/\/turismoburgos.digital\/wp-content\/uploads\/2022\/02\/historiaburgosprovincia001006-300x216.jpg 300w, https:\/\/turismoburgos.digital\/wp-content\/uploads\/2022\/02\/historiaburgosprovincia001006-389x280.jpg 389w, https:\/\/turismoburgos.digital\/wp-content\/uploads\/2022\/02\/historiaburgosprovincia001006-414x298.jpg 414w\" sizes=\"(max-width: 494px) 100vw, 494px\" \/><\/figure><div class=\"wp-block-media-text__content\">\n<p><strong>El&nbsp;Proceso de Burgos, tambi\u00e9n conocido como&nbsp;Juicio de Burgos&nbsp;o&nbsp;Consejo de Guerra de Burgos, fue un juicio sumar\u00edsimo iniciado el 3 de Diciembre de 1970,  durante la dictadura de Francisco Franco, contra diecis\u00e9is miembros de ETA acusados de asesinar a tres personas. Las movilizaciones populares y la presi\u00f3n internacional lograron que las condenas de muerte impuestas a seis de los encausados no llegaran a ser ejecutadas, siendo conmutadas por penas de reclusi\u00f3n.<\/strong><\/p>\n\n\n\n<figure class=\"wp-block-image size-full\"><img loading=\"lazy\" width=\"414\" height=\"252\" src=\"http:\/\/turismoburgos.digital\/wp-content\/uploads\/2022\/02\/3FLAGYLWDRDPZK6JYSCRCCDENA.jpg\" alt=\"\" class=\"wp-image-326\" srcset=\"https:\/\/turismoburgos.digital\/wp-content\/uploads\/2022\/02\/3FLAGYLWDRDPZK6JYSCRCCDENA.jpg 414w, https:\/\/turismoburgos.digital\/wp-content\/uploads\/2022\/02\/3FLAGYLWDRDPZK6JYSCRCCDENA-300x183.jpg 300w, https:\/\/turismoburgos.digital\/wp-content\/uploads\/2022\/02\/3FLAGYLWDRDPZK6JYSCRCCDENA-389x237.jpg 389w\" sizes=\"(max-width: 414px) 100vw, 414px\" \/><\/figure>\n<\/div><\/div>\n\n\n\n<hr class=\"wp-block-separator\"\/>\n\n\n\n<hr class=\"wp-block-separator\"\/>\n","protected":false},"excerpt":{"rendered":"<p>Durante la edad antigua, la provincia cont\u00f3 con numerosos asentamientos.Quiz\u00e1 el m\u00e1s importante sea el de la ciudad romana Clunia, situada en el Alto de &hellip;<\/p>\n","protected":false},"author":1,"featured_media":1438,"parent":0,"menu_order":0,"comment_status":"closed","ping_status":"closed","template":"","meta":{"_monsterinsights_skip_tracking":false,"_monsterinsights_sitenote_active":false,"_monsterinsights_sitenote_note":"","_monsterinsights_sitenote_category":0},"_links":{"self":[{"href":"https:\/\/turismoburgos.digital\/index.php\/wp-json\/wp\/v2\/pages\/33"}],"collection":[{"href":"https:\/\/turismoburgos.digital\/index.php\/wp-json\/wp\/v2\/pages"}],"about":[{"href":"https:\/\/turismoburgos.digital\/index.php\/wp-json\/wp\/v2\/types\/page"}],"author":[{"embeddable":true,"href":"https:\/\/turismoburgos.digital\/index.php\/wp-json\/wp\/v2\/users\/1"}],"replies":[{"embeddable":true,"href":"https:\/\/turismoburgos.digital\/index.php\/wp-json\/wp\/v2\/comments?post=33"}],"version-history":[{"count":6,"href":"https:\/\/turismoburgos.digital\/index.php\/wp-json\/wp\/v2\/pages\/33\/revisions"}],"predecessor-version":[{"id":1437,"href":"https:\/\/turismoburgos.digital\/index.php\/wp-json\/wp\/v2\/pages\/33\/revisions\/1437"}],"wp:featuredmedia":[{"embeddable":true,"href":"https:\/\/turismoburgos.digital\/index.php\/wp-json\/wp\/v2\/media\/1438"}],"wp:attachment":[{"href":"https:\/\/turismoburgos.digital\/index.php\/wp-json\/wp\/v2\/media?parent=33"}],"curies":[{"name":"wp","href":"https:\/\/api.w.org\/{rel}","templated":true}]}}

<hr class="wp-block-separator"/>



<p><strong>Durante la edad antigua, la provincia contó con numerosos asentamientos.<br>Quizá el más importante sea el de la ciudad romana Clunia, situada en el Alto de Castro, a más de 1.000 m. entre las localidades de Coruña del Conde y Peñalba de Castro.<br>Se trató de una de las ciudades romanas más importantes de la mitad norte de Hispania y fue la capital de un convento jurídico en la provincia Hispania Citerior Tarraconensis, el denominado Conventus Cluniensis.</strong></p>



<figure class="wp-block-image size-large is-resized"><img loading="lazy" src="http://turismoburgos.digital/wp-content/uploads/2022/02/historiaburgosprovincia001014-1024x682.jpg" alt="" class="wp-image-318" width="1239" height="825" srcset="https://turismoburgos.digital/wp-content/uploads/2022/02/historiaburgosprovincia001014-1024x682.jpg 1024w, https://turismoburgos.digital/wp-content/uploads/2022/02/historiaburgosprovincia001014-300x200.jpg 300w, https://turismoburgos.digital/wp-content/uploads/2022/02/historiaburgosprovincia001014-768x511.jpg 768w, https://turismoburgos.digital/wp-content/uploads/2022/02/historiaburgosprovincia001014-389x259.jpg 389w, https://turismoburgos.digital/wp-content/uploads/2022/02/historiaburgosprovincia001014-414x276.jpg 414w, https://turismoburgos.digital/wp-content/uploads/2022/02/historiaburgosprovincia001014-800x533.jpg 800w, https://turismoburgos.digital/wp-content/uploads/2022/02/historiaburgosprovincia001014-512x341.jpg 512w, https://turismoburgos.digital/wp-content/uploads/2022/02/historiaburgosprovincia001014.jpg 1200w" sizes="(max-width: 1239px) 100vw, 1239px" /><figcaption>Teatro Romano de Clunia</figcaption></figure>



<hr class="wp-block-separator"/>



<figure class="wp-block-image size-full is-resized"><img loading="lazy" src="http://turismoburgos.digital/wp-content/uploads/2022/02/descarga.jpg" alt="" class="wp-image-320" width="1240" height="476" srcset="https://turismoburgos.digital/wp-content/uploads/2022/02/descarga.jpg 362w, https://turismoburgos.digital/wp-content/uploads/2022/02/descarga-300x115.jpg 300w" sizes="(max-width: 1240px) 100vw, 1240px" /><figcaption>Burgos en la Edad Media</figcaption></figure>



<div class="wp-block-media-text alignwide is-stacked-on-mobile"><figure class="wp-block-media-text__media"><img loading="lazy" width="276" height="182" src="http://turismoburgos.digital/wp-content/uploads/2022/02/descarga-1.jpg" alt="" class="wp-image-321 size-full"/></figure><div class="wp-block-media-text__content">
<p><strong>En el inicio de la Edad Media se pudieron escribir en la provincia de Burgos las que algunos autores ven como las primeras palabras escritas en castellano: los Cartularios de Valpuesta.</strong></p>



<p><strong>Son una serie de documentos del siglo XII que, a su vez, son copias de otro documentos, algunos de los cuales se remontan al siglo IX, si bien la autenticidad de alguno de ellos es discutida.</strong></p>



<p><strong>Están escritos en un latín muy deficiente que trasluce algunos elementos propios de un dialecto romance hispánico que ya se corresponde con las características propias del castellano, lengua de la que podrían ser su primera manifestación escrita conservada.</strong></p>
</div></div>



<hr class="wp-block-separator"/>



<figure class="wp-block-image size-large is-resized"><img loading="lazy" src="http://turismoburgos.digital/wp-content/uploads/2022/02/historiaburgosprovincia001010-1024x341.jpg" alt="" class="wp-image-322" width="1241" height="413" srcset="https://turismoburgos.digital/wp-content/uploads/2022/02/historiaburgosprovincia001010-1024x341.jpg 1024w, https://turismoburgos.digital/wp-content/uploads/2022/02/historiaburgosprovincia001010-300x100.jpg 300w, https://turismoburgos.digital/wp-content/uploads/2022/02/historiaburgosprovincia001010-768x256.jpg 768w, https://turismoburgos.digital/wp-content/uploads/2022/02/historiaburgosprovincia001010-389x129.jpg 389w, https://turismoburgos.digital/wp-content/uploads/2022/02/historiaburgosprovincia001010-414x138.jpg 414w, https://turismoburgos.digital/wp-content/uploads/2022/02/historiaburgosprovincia001010-800x266.jpg 800w, https://turismoburgos.digital/wp-content/uploads/2022/02/historiaburgosprovincia001010-512x170.jpg 512w, https://turismoburgos.digital/wp-content/uploads/2022/02/historiaburgosprovincia001010.jpg 1199w" sizes="(max-width: 1241px) 100vw, 1241px" /><figcaption>Covarrubias</figcaption></figure>



<p><strong>El Reino de Castilla fue uno de los reinos medievales de la península ibérica.</strong></p>



<p><strong>Castilla surgió como entidad política autónoma en el siglo IX bajo la forma de condado vasallo de León, alcanzando la categoría de reino en el siglo XI.</strong></p>



<p><strong>Su nombre se debió a la gran cantidad de castillos que se encontraban en la zona.</strong></p>



<hr class="wp-block-separator"/>



<div class="wp-block-media-text alignwide is-stacked-on-mobile"><figure class="wp-block-media-text__media"><img loading="lazy" width="494" height="279" src="http://turismoburgos.digital/wp-content/uploads/2022/02/historiaburgosprovincia001008.jpg" alt="" class="wp-image-323 size-full" srcset="https://turismoburgos.digital/wp-content/uploads/2022/02/historiaburgosprovincia001008.jpg 494w, https://turismoburgos.digital/wp-content/uploads/2022/02/historiaburgosprovincia001008-300x169.jpg 300w, https://turismoburgos.digital/wp-content/uploads/2022/02/historiaburgosprovincia001008-389x220.jpg 389w, https://turismoburgos.digital/wp-content/uploads/2022/02/historiaburgosprovincia001008-414x234.jpg 414w" sizes="(max-width: 494px) 100vw, 494px" /></figure><div class="wp-block-media-text__content">
<p><strong>Guerra de la Independencia.</strong></p>



<p><strong>El hecho de armas más importante que tuvo lugar en la provincia fue la batalla de Espinosa de los Monteros el 10 y 11 de noviembre de 1808, siendo una de las pocas batallas de todas las Guerras Napoleónicas en Europa que duraría dos días.</strong></p>
</div></div>



<hr class="wp-block-separator"/>



<div class="wp-block-media-text alignwide is-stacked-on-mobile"><figure class="wp-block-media-text__media"><img loading="lazy" width="702" height="487" src="http://turismoburgos.digital/wp-content/uploads/2022/02/historiaburgosprovincia001007.jpg" alt="" class="wp-image-324 size-full" srcset="https://turismoburgos.digital/wp-content/uploads/2022/02/historiaburgosprovincia001007.jpg 702w, https://turismoburgos.digital/wp-content/uploads/2022/02/historiaburgosprovincia001007-300x208.jpg 300w, https://turismoburgos.digital/wp-content/uploads/2022/02/historiaburgosprovincia001007-389x270.jpg 389w, https://turismoburgos.digital/wp-content/uploads/2022/02/historiaburgosprovincia001007-414x287.jpg 414w, https://turismoburgos.digital/wp-content/uploads/2022/02/historiaburgosprovincia001007-512x355.jpg 512w" sizes="(max-width: 702px) 100vw, 702px" /></figure><div class="wp-block-media-text__content">
<p><strong>La Guerra Civil.<br>La provincia de Burgos albergaba el cuartel general de la VI División orgánica y una nutrida guarnición. Según los planes del general Mola, la VI División debía formar una fuerte columna, que confluiría con otra enviada desde Zaragoza para caer sobre Madrid a través del puerto de Somosierra por la carretera N-I.</strong></p>



<p><strong>Último parte de guerra.</strong></p>



<p id="fue-el-unico-parte-firmado-por-el-general-francisco-franco-quien-reviso-minuciosamente-su-redaccion-e-hizo-varias-correcciones-el-texto-definitivo-fue-llevado-a-toda-prisa-desde-el-burgales-palacio-de-la-isla-sede-del-gobierno-franquista-durante-la-guerra-hasta-el-entonces-estudio-de-radio-nacional-de-espana-en-el-cercano-paseo-del-espolon-fue-leido-a-las-22-30-por-el-actor-y-locutor-fernando-fernandez-de-cordoba-con-entonacion-y-enfasis-propios-de-la-radiofonia-de-aquellos-anos"><strong>Fue el único parte firmado por el General Francisco Franco, quien revisó minuciosamente su redacción e hizo varias correcciones. El</strong> <strong>texto definitivo fue llevado a toda prisa desde el burgalés Palacio de la Isla, sede del gobierno franquista durante la guerra, hasta el entonces estudio de Radio Nacional de España, en el cercano Paseo del espolón. Fue leído a las 22:30 por el actor y locutor Fernando Fernández de Córdoba, con entonación y énfasis propios de la radiofonía de aquellos años.</strong></p>



<figure class="wp-block-embed is-type-video is-provider-youtube wp-block-embed-youtube wp-embed-aspect-4-3 wp-has-aspect-ratio"><div class="wp-block-embed__wrapper">
<iframe loading="lazy" title="ÚLTIMO PARTE DE LA GUERRA CIVIL ESPAÑOLA 1º. ABRIL 1939" width="1032" height="774" src="https://www.youtube.com/embed/1murZqbLhdU?feature=oembed" frameborder="0" allow="accelerometer; autoplay; clipboard-write; encrypted-media; gyroscope; picture-in-picture" allowfullscreen></iframe>
</div></figure>
</div></div>



<hr class="wp-block-separator"/>



<div class="wp-block-media-text alignwide is-stacked-on-mobile"><figure class="wp-block-media-text__media"><img loading="lazy" width="494" height="356" src="http://turismoburgos.digital/wp-content/uploads/2022/02/historiaburgosprovincia001006.jpg" alt="" class="wp-image-325 size-full" srcset="https://turismoburgos.digital/wp-content/uploads/2022/02/historiaburgosprovincia001006.jpg 494w, https://turismoburgos.digital/wp-content/uploads/2022/02/historiaburgosprovincia001006-300x216.jpg 300w, https://turismoburgos.digital/wp-content/uploads/2022/02/historiaburgosprovincia001006-389x280.jpg 389w, https://turismoburgos.digital/wp-content/uploads/2022/02/historiaburgosprovincia001006-414x298.jpg 414w" sizes="(max-width: 494px) 100vw, 494px" /></figure><div class="wp-block-media-text__content">
<p><strong>El&nbsp;Proceso de Burgos, también conocido como&nbsp;Juicio de Burgos&nbsp;o&nbsp;Consejo de Guerra de Burgos, fue un juicio sumarísimo iniciado el 3 de Diciembre de 1970,  durante la dictadura de Francisco Franco, contra dieciséis miembros de ETA acusados de asesinar a tres personas. Las movilizaciones populares y la presión internacional lograron que las condenas de muerte impuestas a seis de los encausados no llegaran a ser ejecutadas, siendo conmutadas por penas de reclusión.</strong></p>



<figure class="wp-block-image size-full"><img loading="lazy" width="414" height="252" src="http://turismoburgos.digital/wp-content/uploads/2022/02/3FLAGYLWDRDPZK6JYSCRCCDENA.jpg" alt="" class="wp-image-326" srcset="https://turismoburgos.digital/wp-content/uploads/2022/02/3FLAGYLWDRDPZK6JYSCRCCDENA.jpg 414w, https://turismoburgos.digital/wp-content/uploads/2022/02/3FLAGYLWDRDPZK6JYSCRCCDENA-300x183.jpg 300w, https://turismoburgos.digital/wp-content/uploads/2022/02/3FLAGYLWDRDPZK6JYSCRCCDENA-389x237.jpg 389w" sizes="(max-width: 414px) 100vw, 414px" /></figure>
</div></div>



<hr class="wp-block-separator"/>



<hr class="wp-block-separator"/>

<p>Durante la edad antigua, la provincia contó con numerosos asentamientos.Quizá el más importante sea el de la ciudad romana Clunia, situada en el Alto de &hellip;</p>
