{"id":302,"date":"2022-02-20T22:10:12","date_gmt":"2022-02-20T22:10:12","guid":{"rendered":"http:\/\/turismoburgos.digital\/?page_id=302"},"modified":"2022-03-12T08:41:22","modified_gmt":"2022-03-12T08:41:22","slug":"museo-de-la-evolucion","status":"publish","type":"page","link":"https:\/\/turismoburgos.digital\/index.php\/museo-de-la-evolucion\/","title":{"rendered":"Museo de la Evoluci\u00f3n"},"content":{"rendered":"\n<hr class=\"wp-block-separator\"\/>\n\n\n\n<figure class=\"wp-block-image size-full is-resized\"><img loading=\"lazy\" src=\"http:\/\/turismoburgos.digital\/wp-content\/uploads\/2022\/02\/horarios-y-precios-del-museo-de-la-evolucion-humana-min-1000x550-2.jpg\" alt=\"\" class=\"wp-image-964\" width=\"1238\" height=\"682\" srcset=\"https:\/\/turismoburgos.digital\/wp-content\/uploads\/2022\/02\/horarios-y-precios-del-museo-de-la-evolucion-humana-min-1000x550-2.jpg 1000w, https:\/\/turismoburgos.digital\/wp-content\/uploads\/2022\/02\/horarios-y-precios-del-museo-de-la-evolucion-humana-min-1000x550-2-300x165.jpg 300w, https:\/\/turismoburgos.digital\/wp-content\/uploads\/2022\/02\/horarios-y-precios-del-museo-de-la-evolucion-humana-min-1000x550-2-768x422.jpg 768w, https:\/\/turismoburgos.digital\/wp-content\/uploads\/2022\/02\/horarios-y-precios-del-museo-de-la-evolucion-humana-min-1000x550-2-389x214.jpg 389w, https:\/\/turismoburgos.digital\/wp-content\/uploads\/2022\/02\/horarios-y-precios-del-museo-de-la-evolucion-humana-min-1000x550-2-414x228.jpg 414w, https:\/\/turismoburgos.digital\/wp-content\/uploads\/2022\/02\/horarios-y-precios-del-museo-de-la-evolucion-humana-min-1000x550-2-800x440.jpg 800w, https:\/\/turismoburgos.digital\/wp-content\/uploads\/2022\/02\/horarios-y-precios-del-museo-de-la-evolucion-humana-min-1000x550-2-512x282.jpg 512w\" sizes=\"(max-width: 1238px) 100vw, 1238px\" \/><figcaption>Museo de la Evoluci\u00f3n<\/figcaption><\/figure>\n\n\n\n<hr class=\"wp-block-separator\"\/>\n\n\n\n<p><strong>El Museo de la Evoluci\u00f3n Humana, tambi\u00e9n conocido por sus siglas MEH, est\u00e1 situado en la ciudad espa\u00f1ola de Burgos y ha sido dise\u00f1ado por el arquitecto Juan Navarro Baldeweg. En el solar sobre el que se edific\u00f3 estuvo en siglos pasados el desaparecido convento de San Pablo de Burgos, de la orden de los dominicos.<\/strong><br><strong>&nbsp;&nbsp;&nbsp;&nbsp;&nbsp;Constituye la pieza central del Complejo de la Evoluci\u00f3n Humana. Arquitect\u00f3nicamente, el museo ha recibido m\u00e1s de 40 premios nacionales e internacionales.<\/strong><br><strong>&nbsp;&nbsp;&nbsp;&nbsp;&nbsp;El Museo fue integrado en la declaraci\u00f3n de los yacimientos de Atapuerca como Patrimonio de la Humanidad en 2015, cuando se catalogaron por la UNESCO como \u00ablugar de valor universal excepcional\u00bb y se incluyeron las infraestructuras de investigaci\u00f3n y divulgaci\u00f3n asociadas a los yacimientos<\/strong>.<\/p>\n\n\n\n<hr class=\"wp-block-separator\"\/>\n\n\n\n<figure class=\"wp-block-embed is-type-video is-provider-youtube wp-block-embed-youtube wp-embed-aspect-4-3 wp-has-aspect-ratio\"><div class=\"wp-block-embed__wrapper\">\n<iframe loading=\"lazy\" title=\"Visita virtual al Museo de la Evoluci\u00f3n Humana de Burgos\" width=\"1032\" height=\"774\" src=\"https:\/\/www.youtube.com\/embed\/YF4fd-9HmUk?feature=oembed\" frameborder=\"0\" allow=\"accelerometer; autoplay; clipboard-write; encrypted-media; gyroscope; picture-in-picture\" allowfullscreen><\/iframe>\n<\/div><\/figure>\n\n\n\n<hr class=\"wp-block-separator\"\/>\n\n\n\n<figure class=\"wp-block-gallery has-nested-images columns-default is-cropped\">\n<figure class=\"wp-block-image size-large\"><img loading=\"lazy\" width=\"550\" height=\"367\" data-id=\"965\"  src=\"http:\/\/turismoburgos.digital\/wp-content\/uploads\/2022\/02\/museo-de-la-evolucion-1.jpg\" alt=\"\" class=\"wp-image-965\" srcset=\"https:\/\/turismoburgos.digital\/wp-content\/uploads\/2022\/02\/museo-de-la-evolucion-1.jpg 550w, https:\/\/turismoburgos.digital\/wp-content\/uploads\/2022\/02\/museo-de-la-evolucion-1-300x200.jpg 300w, https:\/\/turismoburgos.digital\/wp-content\/uploads\/2022\/02\/museo-de-la-evolucion-1-389x260.jpg 389w, https:\/\/turismoburgos.digital\/wp-content\/uploads\/2022\/02\/museo-de-la-evolucion-1-414x276.jpg 414w, https:\/\/turismoburgos.digital\/wp-content\/uploads\/2022\/02\/museo-de-la-evolucion-1-512x342.jpg 512w\" sizes=\"(max-width: 550px) 100vw, 550px\" \/><\/figure>\n\n\n\n<figure class=\"wp-block-image size-large\"><img loading=\"lazy\" width=\"1024\" height=\"683\" data-id=\"966\"  src=\"http:\/\/turismoburgos.digital\/wp-content\/uploads\/2022\/02\/Museo-Evolucion-Humana-Riventi-04-1024x683.jpg\" alt=\"\" class=\"wp-image-966\" srcset=\"https:\/\/turismoburgos.digital\/wp-content\/uploads\/2022\/02\/Museo-Evolucion-Humana-Riventi-04-1024x683.jpg 1024w, https:\/\/turismoburgos.digital\/wp-content\/uploads\/2022\/02\/Museo-Evolucion-Humana-Riventi-04-300x200.jpg 300w, https:\/\/turismoburgos.digital\/wp-content\/uploads\/2022\/02\/Museo-Evolucion-Humana-Riventi-04-768x512.jpg 768w, https:\/\/turismoburgos.digital\/wp-content\/uploads\/2022\/02\/Museo-Evolucion-Humana-Riventi-04-389x259.jpg 389w, https:\/\/turismoburgos.digital\/wp-content\/uploads\/2022\/02\/Museo-Evolucion-Humana-Riventi-04-414x276.jpg 414w, https:\/\/turismoburgos.digital\/wp-content\/uploads\/2022\/02\/Museo-Evolucion-Humana-Riventi-04-800x533.jpg 800w, https:\/\/turismoburgos.digital\/wp-content\/uploads\/2022\/02\/Museo-Evolucion-Humana-Riventi-04-512x341.jpg 512w, https:\/\/turismoburgos.digital\/wp-content\/uploads\/2022\/02\/Museo-Evolucion-Humana-Riventi-04.jpg 1110w\" sizes=\"(max-width: 1024px) 100vw, 1024px\" \/><\/figure>\n<\/figure>\n\n\n\n<figure class=\"wp-block-image size-large is-resized\"><img loading=\"lazy\" src=\"http:\/\/turismoburgos.digital\/wp-content\/uploads\/2022\/02\/36429_SC_1-1024x370.jpg\" alt=\"\" class=\"wp-image-967\" width=\"1240\" height=\"448\" srcset=\"https:\/\/turismoburgos.digital\/wp-content\/uploads\/2022\/02\/36429_SC_1-1024x370.jpg 1024w, https:\/\/turismoburgos.digital\/wp-content\/uploads\/2022\/02\/36429_SC_1-300x108.jpg 300w, https:\/\/turismoburgos.digital\/wp-content\/uploads\/2022\/02\/36429_SC_1-768x277.jpg 768w, https:\/\/turismoburgos.digital\/wp-content\/uploads\/2022\/02\/36429_SC_1-389x140.jpg 389w, https:\/\/turismoburgos.digital\/wp-content\/uploads\/2022\/02\/36429_SC_1-414x150.jpg 414w, https:\/\/turismoburgos.digital\/wp-content\/uploads\/2022\/02\/36429_SC_1-800x289.jpg 800w, https:\/\/turismoburgos.digital\/wp-content\/uploads\/2022\/02\/36429_SC_1-512x185.jpg 512w, https:\/\/turismoburgos.digital\/wp-content\/uploads\/2022\/02\/36429_SC_1.jpg 1440w\" sizes=\"(max-width: 1240px) 100vw, 1240px\" \/><\/figure>\n\n\n\n<figure class=\"wp-block-image size-full is-resized\"><img loading=\"lazy\" src=\"http:\/\/turismoburgos.digital\/wp-content\/uploads\/2022\/02\/2020-10-22.jpg\" alt=\"\" class=\"wp-image-977\" width=\"1239\" height=\"836\" srcset=\"https:\/\/turismoburgos.digital\/wp-content\/uploads\/2022\/02\/2020-10-22.jpg 408w, https:\/\/turismoburgos.digital\/wp-content\/uploads\/2022\/02\/2020-10-22-300x202.jpg 300w, https:\/\/turismoburgos.digital\/wp-content\/uploads\/2022\/02\/2020-10-22-389x262.jpg 389w\" sizes=\"(max-width: 1239px) 100vw, 1239px\" \/><figcaption>Miguel\u00f3n<\/figcaption><\/figure>\n\n\n\n<hr class=\"wp-block-separator\"\/>\n\n\n\n<p><strong>Calle del Burgense, 12<\/strong><br><strong>09002 Burgos<\/strong><\/p>\n\n\n\n<p><strong>902 02 42 46<\/strong><\/p>\n\n\n\n<p><a href=\"https:\/\/www.museoevolucionhumana.com\/\" target=\"_blank\" rel=\"noreferrer noopener\">https:\/\/www.museoevolucionhumana.com\/<\/a><\/p>\n\n\n\n<hr class=\"wp-block-separator\"\/>\n\n\n\n<div class=\"wp-container-1 wp-block-buttons\">\n<div class=\"wp-block-button\"><a class=\"wp-block-button__link\" href=\"\" target=\"_blank\" rel=\"noreferrer noopener\">C\u00f3mo llegar<\/a><\/div>\n<\/div>\n\n\n\n<hr class=\"wp-block-separator\"\/>\n\n\n\n<hr class=\"wp-block-separator\"\/>\n","protected":false},"excerpt":{"rendered":"<p>El Museo de la Evoluci\u00f3n Humana, tambi\u00e9n conocido por sus siglas MEH, est\u00e1 situado en la ciudad espa\u00f1ola de Burgos y ha sido dise\u00f1ado por &hellip;<\/p>\n","protected":false},"author":1,"featured_media":1406,"parent":0,"menu_order":0,"comment_status":"closed","ping_status":"closed","template":"","meta":{"_monsterinsights_skip_tracking":false,"_monsterinsights_sitenote_active":false,"_monsterinsights_sitenote_note":"","_monsterinsights_sitenote_category":0},"_links":{"self":[{"href":"https:\/\/turismoburgos.digital\/index.php\/wp-json\/wp\/v2\/pages\/302"}],"collection":[{"href":"https:\/\/turismoburgos.digital\/index.php\/wp-json\/wp\/v2\/pages"}],"about":[{"href":"https:\/\/turismoburgos.digital\/index.php\/wp-json\/wp\/v2\/types\/page"}],"author":[{"embeddable":true,"href":"https:\/\/turismoburgos.digital\/index.php\/wp-json\/wp\/v2\/users\/1"}],"replies":[{"embeddable":true,"href":"https:\/\/turismoburgos.digital\/index.php\/wp-json\/wp\/v2\/comments?post=302"}],"version-history":[{"count":4,"href":"https:\/\/turismoburgos.digital\/index.php\/wp-json\/wp\/v2\/pages\/302\/revisions"}],"predecessor-version":[{"id":978,"href":"https:\/\/turismoburgos.digital\/index.php\/wp-json\/wp\/v2\/pages\/302\/revisions\/978"}],"wp:featuredmedia":[{"embeddable":true,"href":"https:\/\/turismoburgos.digital\/index.php\/wp-json\/wp\/v2\/media\/1406"}],"wp:attachment":[{"href":"https:\/\/turismoburgos.digital\/index.php\/wp-json\/wp\/v2\/media?parent=302"}],"curies":[{"name":"wp","href":"https:\/\/api.w.org\/{rel}","templated":true}]}}