{"id":299,"date":"2022-02-20T22:10:12","date_gmt":"2022-02-20T22:10:12","guid":{"rendered":"http:\/\/turismoburgos.digital\/?page_id=299"},"modified":"2022-03-12T08:46:26","modified_gmt":"2022-03-12T08:46:26","slug":"museo-de-telas","status":"publish","type":"page","link":"https:\/\/turismoburgos.digital\/index.php\/museo-de-telas\/","title":{"rendered":"Museo de Telas"},"content":{"rendered":"\n<hr class=\"wp-block-separator\"\/>\n\n\n\n<figure class=\"wp-block-image size-large is-resized\"><img loading=\"lazy\" src=\"http:\/\/turismoburgos.digital\/wp-content\/uploads\/2022\/02\/pendon-batalla-navas-de-tolosa-id-350-969x1024.jpg\" alt=\"\" class=\"wp-image-995\" width=\"1244\" height=\"1315\" srcset=\"https:\/\/turismoburgos.digital\/wp-content\/uploads\/2022\/02\/pendon-batalla-navas-de-tolosa-id-350-969x1024.jpg 969w, https:\/\/turismoburgos.digital\/wp-content\/uploads\/2022\/02\/pendon-batalla-navas-de-tolosa-id-350-284x300.jpg 284w, https:\/\/turismoburgos.digital\/wp-content\/uploads\/2022\/02\/pendon-batalla-navas-de-tolosa-id-350-768x812.jpg 768w, https:\/\/turismoburgos.digital\/wp-content\/uploads\/2022\/02\/pendon-batalla-navas-de-tolosa-id-350-389x411.jpg 389w, https:\/\/turismoburgos.digital\/wp-content\/uploads\/2022\/02\/pendon-batalla-navas-de-tolosa-id-350-414x438.jpg 414w, https:\/\/turismoburgos.digital\/wp-content\/uploads\/2022\/02\/pendon-batalla-navas-de-tolosa-id-350-800x846.jpg 800w, https:\/\/turismoburgos.digital\/wp-content\/uploads\/2022\/02\/pendon-batalla-navas-de-tolosa-id-350-512x541.jpg 512w, https:\/\/turismoburgos.digital\/wp-content\/uploads\/2022\/02\/pendon-batalla-navas-de-tolosa-id-350.jpg 1400w\" sizes=\"(max-width: 1244px) 100vw, 1244px\" \/><figcaption>Pend\u00f3n de las Navas de Tolosa. Museo de las Telas.<\/figcaption><\/figure>\n\n\n\n<hr class=\"wp-block-separator\"\/>\n\n\n\n<p><strong>Debido a la alto grado de conservaci\u00f3n, la riqueza de las piezas y su antigua dataci\u00f3n, es considerado el museo m\u00e1s importante del mundo de estas caracter\u00edsticas.<\/strong><br><strong>&nbsp;&nbsp;&nbsp;&nbsp;&nbsp;Una de las piezas que m\u00e1s llamativas y de gran valor hist\u00f3rico es el mal llamado Pend\u00f3n de Las Navas de Tolosa.<\/strong><\/p>\n\n\n\n<hr class=\"wp-block-separator\"\/>\n\n\n\n<figure class=\"wp-block-gallery has-nested-images columns-default is-cropped\">\n<figure class=\"wp-block-image size-large\"><img loading=\"lazy\" width=\"1024\" height=\"661\" data-id=\"999\"  src=\"http:\/\/turismoburgos.digital\/wp-content\/uploads\/2022\/02\/b81c42fbe22151b63328d8c142f11344-1-1024x661.jpg\" alt=\"\" class=\"wp-image-999\" srcset=\"https:\/\/turismoburgos.digital\/wp-content\/uploads\/2022\/02\/b81c42fbe22151b63328d8c142f11344-1-1024x661.jpg 1024w, https:\/\/turismoburgos.digital\/wp-content\/uploads\/2022\/02\/b81c42fbe22151b63328d8c142f11344-1-300x194.jpg 300w, https:\/\/turismoburgos.digital\/wp-content\/uploads\/2022\/02\/b81c42fbe22151b63328d8c142f11344-1-768x496.jpg 768w, https:\/\/turismoburgos.digital\/wp-content\/uploads\/2022\/02\/b81c42fbe22151b63328d8c142f11344-1-389x251.jpg 389w, https:\/\/turismoburgos.digital\/wp-content\/uploads\/2022\/02\/b81c42fbe22151b63328d8c142f11344-1-414x267.jpg 414w, https:\/\/turismoburgos.digital\/wp-content\/uploads\/2022\/02\/b81c42fbe22151b63328d8c142f11344-1-800x516.jpg 800w, https:\/\/turismoburgos.digital\/wp-content\/uploads\/2022\/02\/b81c42fbe22151b63328d8c142f11344-1-512x331.jpg 512w, https:\/\/turismoburgos.digital\/wp-content\/uploads\/2022\/02\/b81c42fbe22151b63328d8c142f11344-1.jpg 1394w\" sizes=\"(max-width: 1024px) 100vw, 1024px\" \/><\/figure>\n\n\n\n<figure class=\"wp-block-image size-large\"><img loading=\"lazy\" width=\"460\" height=\"319\" data-id=\"998\"  src=\"http:\/\/turismoburgos.digital\/wp-content\/uploads\/2022\/02\/burgos-museo-telas-medievales-L-tA9XPC.jpeg\" alt=\"\" class=\"wp-image-998\" srcset=\"https:\/\/turismoburgos.digital\/wp-content\/uploads\/2022\/02\/burgos-museo-telas-medievales-L-tA9XPC.jpeg 460w, https:\/\/turismoburgos.digital\/wp-content\/uploads\/2022\/02\/burgos-museo-telas-medievales-L-tA9XPC-300x208.jpeg 300w, https:\/\/turismoburgos.digital\/wp-content\/uploads\/2022\/02\/burgos-museo-telas-medievales-L-tA9XPC-389x270.jpeg 389w, https:\/\/turismoburgos.digital\/wp-content\/uploads\/2022\/02\/burgos-museo-telas-medievales-L-tA9XPC-414x287.jpeg 414w\" sizes=\"(max-width: 460px) 100vw, 460px\" \/><\/figure>\n<\/figure>\n\n\n\n<figure class=\"wp-block-gallery has-nested-images columns-default is-cropped\">\n<figure class=\"wp-block-image size-large\"><img loading=\"lazy\" width=\"174\" height=\"289\" data-id=\"1000\"  src=\"http:\/\/turismoburgos.digital\/wp-content\/uploads\/2022\/02\/descarga-11.jpg\" alt=\"\" class=\"wp-image-1000\"\/><\/figure>\n\n\n\n<figure class=\"wp-block-image size-large\"><img loading=\"lazy\" width=\"387\" height=\"512\" data-id=\"1001\"  src=\"http:\/\/turismoburgos.digital\/wp-content\/uploads\/2022\/02\/unnamed-3.jpg\" alt=\"\" class=\"wp-image-1001\" srcset=\"https:\/\/turismoburgos.digital\/wp-content\/uploads\/2022\/02\/unnamed-3.jpg 387w, https:\/\/turismoburgos.digital\/wp-content\/uploads\/2022\/02\/unnamed-3-227x300.jpg 227w\" sizes=\"(max-width: 387px) 100vw, 387px\" \/><\/figure>\n<\/figure>\n\n\n\n<figure class=\"wp-block-image size-full is-resized\"><img loading=\"lazy\" src=\"http:\/\/turismoburgos.digital\/wp-content\/uploads\/2022\/02\/telas3-644x362-1.jpg\" alt=\"\" class=\"wp-image-1002\" width=\"1239\" height=\"696\" srcset=\"https:\/\/turismoburgos.digital\/wp-content\/uploads\/2022\/02\/telas3-644x362-1.jpg 644w, https:\/\/turismoburgos.digital\/wp-content\/uploads\/2022\/02\/telas3-644x362-1-300x169.jpg 300w, https:\/\/turismoburgos.digital\/wp-content\/uploads\/2022\/02\/telas3-644x362-1-389x219.jpg 389w, https:\/\/turismoburgos.digital\/wp-content\/uploads\/2022\/02\/telas3-644x362-1-414x233.jpg 414w, https:\/\/turismoburgos.digital\/wp-content\/uploads\/2022\/02\/telas3-644x362-1-512x288.jpg 512w\" sizes=\"(max-width: 1239px) 100vw, 1239px\" \/><\/figure>\n\n\n\n<hr class=\"wp-block-separator\"\/>\n\n\n\n<p><strong>Plaza Comp\u00e1s, s\/n<\/strong><br><strong>09001 Burgos<\/strong><\/p>\n\n\n\n<p><strong>947 20 16 30<\/strong><\/p>\n\n\n\n<p><a href=\"https:\/\/es.wikipedia.org\/wiki\/Museo_de_Telas_Medievales_de_Burgos\" target=\"_blank\" rel=\"noreferrer noopener\">https:\/\/es.wikipedia.org\/wiki\/Museo_de_Telas_Medievales_de_Burgos<\/a><\/p>\n\n\n\n<hr class=\"wp-block-separator\"\/>\n\n\n\n<div class=\"wp-container-1 wp-block-buttons\">\n<div class=\"wp-block-button\"><a class=\"wp-block-button__link\" href=\"https:\/\/www.google.es\/maps\/place\/Monasterio+de+las+Huelgas\/@42.3363587,-3.7201739,15z\/data=!4m2!3m1!1s0x0:0xd1c8309bbf08db95?sa=X&amp;ved=0ahUKEwjJ54qt9IXbAhXCthQKHVC1AWwQ_BIIvwEwDg\" target=\"_blank\" rel=\"noreferrer noopener\">C\u00f3mo llegar<\/a><\/div>\n<\/div>\n\n\n\n<hr class=\"wp-block-separator\"\/>\n\n\n\n<hr class=\"wp-block-separator\"\/>\n","protected":false},"excerpt":{"rendered":"<p>Debido a la alto grado de conservaci\u00f3n, la riqueza de las piezas y su antigua dataci\u00f3n, es considerado el museo m\u00e1s importante del mundo de &hellip;<\/p>\n","protected":false},"author":1,"featured_media":1411,"parent":0,"menu_order":0,"comment_status":"closed","ping_status":"closed","template":"","meta":{"_monsterinsights_skip_tracking":false,"_monsterinsights_sitenote_active":false,"_monsterinsights_sitenote_note":"","_monsterinsights_sitenote_category":0},"_links":{"self":[{"href":"https:\/\/turismoburgos.digital\/index.php\/wp-json\/wp\/v2\/pages\/299"}],"collection":[{"href":"https:\/\/turismoburgos.digital\/index.php\/wp-json\/wp\/v2\/pages"}],"about":[{"href":"https:\/\/turismoburgos.digital\/index.php\/wp-json\/wp\/v2\/types\/page"}],"author":[{"embeddable":true,"href":"https:\/\/turismoburgos.digital\/index.php\/wp-json\/wp\/v2\/users\/1"}],"replies":[{"embeddable":true,"href":"https:\/\/turismoburgos.digital\/index.php\/wp-json\/wp\/v2\/comments?post=299"}],"version-history":[{"count":3,"href":"https:\/\/turismoburgos.digital\/index.php\/wp-json\/wp\/v2\/pages\/299\/revisions"}],"predecessor-version":[{"id":1412,"href":"https:\/\/turismoburgos.digital\/index.php\/wp-json\/wp\/v2\/pages\/299\/revisions\/1412"}],"wp:featuredmedia":[{"embeddable":true,"href":"https:\/\/turismoburgos.digital\/index.php\/wp-json\/wp\/v2\/media\/1411"}],"wp:attachment":[{"href":"https:\/\/turismoburgos.digital\/index.php\/wp-json\/wp\/v2\/media?parent=299"}],"curies":[{"name":"wp","href":"https:\/\/api.w.org\/{rel}","templated":true}]}}