{"id":244,"date":"2022-02-20T22:03:59","date_gmt":"2022-02-20T22:03:59","guid":{"rendered":"http:\/\/turismoburgos.digital\/?page_id=244"},"modified":"2022-03-12T08:38:07","modified_gmt":"2022-03-12T08:38:07","slug":"iglesia-de-santa-agueda","status":"publish","type":"page","link":"https:\/\/turismoburgos.digital\/index.php\/iglesia-de-santa-agueda\/","title":{"rendered":"Iglesia de Santa \u00c1gueda"},"content":{"rendered":"\n<hr class=\"wp-block-separator\"\/>\n\n\n\n<figure class=\"wp-block-image size-large is-resized\"><img loading=\"lazy\" src=\"http:\/\/turismoburgos.digital\/wp-content\/uploads\/2022\/02\/1200px-Santa_Agueda_Burgos-2-1024x768.jpg\" alt=\"\" class=\"wp-image-954\" width=\"1242\" height=\"932\" srcset=\"https:\/\/turismoburgos.digital\/wp-content\/uploads\/2022\/02\/1200px-Santa_Agueda_Burgos-2-1024x768.jpg 1024w, https:\/\/turismoburgos.digital\/wp-content\/uploads\/2022\/02\/1200px-Santa_Agueda_Burgos-2-300x225.jpg 300w, https:\/\/turismoburgos.digital\/wp-content\/uploads\/2022\/02\/1200px-Santa_Agueda_Burgos-2-768x576.jpg 768w, https:\/\/turismoburgos.digital\/wp-content\/uploads\/2022\/02\/1200px-Santa_Agueda_Burgos-2-389x292.jpg 389w, https:\/\/turismoburgos.digital\/wp-content\/uploads\/2022\/02\/1200px-Santa_Agueda_Burgos-2-414x311.jpg 414w, https:\/\/turismoburgos.digital\/wp-content\/uploads\/2022\/02\/1200px-Santa_Agueda_Burgos-2-800x600.jpg 800w, https:\/\/turismoburgos.digital\/wp-content\/uploads\/2022\/02\/1200px-Santa_Agueda_Burgos-2-512x384.jpg 512w, https:\/\/turismoburgos.digital\/wp-content\/uploads\/2022\/02\/1200px-Santa_Agueda_Burgos-2.jpg 1200w\" sizes=\"(max-width: 1242px) 100vw, 1242px\" \/><\/figure>\n\n\n\n<hr class=\"wp-block-separator\"\/>\n\n\n\n<p><strong>Se menciona como parroquia en 1163, pero su celebridad le viene por su condici\u00f3n anterior de iglesia juradera:<\/strong><\/p>\n\n\n\n<p><strong>&#8221; En Santa Gadea de Burgos do juran los fijosdalgo sobre un cerrojo de hierro y una ballesta de palo&#8230;&#8221;<br>&nbsp;&nbsp;&nbsp;&nbsp;&nbsp;El Cid Campeador, seg\u00fan cuenta la leyenda, tom\u00f3 juramento a Alfonso VI sobre su implicaci\u00f3n en la muerte de su hermano Sancho II &#8220;el Fuerte&#8221;, rey de Castilla, quien fue asesinado durante el sitio de Zamora. Desde entonces una sombra de dudas acompa\u00f1\u00f3 la vida de Alfonso VI.<br>&nbsp;&nbsp;&nbsp;&nbsp;&nbsp;Conserva la iglesia un retablo neog\u00f3tico de alabastro.<br>&nbsp;&nbsp;&nbsp;&nbsp;&nbsp;Se guarda entre sus muros la Virgen de la Soledad, imagen \u00e9sta que procesiona todos los a\u00f1os en la Semana Santa Burgalesa.<br>&nbsp;&nbsp;&nbsp;&nbsp;&nbsp;Muy cerca de la iglesia tuvo su taller el gran orfebre maese Calvo, fallecido en 1972.<\/strong><\/p>\n\n\n\n<hr class=\"wp-block-separator\"\/>\n\n\n\n<figure class=\"wp-block-embed is-type-video is-provider-youtube wp-block-embed-youtube wp-embed-aspect-16-9 wp-has-aspect-ratio\"><div class=\"wp-block-embed__wrapper\">\n<iframe loading=\"lazy\" title=\"Iglesia de Santa \u00c1gueda - B\u00fargos - Septiembre 2018 \ud83c\uddea\ud83c\uddf8\" width=\"1032\" height=\"581\" src=\"https:\/\/www.youtube.com\/embed\/jph8wP1XsWU?feature=oembed\" frameborder=\"0\" allow=\"accelerometer; autoplay; clipboard-write; encrypted-media; gyroscope; picture-in-picture\" allowfullscreen><\/iframe>\n<\/div><\/figure>\n\n\n\n<hr class=\"wp-block-separator\"\/>\n\n\n\n<figure class=\"wp-block-gallery has-nested-images columns-default is-cropped\">\n<figure class=\"wp-block-image size-full\"><img loading=\"lazy\" width=\"1024\" height=\"684\" data-id=\"960\"  src=\"http:\/\/turismoburgos.digital\/wp-content\/uploads\/2022\/02\/burgos7.jpg\" alt=\"\" class=\"wp-image-960\" srcset=\"https:\/\/turismoburgos.digital\/wp-content\/uploads\/2022\/02\/burgos7.jpg 1024w, https:\/\/turismoburgos.digital\/wp-content\/uploads\/2022\/02\/burgos7-300x200.jpg 300w, https:\/\/turismoburgos.digital\/wp-content\/uploads\/2022\/02\/burgos7-768x513.jpg 768w, https:\/\/turismoburgos.digital\/wp-content\/uploads\/2022\/02\/burgos7-389x260.jpg 389w, https:\/\/turismoburgos.digital\/wp-content\/uploads\/2022\/02\/burgos7-414x277.jpg 414w, https:\/\/turismoburgos.digital\/wp-content\/uploads\/2022\/02\/burgos7-800x534.jpg 800w, https:\/\/turismoburgos.digital\/wp-content\/uploads\/2022\/02\/burgos7-512x342.jpg 512w\" sizes=\"(max-width: 1024px) 100vw, 1024px\" \/><\/figure>\n\n\n\n<figure class=\"wp-block-image size-large\"><img loading=\"lazy\" width=\"400\" height=\"335\" data-id=\"956\"  src=\"http:\/\/turismoburgos.digital\/wp-content\/uploads\/2022\/02\/santaaguedab.jpg\" alt=\"\" class=\"wp-image-956\" srcset=\"https:\/\/turismoburgos.digital\/wp-content\/uploads\/2022\/02\/santaaguedab.jpg 400w, https:\/\/turismoburgos.digital\/wp-content\/uploads\/2022\/02\/santaaguedab-300x251.jpg 300w, https:\/\/turismoburgos.digital\/wp-content\/uploads\/2022\/02\/santaaguedab-389x326.jpg 389w\" sizes=\"(max-width: 400px) 100vw, 400px\" \/><\/figure>\n\n\n\n<figure class=\"wp-block-image size-large\"><img loading=\"lazy\" width=\"695\" height=\"926\" data-id=\"959\"  src=\"http:\/\/turismoburgos.digital\/wp-content\/uploads\/2022\/02\/monumentosburgos030004.jpg\" alt=\"\" class=\"wp-image-959\" srcset=\"https:\/\/turismoburgos.digital\/wp-content\/uploads\/2022\/02\/monumentosburgos030004.jpg 695w, https:\/\/turismoburgos.digital\/wp-content\/uploads\/2022\/02\/monumentosburgos030004-225x300.jpg 225w, https:\/\/turismoburgos.digital\/wp-content\/uploads\/2022\/02\/monumentosburgos030004-389x518.jpg 389w, https:\/\/turismoburgos.digital\/wp-content\/uploads\/2022\/02\/monumentosburgos030004-414x552.jpg 414w, https:\/\/turismoburgos.digital\/wp-content\/uploads\/2022\/02\/monumentosburgos030004-512x682.jpg 512w\" sizes=\"(max-width: 695px) 100vw, 695px\" \/><\/figure>\n<\/figure>\n\n\n\n<figure class=\"wp-block-image size-large is-resized\"><img loading=\"lazy\" src=\"http:\/\/turismoburgos.digital\/wp-content\/uploads\/2022\/02\/maxresdefault-1-1-1024x576.jpg\" alt=\"\" class=\"wp-image-958\" width=\"1240\" height=\"698\" srcset=\"https:\/\/turismoburgos.digital\/wp-content\/uploads\/2022\/02\/maxresdefault-1-1-1024x576.jpg 1024w, https:\/\/turismoburgos.digital\/wp-content\/uploads\/2022\/02\/maxresdefault-1-1-300x169.jpg 300w, https:\/\/turismoburgos.digital\/wp-content\/uploads\/2022\/02\/maxresdefault-1-1-768x432.jpg 768w, https:\/\/turismoburgos.digital\/wp-content\/uploads\/2022\/02\/maxresdefault-1-1-389x219.jpg 389w, https:\/\/turismoburgos.digital\/wp-content\/uploads\/2022\/02\/maxresdefault-1-1-414x233.jpg 414w, https:\/\/turismoburgos.digital\/wp-content\/uploads\/2022\/02\/maxresdefault-1-1-800x450.jpg 800w, https:\/\/turismoburgos.digital\/wp-content\/uploads\/2022\/02\/maxresdefault-1-1-512x288.jpg 512w, https:\/\/turismoburgos.digital\/wp-content\/uploads\/2022\/02\/maxresdefault-1-1.jpg 1280w\" sizes=\"(max-width: 1240px) 100vw, 1240px\" \/><\/figure>\n\n\n\n<hr class=\"wp-block-separator\"\/>\n\n\n\n<p><strong>Calle Sta. \u00c1gueda, 3<\/strong><br><strong>09003 Burgos<\/strong><\/p>\n\n\n\n<p><strong>606 09 42 71<\/strong><\/p>\n\n\n\n<p><a href=\"https:\/\/es.wikipedia.org\/wiki\/Iglesia_de_Santa_%C3%81gueda_(Burgos)\" target=\"_blank\" rel=\"noreferrer noopener\">https:\/\/es.wikipedia.org\/wiki\/Iglesia_de_Santa_%C3%81gueda_(Burgos)<\/a><\/p>\n\n\n\n<hr class=\"wp-block-separator\"\/>\n\n\n\n<div class=\"wp-container-1 wp-block-buttons\">\n<div class=\"wp-block-button\"><a class=\"wp-block-button__link\" href=\"https:\/\/www.google.com\/maps\/dir\/\/C.+Sta.+%C3%81gueda,+3+09003+Burgos\/@42.340013,-3.7054786,17z\/data=!4m5!4m4!1m0!1m2!1m1!1s0xd45fd297600af65:0x1dfc80c5e3086be6\" target=\"_blank\" rel=\"noreferrer noopener\">C\u00f3mo llegar<\/a><\/div>\n<\/div>\n\n\n\n<hr class=\"wp-block-separator\"\/>\n\n\n\n<hr class=\"wp-block-separator\"\/>\n","protected":false},"excerpt":{"rendered":"<p>Se menciona como parroquia en 1163, pero su celebridad le viene por su condici\u00f3n anterior de iglesia juradera: &#8221; En Santa Gadea de Burgos do &hellip;<\/p>\n","protected":false},"author":1,"featured_media":1403,"parent":0,"menu_order":0,"comment_status":"closed","ping_status":"closed","template":"","meta":{"_monsterinsights_skip_tracking":false,"_monsterinsights_sitenote_active":false,"_monsterinsights_sitenote_note":"","_monsterinsights_sitenote_category":0},"_links":{"self":[{"href":"https:\/\/turismoburgos.digital\/index.php\/wp-json\/wp\/v2\/pages\/244"}],"collection":[{"href":"https:\/\/turismoburgos.digital\/index.php\/wp-json\/wp\/v2\/pages"}],"about":[{"href":"https:\/\/turismoburgos.digital\/index.php\/wp-json\/wp\/v2\/types\/page"}],"author":[{"embeddable":true,"href":"https:\/\/turismoburgos.digital\/index.php\/wp-json\/wp\/v2\/users\/1"}],"replies":[{"embeddable":true,"href":"https:\/\/turismoburgos.digital\/index.php\/wp-json\/wp\/v2\/comments?post=244"}],"version-history":[{"count":3,"href":"https:\/\/turismoburgos.digital\/index.php\/wp-json\/wp\/v2\/pages\/244\/revisions"}],"predecessor-version":[{"id":1404,"href":"https:\/\/turismoburgos.digital\/index.php\/wp-json\/wp\/v2\/pages\/244\/revisions\/1404"}],"wp:featuredmedia":[{"embeddable":true,"href":"https:\/\/turismoburgos.digital\/index.php\/wp-json\/wp\/v2\/media\/1403"}],"wp:attachment":[{"href":"https:\/\/turismoburgos.digital\/index.php\/wp-json\/wp\/v2\/media?parent=244"}],"curies":[{"name":"wp","href":"https:\/\/api.w.org\/{rel}","templated":true}]}}

Iglesia de Santa Águeda

<hr class="wp-block-separator"/>



<figure class="wp-block-image size-large is-resized"><img loading="lazy" src="http://turismoburgos.digital/wp-content/uploads/2022/02/1200px-Santa_Agueda_Burgos-2-1024x768.jpg" alt="" class="wp-image-954" width="1242" height="932" srcset="https://turismoburgos.digital/wp-content/uploads/2022/02/1200px-Santa_Agueda_Burgos-2-1024x768.jpg 1024w, https://turismoburgos.digital/wp-content/uploads/2022/02/1200px-Santa_Agueda_Burgos-2-300x225.jpg 300w, https://turismoburgos.digital/wp-content/uploads/2022/02/1200px-Santa_Agueda_Burgos-2-768x576.jpg 768w, https://turismoburgos.digital/wp-content/uploads/2022/02/1200px-Santa_Agueda_Burgos-2-389x292.jpg 389w, https://turismoburgos.digital/wp-content/uploads/2022/02/1200px-Santa_Agueda_Burgos-2-414x311.jpg 414w, https://turismoburgos.digital/wp-content/uploads/2022/02/1200px-Santa_Agueda_Burgos-2-800x600.jpg 800w, https://turismoburgos.digital/wp-content/uploads/2022/02/1200px-Santa_Agueda_Burgos-2-512x384.jpg 512w, https://turismoburgos.digital/wp-content/uploads/2022/02/1200px-Santa_Agueda_Burgos-2.jpg 1200w" sizes="(max-width: 1242px) 100vw, 1242px" /></figure>



<hr class="wp-block-separator"/>



<p><strong>Se menciona como parroquia en 1163, pero su celebridad le viene por su condición anterior de iglesia juradera:</strong></p>



<p><strong>&#8221; En Santa Gadea de Burgos do juran los fijosdalgo sobre un cerrojo de hierro y una ballesta de palo&#8230;&#8221;<br>&nbsp;&nbsp;&nbsp;&nbsp;&nbsp;El Cid Campeador, según cuenta la leyenda, tomó juramento a Alfonso VI sobre su implicación en la muerte de su hermano Sancho II &#8220;el Fuerte&#8221;, rey de Castilla, quien fue asesinado durante el sitio de Zamora. Desde entonces una sombra de dudas acompañó la vida de Alfonso VI.<br>&nbsp;&nbsp;&nbsp;&nbsp;&nbsp;Conserva la iglesia un retablo neogótico de alabastro.<br>&nbsp;&nbsp;&nbsp;&nbsp;&nbsp;Se guarda entre sus muros la Virgen de la Soledad, imagen ésta que procesiona todos los años en la Semana Santa Burgalesa.<br>&nbsp;&nbsp;&nbsp;&nbsp;&nbsp;Muy cerca de la iglesia tuvo su taller el gran orfebre maese Calvo, fallecido en 1972.</strong></p>



<hr class="wp-block-separator"/>



<figure class="wp-block-embed is-type-video is-provider-youtube wp-block-embed-youtube wp-embed-aspect-16-9 wp-has-aspect-ratio"><div class="wp-block-embed__wrapper">
<iframe loading="lazy" title="Iglesia de Santa Águeda - Búrgos - Septiembre 2018 🇪🇸" width="1032" height="581" src="https://www.youtube.com/embed/jph8wP1XsWU?feature=oembed" frameborder="0" allow="accelerometer; autoplay; clipboard-write; encrypted-media; gyroscope; picture-in-picture" allowfullscreen></iframe>
</div></figure>



<hr class="wp-block-separator"/>



<figure class="wp-block-gallery has-nested-images columns-default is-cropped">
<figure class="wp-block-image size-full"><img loading="lazy" width="1024" height="684" data-id="960"  src="http://turismoburgos.digital/wp-content/uploads/2022/02/burgos7.jpg" alt="" class="wp-image-960" srcset="https://turismoburgos.digital/wp-content/uploads/2022/02/burgos7.jpg 1024w, https://turismoburgos.digital/wp-content/uploads/2022/02/burgos7-300x200.jpg 300w, https://turismoburgos.digital/wp-content/uploads/2022/02/burgos7-768x513.jpg 768w, https://turismoburgos.digital/wp-content/uploads/2022/02/burgos7-389x260.jpg 389w, https://turismoburgos.digital/wp-content/uploads/2022/02/burgos7-414x277.jpg 414w, https://turismoburgos.digital/wp-content/uploads/2022/02/burgos7-800x534.jpg 800w, https://turismoburgos.digital/wp-content/uploads/2022/02/burgos7-512x342.jpg 512w" sizes="(max-width: 1024px) 100vw, 1024px" /></figure>



<figure class="wp-block-image size-large"><img loading="lazy" width="400" height="335" data-id="956"  src="http://turismoburgos.digital/wp-content/uploads/2022/02/santaaguedab.jpg" alt="" class="wp-image-956" srcset="https://turismoburgos.digital/wp-content/uploads/2022/02/santaaguedab.jpg 400w, https://turismoburgos.digital/wp-content/uploads/2022/02/santaaguedab-300x251.jpg 300w, https://turismoburgos.digital/wp-content/uploads/2022/02/santaaguedab-389x326.jpg 389w" sizes="(max-width: 400px) 100vw, 400px" /></figure>



<figure class="wp-block-image size-large"><img loading="lazy" width="695" height="926" data-id="959"  src="http://turismoburgos.digital/wp-content/uploads/2022/02/monumentosburgos030004.jpg" alt="" class="wp-image-959" srcset="https://turismoburgos.digital/wp-content/uploads/2022/02/monumentosburgos030004.jpg 695w, https://turismoburgos.digital/wp-content/uploads/2022/02/monumentosburgos030004-225x300.jpg 225w, https://turismoburgos.digital/wp-content/uploads/2022/02/monumentosburgos030004-389x518.jpg 389w, https://turismoburgos.digital/wp-content/uploads/2022/02/monumentosburgos030004-414x552.jpg 414w, https://turismoburgos.digital/wp-content/uploads/2022/02/monumentosburgos030004-512x682.jpg 512w" sizes="(max-width: 695px) 100vw, 695px" /></figure>
</figure>



<figure class="wp-block-image size-large is-resized"><img loading="lazy" src="http://turismoburgos.digital/wp-content/uploads/2022/02/maxresdefault-1-1-1024x576.jpg" alt="" class="wp-image-958" width="1240" height="698" srcset="https://turismoburgos.digital/wp-content/uploads/2022/02/maxresdefault-1-1-1024x576.jpg 1024w, https://turismoburgos.digital/wp-content/uploads/2022/02/maxresdefault-1-1-300x169.jpg 300w, https://turismoburgos.digital/wp-content/uploads/2022/02/maxresdefault-1-1-768x432.jpg 768w, https://turismoburgos.digital/wp-content/uploads/2022/02/maxresdefault-1-1-389x219.jpg 389w, https://turismoburgos.digital/wp-content/uploads/2022/02/maxresdefault-1-1-414x233.jpg 414w, https://turismoburgos.digital/wp-content/uploads/2022/02/maxresdefault-1-1-800x450.jpg 800w, https://turismoburgos.digital/wp-content/uploads/2022/02/maxresdefault-1-1-512x288.jpg 512w, https://turismoburgos.digital/wp-content/uploads/2022/02/maxresdefault-1-1.jpg 1280w" sizes="(max-width: 1240px) 100vw, 1240px" /></figure>



<hr class="wp-block-separator"/>



<p><strong>Calle Sta. Águeda, 3</strong><br><strong>09003 Burgos</strong></p>



<p><strong>606 09 42 71</strong></p>



<p><a href="https://es.wikipedia.org/wiki/Iglesia_de_Santa_%C3%81gueda_(Burgos)" target="_blank" rel="noreferrer noopener">https://es.wikipedia.org/wiki/Iglesia_de_Santa_%C3%81gueda_(Burgos)</a></p>



<hr class="wp-block-separator"/>



<div class="wp-container-1 wp-block-buttons">
<div class="wp-block-button"><a class="wp-block-button__link" href="https://www.google.com/maps/dir//C.+Sta.+%C3%81gueda,+3+09003+Burgos/@42.340013,-3.7054786,17z/data=!4m5!4m4!1m0!1m2!1m1!1s0xd45fd297600af65:0x1dfc80c5e3086be6" target="_blank" rel="noreferrer noopener">Cómo llegar</a></div>
</div>



<hr class="wp-block-separator"/>



<hr class="wp-block-separator"/>

<p>Se menciona como parroquia en 1163, pero su celebridad le viene por su condición anterior de iglesia juradera: &#8221; En Santa Gadea de Burgos do &hellip;</p>
