{"id":242,"date":"2022-02-20T22:03:59","date_gmt":"2022-02-20T22:03:59","guid":{"rendered":"http:\/\/turismoburgos.digital\/?page_id=242"},"modified":"2022-03-12T08:34:55","modified_gmt":"2022-03-12T08:34:55","slug":"iglesia-de-san-nicolas-de-bari","status":"publish","type":"page","link":"https:\/\/turismoburgos.digital\/index.php\/iglesia-de-san-nicolas-de-bari\/","title":{"rendered":"Iglesia de San Nicol\u00e1s de Bari"},"content":{"rendered":"\n<hr class=\"wp-block-separator\"\/>\n\n\n\n<figure class=\"wp-block-image size-large is-resized\"><img loading=\"lazy\" src=\"http:\/\/turismoburgos.digital\/wp-content\/uploads\/2022\/02\/san_nicolas_de_bari_burgos_1284x642_q75_middle-1-1024x512.jpg\" alt=\"\" class=\"wp-image-940\" width=\"1240\" height=\"620\" srcset=\"https:\/\/turismoburgos.digital\/wp-content\/uploads\/2022\/02\/san_nicolas_de_bari_burgos_1284x642_q75_middle-1-1024x512.jpg 1024w, https:\/\/turismoburgos.digital\/wp-content\/uploads\/2022\/02\/san_nicolas_de_bari_burgos_1284x642_q75_middle-1-300x150.jpg 300w, https:\/\/turismoburgos.digital\/wp-content\/uploads\/2022\/02\/san_nicolas_de_bari_burgos_1284x642_q75_middle-1-768x384.jpg 768w, https:\/\/turismoburgos.digital\/wp-content\/uploads\/2022\/02\/san_nicolas_de_bari_burgos_1284x642_q75_middle-1-389x195.jpg 389w, https:\/\/turismoburgos.digital\/wp-content\/uploads\/2022\/02\/san_nicolas_de_bari_burgos_1284x642_q75_middle-1-414x207.jpg 414w, https:\/\/turismoburgos.digital\/wp-content\/uploads\/2022\/02\/san_nicolas_de_bari_burgos_1284x642_q75_middle-1-800x400.jpg 800w, https:\/\/turismoburgos.digital\/wp-content\/uploads\/2022\/02\/san_nicolas_de_bari_burgos_1284x642_q75_middle-1-512x256.jpg 512w, https:\/\/turismoburgos.digital\/wp-content\/uploads\/2022\/02\/san_nicolas_de_bari_burgos_1284x642_q75_middle-1.jpg 1284w\" sizes=\"(max-width: 1240px) 100vw, 1240px\" \/><figcaption>Iglesia de San Nicol\u00e1s de Bari<\/figcaption><\/figure>\n\n\n\n<hr class=\"wp-block-separator\"\/>\n\n\n\n<p><strong>Esta iglesia de apariencia humilde es el joyero de una maravilla ojival. La portada es sencilla y noble, pero las hojas de la puerta revelan una excelente ejecuci\u00f3n. La obra se empez\u00f3 en 1408 y la nave central se atiranta con un arco postg\u00f3tico, gusto presente en otros detalles de la iglesia.<\/strong><br><strong>&nbsp;&nbsp;&nbsp;&nbsp;&nbsp;Francisco de Colonia fu\u00e9 el autor del retablo mayor, sin duda la apoteosis m\u00e1s grandiosa que el arte ha dedicado a San Nicol\u00e1s de Bari.<\/strong><br><strong>&nbsp;&nbsp;&nbsp;&nbsp;&nbsp;Todo es maravilloso en este retablo, verdadero curso de escultura, geometr\u00eda, fantas\u00eda y arquitectura: parece que Colonia hubiera trabajado blanda arcilla y luego, con aliento soberano, la hubiera petrificado. Pocas veces, como aqu\u00ed, el hombre ha logrado la enso\u00f1aci\u00f3n&#8230;<\/strong><\/p>\n\n\n\n<hr class=\"wp-block-separator\"\/>\n\n\n\n<figure class=\"wp-block-embed is-type-video is-provider-youtube wp-block-embed-youtube wp-embed-aspect-16-9 wp-has-aspect-ratio\"><div class=\"wp-block-embed__wrapper\">\n<iframe loading=\"lazy\" title=\"IGLESIA SAN NICOLAS DE BARI EN BURGOS\" width=\"1032\" height=\"581\" src=\"https:\/\/www.youtube.com\/embed\/YQcwRX4BTzs?feature=oembed\" frameborder=\"0\" allow=\"accelerometer; autoplay; clipboard-write; encrypted-media; gyroscope; picture-in-picture\" allowfullscreen><\/iframe>\n<\/div><\/figure>\n\n\n\n<hr class=\"wp-block-separator\"\/>\n\n\n\n<figure class=\"wp-block-gallery has-nested-images columns-default is-cropped\">\n<figure class=\"wp-block-image size-large\"><img loading=\"lazy\" width=\"1024\" height=\"801\" data-id=\"944\"  src=\"http:\/\/turismoburgos.digital\/wp-content\/uploads\/2022\/02\/5571784180_4abd767b3c_b.jpg\" alt=\"\" class=\"wp-image-944\" srcset=\"https:\/\/turismoburgos.digital\/wp-content\/uploads\/2022\/02\/5571784180_4abd767b3c_b.jpg 1024w, https:\/\/turismoburgos.digital\/wp-content\/uploads\/2022\/02\/5571784180_4abd767b3c_b-300x235.jpg 300w, https:\/\/turismoburgos.digital\/wp-content\/uploads\/2022\/02\/5571784180_4abd767b3c_b-768x601.jpg 768w, https:\/\/turismoburgos.digital\/wp-content\/uploads\/2022\/02\/5571784180_4abd767b3c_b-389x304.jpg 389w, https:\/\/turismoburgos.digital\/wp-content\/uploads\/2022\/02\/5571784180_4abd767b3c_b-414x324.jpg 414w, https:\/\/turismoburgos.digital\/wp-content\/uploads\/2022\/02\/5571784180_4abd767b3c_b-800x626.jpg 800w, https:\/\/turismoburgos.digital\/wp-content\/uploads\/2022\/02\/5571784180_4abd767b3c_b-512x401.jpg 512w\" sizes=\"(max-width: 1024px) 100vw, 1024px\" \/><\/figure>\n\n\n\n<figure class=\"wp-block-image size-large\"><img loading=\"lazy\" width=\"695\" height=\"392\" data-id=\"943\"  src=\"http:\/\/turismoburgos.digital\/wp-content\/uploads\/2022\/02\/Captura-de-pantalla-746.png\" alt=\"\" class=\"wp-image-943\" srcset=\"https:\/\/turismoburgos.digital\/wp-content\/uploads\/2022\/02\/Captura-de-pantalla-746.png 695w, https:\/\/turismoburgos.digital\/wp-content\/uploads\/2022\/02\/Captura-de-pantalla-746-300x169.png 300w, https:\/\/turismoburgos.digital\/wp-content\/uploads\/2022\/02\/Captura-de-pantalla-746-389x219.png 389w, https:\/\/turismoburgos.digital\/wp-content\/uploads\/2022\/02\/Captura-de-pantalla-746-414x234.png 414w, https:\/\/turismoburgos.digital\/wp-content\/uploads\/2022\/02\/Captura-de-pantalla-746-512x289.png 512w\" sizes=\"(max-width: 695px) 100vw, 695px\" \/><\/figure>\n\n\n\n<figure class=\"wp-block-image size-large\"><img loading=\"lazy\" width=\"600\" height=\"800\" data-id=\"942\"  src=\"http:\/\/turismoburgos.digital\/wp-content\/uploads\/2022\/02\/Iglesia-de-San-Nicolas-de-Bari-sepulcro-Burgos-70083.jpg\" alt=\"\" class=\"wp-image-942\" srcset=\"https:\/\/turismoburgos.digital\/wp-content\/uploads\/2022\/02\/Iglesia-de-San-Nicolas-de-Bari-sepulcro-Burgos-70083.jpg 600w, https:\/\/turismoburgos.digital\/wp-content\/uploads\/2022\/02\/Iglesia-de-San-Nicolas-de-Bari-sepulcro-Burgos-70083-225x300.jpg 225w, https:\/\/turismoburgos.digital\/wp-content\/uploads\/2022\/02\/Iglesia-de-San-Nicolas-de-Bari-sepulcro-Burgos-70083-389x519.jpg 389w, https:\/\/turismoburgos.digital\/wp-content\/uploads\/2022\/02\/Iglesia-de-San-Nicolas-de-Bari-sepulcro-Burgos-70083-414x552.jpg 414w, https:\/\/turismoburgos.digital\/wp-content\/uploads\/2022\/02\/Iglesia-de-San-Nicolas-de-Bari-sepulcro-Burgos-70083-512x683.jpg 512w\" sizes=\"(max-width: 600px) 100vw, 600px\" \/><\/figure>\n\n\n\n<figure class=\"wp-block-image size-large\"><img loading=\"lazy\" width=\"580\" height=\"384\" data-id=\"941\"  src=\"http:\/\/turismoburgos.digital\/wp-content\/uploads\/2022\/02\/ret4.jpg\" alt=\"\" class=\"wp-image-941\" srcset=\"https:\/\/turismoburgos.digital\/wp-content\/uploads\/2022\/02\/ret4.jpg 580w, https:\/\/turismoburgos.digital\/wp-content\/uploads\/2022\/02\/ret4-300x199.jpg 300w, https:\/\/turismoburgos.digital\/wp-content\/uploads\/2022\/02\/ret4-389x258.jpg 389w, https:\/\/turismoburgos.digital\/wp-content\/uploads\/2022\/02\/ret4-414x274.jpg 414w, https:\/\/turismoburgos.digital\/wp-content\/uploads\/2022\/02\/ret4-512x339.jpg 512w\" sizes=\"(max-width: 580px) 100vw, 580px\" \/><\/figure>\n\n\n\n<figure class=\"wp-block-image size-large\"><img loading=\"lazy\" width=\"1024\" height=\"678\" data-id=\"945\"  src=\"http:\/\/turismoburgos.digital\/wp-content\/uploads\/2022\/02\/unnamed-1.jpg\" alt=\"\" class=\"wp-image-945\" srcset=\"https:\/\/turismoburgos.digital\/wp-content\/uploads\/2022\/02\/unnamed-1.jpg 1024w, https:\/\/turismoburgos.digital\/wp-content\/uploads\/2022\/02\/unnamed-1-300x199.jpg 300w, https:\/\/turismoburgos.digital\/wp-content\/uploads\/2022\/02\/unnamed-1-768x509.jpg 768w, https:\/\/turismoburgos.digital\/wp-content\/uploads\/2022\/02\/unnamed-1-389x258.jpg 389w, https:\/\/turismoburgos.digital\/wp-content\/uploads\/2022\/02\/unnamed-1-414x274.jpg 414w, https:\/\/turismoburgos.digital\/wp-content\/uploads\/2022\/02\/unnamed-1-800x530.jpg 800w, https:\/\/turismoburgos.digital\/wp-content\/uploads\/2022\/02\/unnamed-1-512x339.jpg 512w\" sizes=\"(max-width: 1024px) 100vw, 1024px\" \/><\/figure>\n<\/figure>\n\n\n\n<hr class=\"wp-block-separator\"\/>\n\n\n\n<p><strong>Calle de Fern\u00e1n Gonz\u00e1lez<\/strong><br><strong>09003 Burgos<\/strong><\/p>\n\n\n\n<p><strong>947 26 05 39<\/strong><\/p>\n\n\n\n<figure class=\"wp-block-embed is-type-link is-provider-maravillas-de-burgos wp-block-embed-maravillas-de-burgos\"><div class=\"wp-block-embed__wrapper\">\n<a href=\"https:\/\/maravillasdeburgos.wordpress.com\/2012\/03\/08\/iglesia-de-san-nicolas-de-bari\/\">Iglesia de San Nicol\u00e1s de&nbsp;Bari<\/a>\n<\/div><figcaption><a href=\"https:\/\/maravillasdeburgos.wordpress.com\/2012\/03\/08\/iglesia-de-san-nicolas-de-bari\/\" target=\"_blank\" rel=\"noreferrer noopener\">https:\/\/maravillasdeburgos.wordpress.com\/2012\/03\/08\/iglesia-de-san-nicolas-de-bari\/<\/a><\/figcaption><\/figure>\n\n\n\n<hr class=\"wp-block-separator\"\/>\n\n\n\n<div class=\"wp-container-1 wp-block-buttons\">\n<div class=\"wp-block-button\"><a class=\"wp-block-button__link\" href=\"https:\/\/www.google.com\/maps\/place\/Parroquia+de+San+Nicol%C3%A1s+de+Bari\/@42.340783,-3.7054769,15z\/data=!4m2!3m1!1s0x0:0xa32fed661dbee25b?sa=X&amp;hl=es&amp;ved=2ahUKEwj2z573l5P2AhWDOOwKHfx7D4oQ_BJ6BAgiEAU\" target=\"_blank\" rel=\"noreferrer noopener\">C\u00f3mo llegar<\/a><\/div>\n<\/div>\n\n\n\n<hr class=\"wp-block-separator\"\/>\n\n\n\n<hr class=\"wp-block-separator\"\/>\n","protected":false},"excerpt":{"rendered":"<p>Esta iglesia de apariencia humilde es el joyero de una maravilla ojival. La portada es sencilla y noble, pero las hojas de la puerta revelan &hellip;<\/p>\n","protected":false},"author":1,"featured_media":1399,"parent":0,"menu_order":0,"comment_status":"closed","ping_status":"closed","template":"","meta":{"_monsterinsights_skip_tracking":false,"_monsterinsights_sitenote_active":false,"_monsterinsights_sitenote_note":"","_monsterinsights_sitenote_category":0},"_links":{"self":[{"href":"https:\/\/turismoburgos.digital\/index.php\/wp-json\/wp\/v2\/pages\/242"}],"collection":[{"href":"https:\/\/turismoburgos.digital\/index.php\/wp-json\/wp\/v2\/pages"}],"about":[{"href":"https:\/\/turismoburgos.digital\/index.php\/wp-json\/wp\/v2\/types\/page"}],"author":[{"embeddable":true,"href":"https:\/\/turismoburgos.digital\/index.php\/wp-json\/wp\/v2\/users\/1"}],"replies":[{"embeddable":true,"href":"https:\/\/turismoburgos.digital\/index.php\/wp-json\/wp\/v2\/comments?post=242"}],"version-history":[{"count":3,"href":"https:\/\/turismoburgos.digital\/index.php\/wp-json\/wp\/v2\/pages\/242\/revisions"}],"predecessor-version":[{"id":1400,"href":"https:\/\/turismoburgos.digital\/index.php\/wp-json\/wp\/v2\/pages\/242\/revisions\/1400"}],"wp:featuredmedia":[{"embeddable":true,"href":"https:\/\/turismoburgos.digital\/index.php\/wp-json\/wp\/v2\/media\/1399"}],"wp:attachment":[{"href":"https:\/\/turismoburgos.digital\/index.php\/wp-json\/wp\/v2\/media?parent=242"}],"curies":[{"name":"wp","href":"https:\/\/api.w.org\/{rel}","templated":true}]}}