{"id":237,"date":"2022-02-20T22:03:59","date_gmt":"2022-02-20T22:03:59","guid":{"rendered":"http:\/\/turismoburgos.digital\/?page_id=237"},"modified":"2022-03-12T08:22:34","modified_gmt":"2022-03-12T08:22:34","slug":"iglesia-de-san-cosmen-y-san-damian","status":"publish","type":"page","link":"https:\/\/turismoburgos.digital\/index.php\/iglesia-de-san-cosmen-y-san-damian\/","title":{"rendered":"Iglesia de San Cosmen y San Dami\u00e1n"},"content":{"rendered":"\n<hr class=\"wp-block-separator\"\/>\n\n\n\n<figure class=\"wp-block-image size-full is-resized\"><img loading=\"lazy\" src=\"http:\/\/turismoburgos.digital\/wp-content\/uploads\/2022\/02\/san-cosme-y-san-damian-burgos-2.jpg\" alt=\"\" class=\"wp-image-890\" width=\"1240\" height=\"930\" srcset=\"https:\/\/turismoburgos.digital\/wp-content\/uploads\/2022\/02\/san-cosme-y-san-damian-burgos-2.jpg 1024w, https:\/\/turismoburgos.digital\/wp-content\/uploads\/2022\/02\/san-cosme-y-san-damian-burgos-2-300x225.jpg 300w, https:\/\/turismoburgos.digital\/wp-content\/uploads\/2022\/02\/san-cosme-y-san-damian-burgos-2-768x576.jpg 768w, https:\/\/turismoburgos.digital\/wp-content\/uploads\/2022\/02\/san-cosme-y-san-damian-burgos-2-389x292.jpg 389w, https:\/\/turismoburgos.digital\/wp-content\/uploads\/2022\/02\/san-cosme-y-san-damian-burgos-2-414x311.jpg 414w, https:\/\/turismoburgos.digital\/wp-content\/uploads\/2022\/02\/san-cosme-y-san-damian-burgos-2-800x600.jpg 800w, https:\/\/turismoburgos.digital\/wp-content\/uploads\/2022\/02\/san-cosme-y-san-damian-burgos-2-512x384.jpg 512w\" sizes=\"(max-width: 1240px) 100vw, 1240px\" \/><figcaption>Iglesia de San Cosmen y San Samian<\/figcaption><\/figure>\n\n\n\n<hr class=\"wp-block-separator\"\/>\n\n\n\n<p><strong>La iglesia de los Santos Cosme y Dami\u00e1n tiene una portada de Juan de Vallejo, contratada en 1552, y el enterramiento de Crist\u00f3bal de Andino, un genial rejero.<\/strong><br><strong>&nbsp;&nbsp;&nbsp;&nbsp;&nbsp;La portada plateresca es un fino fondo de la calle; sobre el arco, flanqueado por columnas y adornado con elegancia, un Calvario: Cristo tiene a sus lados a los dos ladrones y a Mar\u00eda y a Juan sobre sus cornucopias.<\/strong><br><strong>&nbsp;&nbsp;&nbsp;&nbsp;&nbsp;Los titulares del templo est\u00e1n dignamente presentados y el Padre Eterno asoma su luenga barba en un medall\u00f3n superior.<\/strong><br><strong>&nbsp;&nbsp;&nbsp;&nbsp;&nbsp;Del mismo estilo es el sepulcro de Crist\u00f3bal Andino y su mujer, de bultos m\u00e1s anchos que esbeltos. La Asunci\u00f3n se eleva bajo la concha y Mar\u00eda es coronada en el panel superior entre las armas de los Andino. Un Calvario cierra este conjunto.<\/strong><br><strong>&nbsp;&nbsp;&nbsp;&nbsp;&nbsp;El retablo es barroco y las tallas de buena hechura. En la sacrist\u00eda hay una tabla de siglo XV y un tr\u00edptico de XVI.<\/strong><\/p>\n\n\n\n<hr class=\"wp-block-separator\"\/>\n\n\n\n<figure class=\"wp-block-gallery has-nested-images columns-default is-cropped\">\n<figure class=\"wp-block-image size-large\"><img loading=\"lazy\" width=\"768\" height=\"1024\" data-id=\"892\"  src=\"http:\/\/turismoburgos.digital\/wp-content\/uploads\/2022\/02\/800px-Burgos_-_San_Cosme_y_San_Damian_03-768x1024.jpg\" alt=\"\" class=\"wp-image-892\" srcset=\"https:\/\/turismoburgos.digital\/wp-content\/uploads\/2022\/02\/800px-Burgos_-_San_Cosme_y_San_Damian_03-768x1024.jpg 768w, https:\/\/turismoburgos.digital\/wp-content\/uploads\/2022\/02\/800px-Burgos_-_San_Cosme_y_San_Damian_03-225x300.jpg 225w, https:\/\/turismoburgos.digital\/wp-content\/uploads\/2022\/02\/800px-Burgos_-_San_Cosme_y_San_Damian_03-389x519.jpg 389w, https:\/\/turismoburgos.digital\/wp-content\/uploads\/2022\/02\/800px-Burgos_-_San_Cosme_y_San_Damian_03-414x552.jpg 414w, https:\/\/turismoburgos.digital\/wp-content\/uploads\/2022\/02\/800px-Burgos_-_San_Cosme_y_San_Damian_03-512x683.jpg 512w, https:\/\/turismoburgos.digital\/wp-content\/uploads\/2022\/02\/800px-Burgos_-_San_Cosme_y_San_Damian_03.jpg 800w\" sizes=\"(max-width: 768px) 100vw, 768px\" \/><\/figure>\n\n\n\n<figure class=\"wp-block-image size-large\"><img loading=\"lazy\" width=\"768\" height=\"1024\" data-id=\"893\"  src=\"http:\/\/turismoburgos.digital\/wp-content\/uploads\/2022\/02\/800px-Burgos_-_San_Cosme_y_San_Damian_10-768x1024.jpg\" alt=\"\" class=\"wp-image-893\" srcset=\"https:\/\/turismoburgos.digital\/wp-content\/uploads\/2022\/02\/800px-Burgos_-_San_Cosme_y_San_Damian_10-768x1024.jpg 768w, https:\/\/turismoburgos.digital\/wp-content\/uploads\/2022\/02\/800px-Burgos_-_San_Cosme_y_San_Damian_10-225x300.jpg 225w, https:\/\/turismoburgos.digital\/wp-content\/uploads\/2022\/02\/800px-Burgos_-_San_Cosme_y_San_Damian_10-389x519.jpg 389w, https:\/\/turismoburgos.digital\/wp-content\/uploads\/2022\/02\/800px-Burgos_-_San_Cosme_y_San_Damian_10-414x552.jpg 414w, https:\/\/turismoburgos.digital\/wp-content\/uploads\/2022\/02\/800px-Burgos_-_San_Cosme_y_San_Damian_10-512x683.jpg 512w, https:\/\/turismoburgos.digital\/wp-content\/uploads\/2022\/02\/800px-Burgos_-_San_Cosme_y_San_Damian_10.jpg 800w\" sizes=\"(max-width: 768px) 100vw, 768px\" \/><\/figure>\n\n\n\n<figure class=\"wp-block-image size-large\"><img loading=\"lazy\" width=\"683\" height=\"1024\" data-id=\"894\"  src=\"http:\/\/turismoburgos.digital\/wp-content\/uploads\/2022\/02\/San_Cosme_y_San_Damian_Burgos_Presbiterio-683x1024.jpg\" alt=\"\" class=\"wp-image-894\" srcset=\"https:\/\/turismoburgos.digital\/wp-content\/uploads\/2022\/02\/San_Cosme_y_San_Damian_Burgos_Presbiterio-683x1024.jpg 683w, https:\/\/turismoburgos.digital\/wp-content\/uploads\/2022\/02\/San_Cosme_y_San_Damian_Burgos_Presbiterio-200x300.jpg 200w, https:\/\/turismoburgos.digital\/wp-content\/uploads\/2022\/02\/San_Cosme_y_San_Damian_Burgos_Presbiterio-768x1152.jpg 768w, https:\/\/turismoburgos.digital\/wp-content\/uploads\/2022\/02\/San_Cosme_y_San_Damian_Burgos_Presbiterio-389x584.jpg 389w, https:\/\/turismoburgos.digital\/wp-content\/uploads\/2022\/02\/San_Cosme_y_San_Damian_Burgos_Presbiterio-414x621.jpg 414w, https:\/\/turismoburgos.digital\/wp-content\/uploads\/2022\/02\/San_Cosme_y_San_Damian_Burgos_Presbiterio-512x768.jpg 512w, https:\/\/turismoburgos.digital\/wp-content\/uploads\/2022\/02\/San_Cosme_y_San_Damian_Burgos_Presbiterio.jpg 800w\" sizes=\"(max-width: 683px) 100vw, 683px\" \/><\/figure>\n\n\n\n<figure class=\"wp-block-image size-large\"><img loading=\"lazy\" width=\"660\" height=\"365\" data-id=\"895\"  src=\"http:\/\/turismoburgos.digital\/wp-content\/uploads\/2022\/02\/colegiata_covarrubias_t0900114.jpg_1306973099.jpg\" alt=\"\" class=\"wp-image-895\" srcset=\"https:\/\/turismoburgos.digital\/wp-content\/uploads\/2022\/02\/colegiata_covarrubias_t0900114.jpg_1306973099.jpg 660w, https:\/\/turismoburgos.digital\/wp-content\/uploads\/2022\/02\/colegiata_covarrubias_t0900114.jpg_1306973099-300x166.jpg 300w, https:\/\/turismoburgos.digital\/wp-content\/uploads\/2022\/02\/colegiata_covarrubias_t0900114.jpg_1306973099-389x215.jpg 389w, https:\/\/turismoburgos.digital\/wp-content\/uploads\/2022\/02\/colegiata_covarrubias_t0900114.jpg_1306973099-414x229.jpg 414w, https:\/\/turismoburgos.digital\/wp-content\/uploads\/2022\/02\/colegiata_covarrubias_t0900114.jpg_1306973099-512x283.jpg 512w\" sizes=\"(max-width: 660px) 100vw, 660px\" \/><\/figure>\n\n\n\n<figure class=\"wp-block-image size-large\"><img loading=\"lazy\" width=\"1024\" height=\"683\" data-id=\"897\"  src=\"http:\/\/turismoburgos.digital\/wp-content\/uploads\/2022\/02\/manifestador-san-cosme-y-san-damian.jpg\" alt=\"\" class=\"wp-image-897\" srcset=\"https:\/\/turismoburgos.digital\/wp-content\/uploads\/2022\/02\/manifestador-san-cosme-y-san-damian.jpg 1024w, https:\/\/turismoburgos.digital\/wp-content\/uploads\/2022\/02\/manifestador-san-cosme-y-san-damian-300x200.jpg 300w, https:\/\/turismoburgos.digital\/wp-content\/uploads\/2022\/02\/manifestador-san-cosme-y-san-damian-768x512.jpg 768w, https:\/\/turismoburgos.digital\/wp-content\/uploads\/2022\/02\/manifestador-san-cosme-y-san-damian-389x259.jpg 389w, https:\/\/turismoburgos.digital\/wp-content\/uploads\/2022\/02\/manifestador-san-cosme-y-san-damian-414x276.jpg 414w, https:\/\/turismoburgos.digital\/wp-content\/uploads\/2022\/02\/manifestador-san-cosme-y-san-damian-800x534.jpg 800w, https:\/\/turismoburgos.digital\/wp-content\/uploads\/2022\/02\/manifestador-san-cosme-y-san-damian-512x342.jpg 512w\" sizes=\"(max-width: 1024px) 100vw, 1024px\" \/><\/figure>\n\n\n\n<figure class=\"wp-block-image size-large\"><img loading=\"lazy\" width=\"660\" height=\"365\" data-id=\"896\"  src=\"http:\/\/turismoburgos.digital\/wp-content\/uploads\/2022\/02\/o_colegiata_covarrubias_sarcofago_romano_t0900110.jpg_1306973099.jpg\" alt=\"\" class=\"wp-image-896\" srcset=\"https:\/\/turismoburgos.digital\/wp-content\/uploads\/2022\/02\/o_colegiata_covarrubias_sarcofago_romano_t0900110.jpg_1306973099.jpg 660w, https:\/\/turismoburgos.digital\/wp-content\/uploads\/2022\/02\/o_colegiata_covarrubias_sarcofago_romano_t0900110.jpg_1306973099-300x166.jpg 300w, https:\/\/turismoburgos.digital\/wp-content\/uploads\/2022\/02\/o_colegiata_covarrubias_sarcofago_romano_t0900110.jpg_1306973099-389x215.jpg 389w, https:\/\/turismoburgos.digital\/wp-content\/uploads\/2022\/02\/o_colegiata_covarrubias_sarcofago_romano_t0900110.jpg_1306973099-414x229.jpg 414w, https:\/\/turismoburgos.digital\/wp-content\/uploads\/2022\/02\/o_colegiata_covarrubias_sarcofago_romano_t0900110.jpg_1306973099-512x283.jpg 512w\" sizes=\"(max-width: 660px) 100vw, 660px\" \/><\/figure>\n<\/figure>\n\n\n\n<hr class=\"wp-block-separator\"\/>\n\n\n\n<p><strong>Calle San Cosme, 21<\/strong><br><strong>09002 Burgos<\/strong><\/p>\n\n\n\n<p><strong>660 18 57 18<\/strong><\/p>\n\n\n\n<p><a href=\"https:\/\/es.wikipedia.org\/wiki\/Iglesia_de_San_Cosme_y_San_Dami%C3%A1n_(Burgos)\" target=\"_blank\" rel=\"noreferrer noopener\">https:\/\/es.wikipedia.org\/wiki\/Iglesia_de_San_Cosme_y_San_Dami%C3%A1n_(Burgos)<\/a><\/p>\n\n\n\n<hr class=\"wp-block-separator\"\/>\n\n\n\n<div class=\"wp-container-1 wp-block-buttons\">\n<div class=\"wp-block-button\"><a class=\"wp-block-button__link\" href=\"https:\/\/www.google.com\/maps\/place\/San+Cosme+y+San+Dami%C3%A1n\/@42.3369034,-3.7022538,15z\/data=!4m2!3m1!1s0x0:0x5082841561fdd30b?sa=X&amp;ved=2ahUKEwjc-oCckJP2AhUC7rsIHeJGCDMQ_BJ6BAgkEAU\" target=\"_blank\" rel=\"noreferrer noopener\">C\u00f3mo llegar<\/a><\/div>\n<\/div>\n\n\n\n<hr class=\"wp-block-separator\"\/>\n\n\n\n<hr class=\"wp-block-separator\"\/>\n","protected":false},"excerpt":{"rendered":"<p>La iglesia de los Santos Cosme y Dami\u00e1n tiene una portada de Juan de Vallejo, contratada en 1552, y el enterramiento de Crist\u00f3bal de Andino, &hellip;<\/p>\n","protected":false},"author":1,"featured_media":1388,"parent":0,"menu_order":0,"comment_status":"closed","ping_status":"closed","template":"","meta":{"_monsterinsights_skip_tracking":false,"_monsterinsights_sitenote_active":false,"_monsterinsights_sitenote_note":"","_monsterinsights_sitenote_category":0},"_links":{"self":[{"href":"https:\/\/turismoburgos.digital\/index.php\/wp-json\/wp\/v2\/pages\/237"}],"collection":[{"href":"https:\/\/turismoburgos.digital\/index.php\/wp-json\/wp\/v2\/pages"}],"about":[{"href":"https:\/\/turismoburgos.digital\/index.php\/wp-json\/wp\/v2\/types\/page"}],"author":[{"embeddable":true,"href":"https:\/\/turismoburgos.digital\/index.php\/wp-json\/wp\/v2\/users\/1"}],"replies":[{"embeddable":true,"href":"https:\/\/turismoburgos.digital\/index.php\/wp-json\/wp\/v2\/comments?post=237"}],"version-history":[{"count":3,"href":"https:\/\/turismoburgos.digital\/index.php\/wp-json\/wp\/v2\/pages\/237\/revisions"}],"predecessor-version":[{"id":1389,"href":"https:\/\/turismoburgos.digital\/index.php\/wp-json\/wp\/v2\/pages\/237\/revisions\/1389"}],"wp:featuredmedia":[{"embeddable":true,"href":"https:\/\/turismoburgos.digital\/index.php\/wp-json\/wp\/v2\/media\/1388"}],"wp:attachment":[{"href":"https:\/\/turismoburgos.digital\/index.php\/wp-json\/wp\/v2\/media?parent=237"}],"curies":[{"name":"wp","href":"https:\/\/api.w.org\/{rel}","templated":true}]}}

Iglesia de San Cosmen y San Damián

<hr class="wp-block-separator"/>



<figure class="wp-block-image size-full is-resized"><img loading="lazy" src="http://turismoburgos.digital/wp-content/uploads/2022/02/san-cosme-y-san-damian-burgos-2.jpg" alt="" class="wp-image-890" width="1240" height="930" srcset="https://turismoburgos.digital/wp-content/uploads/2022/02/san-cosme-y-san-damian-burgos-2.jpg 1024w, https://turismoburgos.digital/wp-content/uploads/2022/02/san-cosme-y-san-damian-burgos-2-300x225.jpg 300w, https://turismoburgos.digital/wp-content/uploads/2022/02/san-cosme-y-san-damian-burgos-2-768x576.jpg 768w, https://turismoburgos.digital/wp-content/uploads/2022/02/san-cosme-y-san-damian-burgos-2-389x292.jpg 389w, https://turismoburgos.digital/wp-content/uploads/2022/02/san-cosme-y-san-damian-burgos-2-414x311.jpg 414w, https://turismoburgos.digital/wp-content/uploads/2022/02/san-cosme-y-san-damian-burgos-2-800x600.jpg 800w, https://turismoburgos.digital/wp-content/uploads/2022/02/san-cosme-y-san-damian-burgos-2-512x384.jpg 512w" sizes="(max-width: 1240px) 100vw, 1240px" /><figcaption>Iglesia de San Cosmen y San Samian</figcaption></figure>



<hr class="wp-block-separator"/>



<p><strong>La iglesia de los Santos Cosme y Damián tiene una portada de Juan de Vallejo, contratada en 1552, y el enterramiento de Cristóbal de Andino, un genial rejero.</strong><br><strong>&nbsp;&nbsp;&nbsp;&nbsp;&nbsp;La portada plateresca es un fino fondo de la calle; sobre el arco, flanqueado por columnas y adornado con elegancia, un Calvario: Cristo tiene a sus lados a los dos ladrones y a María y a Juan sobre sus cornucopias.</strong><br><strong>&nbsp;&nbsp;&nbsp;&nbsp;&nbsp;Los titulares del templo están dignamente presentados y el Padre Eterno asoma su luenga barba en un medallón superior.</strong><br><strong>&nbsp;&nbsp;&nbsp;&nbsp;&nbsp;Del mismo estilo es el sepulcro de Cristóbal Andino y su mujer, de bultos más anchos que esbeltos. La Asunción se eleva bajo la concha y María es coronada en el panel superior entre las armas de los Andino. Un Calvario cierra este conjunto.</strong><br><strong>&nbsp;&nbsp;&nbsp;&nbsp;&nbsp;El retablo es barroco y las tallas de buena hechura. En la sacristía hay una tabla de siglo XV y un tríptico de XVI.</strong></p>



<hr class="wp-block-separator"/>



<figure class="wp-block-gallery has-nested-images columns-default is-cropped">
<figure class="wp-block-image size-large"><img loading="lazy" width="768" height="1024" data-id="892"  src="http://turismoburgos.digital/wp-content/uploads/2022/02/800px-Burgos_-_San_Cosme_y_San_Damian_03-768x1024.jpg" alt="" class="wp-image-892" srcset="https://turismoburgos.digital/wp-content/uploads/2022/02/800px-Burgos_-_San_Cosme_y_San_Damian_03-768x1024.jpg 768w, https://turismoburgos.digital/wp-content/uploads/2022/02/800px-Burgos_-_San_Cosme_y_San_Damian_03-225x300.jpg 225w, https://turismoburgos.digital/wp-content/uploads/2022/02/800px-Burgos_-_San_Cosme_y_San_Damian_03-389x519.jpg 389w, https://turismoburgos.digital/wp-content/uploads/2022/02/800px-Burgos_-_San_Cosme_y_San_Damian_03-414x552.jpg 414w, https://turismoburgos.digital/wp-content/uploads/2022/02/800px-Burgos_-_San_Cosme_y_San_Damian_03-512x683.jpg 512w, https://turismoburgos.digital/wp-content/uploads/2022/02/800px-Burgos_-_San_Cosme_y_San_Damian_03.jpg 800w" sizes="(max-width: 768px) 100vw, 768px" /></figure>



<figure class="wp-block-image size-large"><img loading="lazy" width="768" height="1024" data-id="893"  src="http://turismoburgos.digital/wp-content/uploads/2022/02/800px-Burgos_-_San_Cosme_y_San_Damian_10-768x1024.jpg" alt="" class="wp-image-893" srcset="https://turismoburgos.digital/wp-content/uploads/2022/02/800px-Burgos_-_San_Cosme_y_San_Damian_10-768x1024.jpg 768w, https://turismoburgos.digital/wp-content/uploads/2022/02/800px-Burgos_-_San_Cosme_y_San_Damian_10-225x300.jpg 225w, https://turismoburgos.digital/wp-content/uploads/2022/02/800px-Burgos_-_San_Cosme_y_San_Damian_10-389x519.jpg 389w, https://turismoburgos.digital/wp-content/uploads/2022/02/800px-Burgos_-_San_Cosme_y_San_Damian_10-414x552.jpg 414w, https://turismoburgos.digital/wp-content/uploads/2022/02/800px-Burgos_-_San_Cosme_y_San_Damian_10-512x683.jpg 512w, https://turismoburgos.digital/wp-content/uploads/2022/02/800px-Burgos_-_San_Cosme_y_San_Damian_10.jpg 800w" sizes="(max-width: 768px) 100vw, 768px" /></figure>



<figure class="wp-block-image size-large"><img loading="lazy" width="683" height="1024" data-id="894"  src="http://turismoburgos.digital/wp-content/uploads/2022/02/San_Cosme_y_San_Damian_Burgos_Presbiterio-683x1024.jpg" alt="" class="wp-image-894" srcset="https://turismoburgos.digital/wp-content/uploads/2022/02/San_Cosme_y_San_Damian_Burgos_Presbiterio-683x1024.jpg 683w, https://turismoburgos.digital/wp-content/uploads/2022/02/San_Cosme_y_San_Damian_Burgos_Presbiterio-200x300.jpg 200w, https://turismoburgos.digital/wp-content/uploads/2022/02/San_Cosme_y_San_Damian_Burgos_Presbiterio-768x1152.jpg 768w, https://turismoburgos.digital/wp-content/uploads/2022/02/San_Cosme_y_San_Damian_Burgos_Presbiterio-389x584.jpg 389w, https://turismoburgos.digital/wp-content/uploads/2022/02/San_Cosme_y_San_Damian_Burgos_Presbiterio-414x621.jpg 414w, https://turismoburgos.digital/wp-content/uploads/2022/02/San_Cosme_y_San_Damian_Burgos_Presbiterio-512x768.jpg 512w, https://turismoburgos.digital/wp-content/uploads/2022/02/San_Cosme_y_San_Damian_Burgos_Presbiterio.jpg 800w" sizes="(max-width: 683px) 100vw, 683px" /></figure>



<figure class="wp-block-image size-large"><img loading="lazy" width="660" height="365" data-id="895"  src="http://turismoburgos.digital/wp-content/uploads/2022/02/colegiata_covarrubias_t0900114.jpg_1306973099.jpg" alt="" class="wp-image-895" srcset="https://turismoburgos.digital/wp-content/uploads/2022/02/colegiata_covarrubias_t0900114.jpg_1306973099.jpg 660w, https://turismoburgos.digital/wp-content/uploads/2022/02/colegiata_covarrubias_t0900114.jpg_1306973099-300x166.jpg 300w, https://turismoburgos.digital/wp-content/uploads/2022/02/colegiata_covarrubias_t0900114.jpg_1306973099-389x215.jpg 389w, https://turismoburgos.digital/wp-content/uploads/2022/02/colegiata_covarrubias_t0900114.jpg_1306973099-414x229.jpg 414w, https://turismoburgos.digital/wp-content/uploads/2022/02/colegiata_covarrubias_t0900114.jpg_1306973099-512x283.jpg 512w" sizes="(max-width: 660px) 100vw, 660px" /></figure>



<figure class="wp-block-image size-large"><img loading="lazy" width="1024" height="683" data-id="897"  src="http://turismoburgos.digital/wp-content/uploads/2022/02/manifestador-san-cosme-y-san-damian.jpg" alt="" class="wp-image-897" srcset="https://turismoburgos.digital/wp-content/uploads/2022/02/manifestador-san-cosme-y-san-damian.jpg 1024w, https://turismoburgos.digital/wp-content/uploads/2022/02/manifestador-san-cosme-y-san-damian-300x200.jpg 300w, https://turismoburgos.digital/wp-content/uploads/2022/02/manifestador-san-cosme-y-san-damian-768x512.jpg 768w, https://turismoburgos.digital/wp-content/uploads/2022/02/manifestador-san-cosme-y-san-damian-389x259.jpg 389w, https://turismoburgos.digital/wp-content/uploads/2022/02/manifestador-san-cosme-y-san-damian-414x276.jpg 414w, https://turismoburgos.digital/wp-content/uploads/2022/02/manifestador-san-cosme-y-san-damian-800x534.jpg 800w, https://turismoburgos.digital/wp-content/uploads/2022/02/manifestador-san-cosme-y-san-damian-512x342.jpg 512w" sizes="(max-width: 1024px) 100vw, 1024px" /></figure>



<figure class="wp-block-image size-large"><img loading="lazy" width="660" height="365" data-id="896"  src="http://turismoburgos.digital/wp-content/uploads/2022/02/o_colegiata_covarrubias_sarcofago_romano_t0900110.jpg_1306973099.jpg" alt="" class="wp-image-896" srcset="https://turismoburgos.digital/wp-content/uploads/2022/02/o_colegiata_covarrubias_sarcofago_romano_t0900110.jpg_1306973099.jpg 660w, https://turismoburgos.digital/wp-content/uploads/2022/02/o_colegiata_covarrubias_sarcofago_romano_t0900110.jpg_1306973099-300x166.jpg 300w, https://turismoburgos.digital/wp-content/uploads/2022/02/o_colegiata_covarrubias_sarcofago_romano_t0900110.jpg_1306973099-389x215.jpg 389w, https://turismoburgos.digital/wp-content/uploads/2022/02/o_colegiata_covarrubias_sarcofago_romano_t0900110.jpg_1306973099-414x229.jpg 414w, https://turismoburgos.digital/wp-content/uploads/2022/02/o_colegiata_covarrubias_sarcofago_romano_t0900110.jpg_1306973099-512x283.jpg 512w" sizes="(max-width: 660px) 100vw, 660px" /></figure>
</figure>



<hr class="wp-block-separator"/>



<p><strong>Calle San Cosme, 21</strong><br><strong>09002 Burgos</strong></p>



<p><strong>660 18 57 18</strong></p>



<p><a href="https://es.wikipedia.org/wiki/Iglesia_de_San_Cosme_y_San_Dami%C3%A1n_(Burgos)" target="_blank" rel="noreferrer noopener">https://es.wikipedia.org/wiki/Iglesia_de_San_Cosme_y_San_Dami%C3%A1n_(Burgos)</a></p>



<hr class="wp-block-separator"/>



<div class="wp-container-1 wp-block-buttons">
<div class="wp-block-button"><a class="wp-block-button__link" href="https://www.google.com/maps/place/San+Cosme+y+San+Dami%C3%A1n/@42.3369034,-3.7022538,15z/data=!4m2!3m1!1s0x0:0x5082841561fdd30b?sa=X&amp;ved=2ahUKEwjc-oCckJP2AhUC7rsIHeJGCDMQ_BJ6BAgkEAU" target="_blank" rel="noreferrer noopener">Cómo llegar</a></div>
</div>



<hr class="wp-block-separator"/>



<hr class="wp-block-separator"/>

<p>La iglesia de los Santos Cosme y Damián tiene una portada de Juan de Vallejo, contratada en 1552, y el enterramiento de Cristóbal de Andino, &hellip;</p>
