{"id":236,"date":"2022-02-20T22:03:59","date_gmt":"2022-02-20T22:03:59","guid":{"rendered":"http:\/\/turismoburgos.digital\/?page_id=236"},"modified":"2022-03-12T08:20:14","modified_gmt":"2022-03-12T08:20:14","slug":"iglesia-del-carmen","status":"publish","type":"page","link":"https:\/\/turismoburgos.digital\/index.php\/iglesia-del-carmen\/","title":{"rendered":"Iglesia del Carmen"},"content":{"rendered":"\n<hr class=\"wp-block-separator\"\/>\n\n\n\n<figure class=\"wp-block-image size-large is-resized\"><img loading=\"lazy\" src=\"http:\/\/turismoburgos.digital\/wp-content\/uploads\/2022\/02\/Burgos_-Iglesia_del_Carmen_PP_Carmelitas_Descalzos_5-2-1024x706.jpg\" alt=\"\" class=\"wp-image-883\" width=\"1242\" height=\"856\" srcset=\"https:\/\/turismoburgos.digital\/wp-content\/uploads\/2022\/02\/Burgos_-Iglesia_del_Carmen_PP_Carmelitas_Descalzos_5-2-1024x706.jpg 1024w, https:\/\/turismoburgos.digital\/wp-content\/uploads\/2022\/02\/Burgos_-Iglesia_del_Carmen_PP_Carmelitas_Descalzos_5-2-300x207.jpg 300w, https:\/\/turismoburgos.digital\/wp-content\/uploads\/2022\/02\/Burgos_-Iglesia_del_Carmen_PP_Carmelitas_Descalzos_5-2-768x529.jpg 768w, https:\/\/turismoburgos.digital\/wp-content\/uploads\/2022\/02\/Burgos_-Iglesia_del_Carmen_PP_Carmelitas_Descalzos_5-2-389x268.jpg 389w, https:\/\/turismoburgos.digital\/wp-content\/uploads\/2022\/02\/Burgos_-Iglesia_del_Carmen_PP_Carmelitas_Descalzos_5-2-414x285.jpg 414w, https:\/\/turismoburgos.digital\/wp-content\/uploads\/2022\/02\/Burgos_-Iglesia_del_Carmen_PP_Carmelitas_Descalzos_5-2-800x551.jpg 800w, https:\/\/turismoburgos.digital\/wp-content\/uploads\/2022\/02\/Burgos_-Iglesia_del_Carmen_PP_Carmelitas_Descalzos_5-2-512x353.jpg 512w, https:\/\/turismoburgos.digital\/wp-content\/uploads\/2022\/02\/Burgos_-Iglesia_del_Carmen_PP_Carmelitas_Descalzos_5-2.jpg 1200w\" sizes=\"(max-width: 1242px) 100vw, 1242px\" \/><figcaption>Iglesia del Carmen<\/figcaption><\/figure>\n\n\n\n<hr class=\"wp-block-separator\"\/>\n\n\n\n<p><strong>El Paseo del Empecinado se llam\u00f3 antes de las Delicias. Los Padres Carmelitas, establecidos aqu\u00ed a principios del siglo XVII, se preocuparon de los aleda\u00f1os de su convento, creando un paseo en el cual s\u00f3lo ellos pod\u00edan plantar y podar \u00e1rboles.<\/strong><br><strong>&nbsp;&nbsp;&nbsp;&nbsp;&nbsp;La antigua iglesia ha sido sustituida por \u00e9sta moderna. Cobija un excelente relieve de la Soledad, obra de Gregorio Hern\u00e1ndez y un monumental Cristo en su agon\u00eda, presidiendo el altar mayor.<\/strong><\/p>\n\n\n\n<hr class=\"wp-block-separator\"\/>\n\n\n\n<figure class=\"wp-block-gallery has-nested-images columns-default is-cropped\">\n<figure class=\"wp-block-image size-large\"><img loading=\"lazy\" width=\"800\" height=\"1001\" data-id=\"885\"  src=\"http:\/\/turismoburgos.digital\/wp-content\/uploads\/2022\/02\/800px-Burgos_-Iglesia_del_Carmen_PP_Carmelitas_Descalzos_3.jpg\" alt=\"\" class=\"wp-image-885\" srcset=\"https:\/\/turismoburgos.digital\/wp-content\/uploads\/2022\/02\/800px-Burgos_-Iglesia_del_Carmen_PP_Carmelitas_Descalzos_3.jpg 800w, https:\/\/turismoburgos.digital\/wp-content\/uploads\/2022\/02\/800px-Burgos_-Iglesia_del_Carmen_PP_Carmelitas_Descalzos_3-240x300.jpg 240w, https:\/\/turismoburgos.digital\/wp-content\/uploads\/2022\/02\/800px-Burgos_-Iglesia_del_Carmen_PP_Carmelitas_Descalzos_3-768x961.jpg 768w, https:\/\/turismoburgos.digital\/wp-content\/uploads\/2022\/02\/800px-Burgos_-Iglesia_del_Carmen_PP_Carmelitas_Descalzos_3-389x487.jpg 389w, https:\/\/turismoburgos.digital\/wp-content\/uploads\/2022\/02\/800px-Burgos_-Iglesia_del_Carmen_PP_Carmelitas_Descalzos_3-414x518.jpg 414w, https:\/\/turismoburgos.digital\/wp-content\/uploads\/2022\/02\/800px-Burgos_-Iglesia_del_Carmen_PP_Carmelitas_Descalzos_3-512x641.jpg 512w\" sizes=\"(max-width: 800px) 100vw, 800px\" \/><\/figure>\n\n\n\n<figure class=\"wp-block-image size-large\"><img loading=\"lazy\" width=\"682\" height=\"1024\" data-id=\"887\"  src=\"http:\/\/turismoburgos.digital\/wp-content\/uploads\/2022\/02\/800px-IMG-piedadgregoriofernandez-WA0010-682x1024.jpg\" alt=\"\" class=\"wp-image-887\" srcset=\"https:\/\/turismoburgos.digital\/wp-content\/uploads\/2022\/02\/800px-IMG-piedadgregoriofernandez-WA0010-682x1024.jpg 682w, https:\/\/turismoburgos.digital\/wp-content\/uploads\/2022\/02\/800px-IMG-piedadgregoriofernandez-WA0010-200x300.jpg 200w, https:\/\/turismoburgos.digital\/wp-content\/uploads\/2022\/02\/800px-IMG-piedadgregoriofernandez-WA0010-768x1153.jpg 768w, https:\/\/turismoburgos.digital\/wp-content\/uploads\/2022\/02\/800px-IMG-piedadgregoriofernandez-WA0010-389x584.jpg 389w, https:\/\/turismoburgos.digital\/wp-content\/uploads\/2022\/02\/800px-IMG-piedadgregoriofernandez-WA0010-414x622.jpg 414w, https:\/\/turismoburgos.digital\/wp-content\/uploads\/2022\/02\/800px-IMG-piedadgregoriofernandez-WA0010-512x769.jpg 512w, https:\/\/turismoburgos.digital\/wp-content\/uploads\/2022\/02\/800px-IMG-piedadgregoriofernandez-WA0010.jpg 800w\" sizes=\"(max-width: 682px) 100vw, 682px\" \/><\/figure>\n\n\n\n<figure class=\"wp-block-image size-large\"><img loading=\"lazy\" width=\"640\" height=\"227\" data-id=\"886\"  src=\"http:\/\/turismoburgos.digital\/wp-content\/uploads\/2022\/02\/1301912498_0.jpg\" alt=\"\" class=\"wp-image-886\" srcset=\"https:\/\/turismoburgos.digital\/wp-content\/uploads\/2022\/02\/1301912498_0.jpg 640w, https:\/\/turismoburgos.digital\/wp-content\/uploads\/2022\/02\/1301912498_0-300x106.jpg 300w, https:\/\/turismoburgos.digital\/wp-content\/uploads\/2022\/02\/1301912498_0-389x138.jpg 389w, https:\/\/turismoburgos.digital\/wp-content\/uploads\/2022\/02\/1301912498_0-414x147.jpg 414w, https:\/\/turismoburgos.digital\/wp-content\/uploads\/2022\/02\/1301912498_0-512x182.jpg 512w\" sizes=\"(max-width: 640px) 100vw, 640px\" \/><\/figure>\n\n\n\n<figure class=\"wp-block-image size-large\"><img loading=\"lazy\" width=\"450\" height=\"266\" data-id=\"888\"  src=\"http:\/\/turismoburgos.digital\/wp-content\/uploads\/2022\/02\/burgos-interior.jpg\" alt=\"\" class=\"wp-image-888\" srcset=\"https:\/\/turismoburgos.digital\/wp-content\/uploads\/2022\/02\/burgos-interior.jpg 450w, https:\/\/turismoburgos.digital\/wp-content\/uploads\/2022\/02\/burgos-interior-300x177.jpg 300w, https:\/\/turismoburgos.digital\/wp-content\/uploads\/2022\/02\/burgos-interior-389x230.jpg 389w, https:\/\/turismoburgos.digital\/wp-content\/uploads\/2022\/02\/burgos-interior-414x245.jpg 414w\" sizes=\"(max-width: 450px) 100vw, 450px\" \/><\/figure>\n<\/figure>\n\n\n\n<hr class=\"wp-block-separator\"\/>\n\n\n\n<p><strong>Calle del Carmen, 2<\/strong><br><strong>09001 Burgos<\/strong><\/p>\n\n\n\n<p><a href=\"https:\/\/es.wikipedia.org\/wiki\/Iglesia_del_Carmen_(Burgos)\" target=\"_blank\" rel=\"noreferrer noopener\">https:\/\/es.wikipedia.org\/wiki\/Iglesia_del_Carmen_(Burgos)<\/a><\/p>\n\n\n\n<hr class=\"wp-block-separator\"\/>\n\n\n\n<div class=\"wp-container-1 wp-block-buttons\">\n<div class=\"wp-block-button\"><a class=\"wp-block-button__link\" href=\"\" target=\"_blank\" rel=\"noreferrer noopener\">C\u00f3mo llegar<\/a><\/div>\n<\/div>\n\n\n\n<hr class=\"wp-block-separator\"\/>\n\n\n\n<hr class=\"wp-block-separator\"\/>\n","protected":false},"excerpt":{"rendered":"<p>El Paseo del Empecinado se llam\u00f3 antes de las Delicias. Los Padres Carmelitas, establecidos aqu\u00ed a principios del siglo XVII, se preocuparon de los aleda\u00f1os &hellip;<\/p>\n","protected":false},"author":1,"featured_media":1386,"parent":0,"menu_order":0,"comment_status":"closed","ping_status":"closed","template":"","meta":{"_monsterinsights_skip_tracking":false,"_monsterinsights_sitenote_active":false,"_monsterinsights_sitenote_note":"","_monsterinsights_sitenote_category":0},"_links":{"self":[{"href":"https:\/\/turismoburgos.digital\/index.php\/wp-json\/wp\/v2\/pages\/236"}],"collection":[{"href":"https:\/\/turismoburgos.digital\/index.php\/wp-json\/wp\/v2\/pages"}],"about":[{"href":"https:\/\/turismoburgos.digital\/index.php\/wp-json\/wp\/v2\/types\/page"}],"author":[{"embeddable":true,"href":"https:\/\/turismoburgos.digital\/index.php\/wp-json\/wp\/v2\/users\/1"}],"replies":[{"embeddable":true,"href":"https:\/\/turismoburgos.digital\/index.php\/wp-json\/wp\/v2\/comments?post=236"}],"version-history":[{"count":3,"href":"https:\/\/turismoburgos.digital\/index.php\/wp-json\/wp\/v2\/pages\/236\/revisions"}],"predecessor-version":[{"id":1387,"href":"https:\/\/turismoburgos.digital\/index.php\/wp-json\/wp\/v2\/pages\/236\/revisions\/1387"}],"wp:featuredmedia":[{"embeddable":true,"href":"https:\/\/turismoburgos.digital\/index.php\/wp-json\/wp\/v2\/media\/1386"}],"wp:attachment":[{"href":"https:\/\/turismoburgos.digital\/index.php\/wp-json\/wp\/v2\/media?parent=236"}],"curies":[{"name":"wp","href":"https:\/\/api.w.org\/{rel}","templated":true}]}}

<hr class="wp-block-separator"/>



<figure class="wp-block-image size-large is-resized"><img loading="lazy" src="http://turismoburgos.digital/wp-content/uploads/2022/02/Burgos_-Iglesia_del_Carmen_PP_Carmelitas_Descalzos_5-2-1024x706.jpg" alt="" class="wp-image-883" width="1242" height="856" srcset="https://turismoburgos.digital/wp-content/uploads/2022/02/Burgos_-Iglesia_del_Carmen_PP_Carmelitas_Descalzos_5-2-1024x706.jpg 1024w, https://turismoburgos.digital/wp-content/uploads/2022/02/Burgos_-Iglesia_del_Carmen_PP_Carmelitas_Descalzos_5-2-300x207.jpg 300w, https://turismoburgos.digital/wp-content/uploads/2022/02/Burgos_-Iglesia_del_Carmen_PP_Carmelitas_Descalzos_5-2-768x529.jpg 768w, https://turismoburgos.digital/wp-content/uploads/2022/02/Burgos_-Iglesia_del_Carmen_PP_Carmelitas_Descalzos_5-2-389x268.jpg 389w, https://turismoburgos.digital/wp-content/uploads/2022/02/Burgos_-Iglesia_del_Carmen_PP_Carmelitas_Descalzos_5-2-414x285.jpg 414w, https://turismoburgos.digital/wp-content/uploads/2022/02/Burgos_-Iglesia_del_Carmen_PP_Carmelitas_Descalzos_5-2-800x551.jpg 800w, https://turismoburgos.digital/wp-content/uploads/2022/02/Burgos_-Iglesia_del_Carmen_PP_Carmelitas_Descalzos_5-2-512x353.jpg 512w, https://turismoburgos.digital/wp-content/uploads/2022/02/Burgos_-Iglesia_del_Carmen_PP_Carmelitas_Descalzos_5-2.jpg 1200w" sizes="(max-width: 1242px) 100vw, 1242px" /><figcaption>Iglesia del Carmen</figcaption></figure>



<hr class="wp-block-separator"/>



<p><strong>El Paseo del Empecinado se llamó antes de las Delicias. Los Padres Carmelitas, establecidos aquí a principios del siglo XVII, se preocuparon de los aledaños de su convento, creando un paseo en el cual sólo ellos podían plantar y podar árboles.</strong><br><strong>&nbsp;&nbsp;&nbsp;&nbsp;&nbsp;La antigua iglesia ha sido sustituida por ésta moderna. Cobija un excelente relieve de la Soledad, obra de Gregorio Hernández y un monumental Cristo en su agonía, presidiendo el altar mayor.</strong></p>



<hr class="wp-block-separator"/>



<figure class="wp-block-gallery has-nested-images columns-default is-cropped">
<figure class="wp-block-image size-large"><img loading="lazy" width="800" height="1001" data-id="885"  src="http://turismoburgos.digital/wp-content/uploads/2022/02/800px-Burgos_-Iglesia_del_Carmen_PP_Carmelitas_Descalzos_3.jpg" alt="" class="wp-image-885" srcset="https://turismoburgos.digital/wp-content/uploads/2022/02/800px-Burgos_-Iglesia_del_Carmen_PP_Carmelitas_Descalzos_3.jpg 800w, https://turismoburgos.digital/wp-content/uploads/2022/02/800px-Burgos_-Iglesia_del_Carmen_PP_Carmelitas_Descalzos_3-240x300.jpg 240w, https://turismoburgos.digital/wp-content/uploads/2022/02/800px-Burgos_-Iglesia_del_Carmen_PP_Carmelitas_Descalzos_3-768x961.jpg 768w, https://turismoburgos.digital/wp-content/uploads/2022/02/800px-Burgos_-Iglesia_del_Carmen_PP_Carmelitas_Descalzos_3-389x487.jpg 389w, https://turismoburgos.digital/wp-content/uploads/2022/02/800px-Burgos_-Iglesia_del_Carmen_PP_Carmelitas_Descalzos_3-414x518.jpg 414w, https://turismoburgos.digital/wp-content/uploads/2022/02/800px-Burgos_-Iglesia_del_Carmen_PP_Carmelitas_Descalzos_3-512x641.jpg 512w" sizes="(max-width: 800px) 100vw, 800px" /></figure>



<figure class="wp-block-image size-large"><img loading="lazy" width="682" height="1024" data-id="887"  src="http://turismoburgos.digital/wp-content/uploads/2022/02/800px-IMG-piedadgregoriofernandez-WA0010-682x1024.jpg" alt="" class="wp-image-887" srcset="https://turismoburgos.digital/wp-content/uploads/2022/02/800px-IMG-piedadgregoriofernandez-WA0010-682x1024.jpg 682w, https://turismoburgos.digital/wp-content/uploads/2022/02/800px-IMG-piedadgregoriofernandez-WA0010-200x300.jpg 200w, https://turismoburgos.digital/wp-content/uploads/2022/02/800px-IMG-piedadgregoriofernandez-WA0010-768x1153.jpg 768w, https://turismoburgos.digital/wp-content/uploads/2022/02/800px-IMG-piedadgregoriofernandez-WA0010-389x584.jpg 389w, https://turismoburgos.digital/wp-content/uploads/2022/02/800px-IMG-piedadgregoriofernandez-WA0010-414x622.jpg 414w, https://turismoburgos.digital/wp-content/uploads/2022/02/800px-IMG-piedadgregoriofernandez-WA0010-512x769.jpg 512w, https://turismoburgos.digital/wp-content/uploads/2022/02/800px-IMG-piedadgregoriofernandez-WA0010.jpg 800w" sizes="(max-width: 682px) 100vw, 682px" /></figure>



<figure class="wp-block-image size-large"><img loading="lazy" width="640" height="227" data-id="886"  src="http://turismoburgos.digital/wp-content/uploads/2022/02/1301912498_0.jpg" alt="" class="wp-image-886" srcset="https://turismoburgos.digital/wp-content/uploads/2022/02/1301912498_0.jpg 640w, https://turismoburgos.digital/wp-content/uploads/2022/02/1301912498_0-300x106.jpg 300w, https://turismoburgos.digital/wp-content/uploads/2022/02/1301912498_0-389x138.jpg 389w, https://turismoburgos.digital/wp-content/uploads/2022/02/1301912498_0-414x147.jpg 414w, https://turismoburgos.digital/wp-content/uploads/2022/02/1301912498_0-512x182.jpg 512w" sizes="(max-width: 640px) 100vw, 640px" /></figure>



<figure class="wp-block-image size-large"><img loading="lazy" width="450" height="266" data-id="888"  src="http://turismoburgos.digital/wp-content/uploads/2022/02/burgos-interior.jpg" alt="" class="wp-image-888" srcset="https://turismoburgos.digital/wp-content/uploads/2022/02/burgos-interior.jpg 450w, https://turismoburgos.digital/wp-content/uploads/2022/02/burgos-interior-300x177.jpg 300w, https://turismoburgos.digital/wp-content/uploads/2022/02/burgos-interior-389x230.jpg 389w, https://turismoburgos.digital/wp-content/uploads/2022/02/burgos-interior-414x245.jpg 414w" sizes="(max-width: 450px) 100vw, 450px" /></figure>
</figure>



<hr class="wp-block-separator"/>



<p><strong>Calle del Carmen, 2</strong><br><strong>09001 Burgos</strong></p>



<p><a href="https://es.wikipedia.org/wiki/Iglesia_del_Carmen_(Burgos)" target="_blank" rel="noreferrer noopener">https://es.wikipedia.org/wiki/Iglesia_del_Carmen_(Burgos)</a></p>



<hr class="wp-block-separator"/>



<div class="wp-container-1 wp-block-buttons">
<div class="wp-block-button"><a class="wp-block-button__link" href="" target="_blank" rel="noreferrer noopener">Cómo llegar</a></div>
</div>



<hr class="wp-block-separator"/>



<hr class="wp-block-separator"/>

<p>El Paseo del Empecinado se llamó antes de las Delicias. Los Padres Carmelitas, establecidos aquí a principios del siglo XVII, se preocuparon de los aledaños &hellip;</p>
