{"id":233,"date":"2022-02-20T22:03:59","date_gmt":"2022-02-20T22:03:59","guid":{"rendered":"http:\/\/turismoburgos.digital\/?page_id=233"},"modified":"2022-03-12T08:15:57","modified_gmt":"2022-03-12T08:15:57","slug":"iglesia-de-la-antigua","status":"publish","type":"page","link":"https:\/\/turismoburgos.digital\/index.php\/iglesia-de-la-antigua\/","title":{"rendered":"Iglesia de la Antigua"},"content":{"rendered":"\n<hr class=\"wp-block-separator\"\/>\n\n\n\n<figure class=\"wp-block-image size-full is-resized\"><img loading=\"lazy\" src=\"http:\/\/turismoburgos.digital\/wp-content\/uploads\/2022\/02\/gamonal_gran.jpg\" alt=\"\" class=\"wp-image-861\" width=\"1240\" height=\"715\" srcset=\"https:\/\/turismoburgos.digital\/wp-content\/uploads\/2022\/02\/gamonal_gran.jpg 790w, https:\/\/turismoburgos.digital\/wp-content\/uploads\/2022\/02\/gamonal_gran-300x173.jpg 300w, https:\/\/turismoburgos.digital\/wp-content\/uploads\/2022\/02\/gamonal_gran-768x443.jpg 768w, https:\/\/turismoburgos.digital\/wp-content\/uploads\/2022\/02\/gamonal_gran-389x225.jpg 389w, https:\/\/turismoburgos.digital\/wp-content\/uploads\/2022\/02\/gamonal_gran-414x239.jpg 414w, https:\/\/turismoburgos.digital\/wp-content\/uploads\/2022\/02\/gamonal_gran-512x296.jpg 512w\" sizes=\"(max-width: 1240px) 100vw, 1240px\" \/><figcaption>Iglesia de la Antigua<\/figcaption><\/figure>\n\n\n\n<hr class=\"wp-block-separator\"\/>\n\n\n\n<p><strong>Obligada es la visita a este barrio, el de Gamonal, el nuevo Burgos y a esta iglesia, una de las m\u00e1s antiguas de la ciudad. Levantada en 1074, a ella traslada Alfonso VI el obispado de Oca.<\/strong><br><strong>&nbsp;&nbsp;&nbsp;&nbsp;&nbsp;La construcci\u00f3n actual, g\u00f3tica, data del siglo XIV, conservando la torre, fuerte y bien sillada, del siglo anterior. Un p\u00f3rtico cubierto protege la puerta mud\u00e9jar que da entrada al templo, de una sola nave y crucero, en forma de cruz latina.<\/strong><br><strong>&nbsp;&nbsp;&nbsp;&nbsp;&nbsp;Ante la iglesia se levanta un bello crucero g\u00f3tico recordando el encuentro de los caminos jacobeos, el procedente de N\u00e1jera o Real y el que ven\u00eda de Bayona por Briviesca, en sus inmediaciones.<\/strong><\/p>\n\n\n\n<hr class=\"wp-block-separator\"\/>\n\n\n\n<figure class=\"wp-block-gallery has-nested-images columns-default is-cropped\">\n<figure class=\"wp-block-image size-large\"><img loading=\"lazy\" width=\"1024\" height=\"370\" data-id=\"863\"  src=\"http:\/\/turismoburgos.digital\/wp-content\/uploads\/2022\/02\/35885_SC_1-1024x370.jpg\" alt=\"\" class=\"wp-image-863\" srcset=\"https:\/\/turismoburgos.digital\/wp-content\/uploads\/2022\/02\/35885_SC_1-1024x370.jpg 1024w, https:\/\/turismoburgos.digital\/wp-content\/uploads\/2022\/02\/35885_SC_1-300x108.jpg 300w, https:\/\/turismoburgos.digital\/wp-content\/uploads\/2022\/02\/35885_SC_1-768x277.jpg 768w, https:\/\/turismoburgos.digital\/wp-content\/uploads\/2022\/02\/35885_SC_1-389x140.jpg 389w, https:\/\/turismoburgos.digital\/wp-content\/uploads\/2022\/02\/35885_SC_1-414x150.jpg 414w, https:\/\/turismoburgos.digital\/wp-content\/uploads\/2022\/02\/35885_SC_1-800x289.jpg 800w, https:\/\/turismoburgos.digital\/wp-content\/uploads\/2022\/02\/35885_SC_1-512x185.jpg 512w, https:\/\/turismoburgos.digital\/wp-content\/uploads\/2022\/02\/35885_SC_1.jpg 1440w\" sizes=\"(max-width: 1024px) 100vw, 1024px\" \/><\/figure>\n\n\n\n<figure class=\"wp-block-image size-large\"><img loading=\"lazy\" width=\"1024\" height=\"768\" data-id=\"864\"  src=\"http:\/\/turismoburgos.digital\/wp-content\/uploads\/2022\/02\/Burgos_-_Iglesia_de_Nuestra_Senora_la_Real_y_Antigua_de_Gamonal_05-1024x768.jpg\" alt=\"\" class=\"wp-image-864\" srcset=\"https:\/\/turismoburgos.digital\/wp-content\/uploads\/2022\/02\/Burgos_-_Iglesia_de_Nuestra_Senora_la_Real_y_Antigua_de_Gamonal_05-1024x768.jpg 1024w, https:\/\/turismoburgos.digital\/wp-content\/uploads\/2022\/02\/Burgos_-_Iglesia_de_Nuestra_Senora_la_Real_y_Antigua_de_Gamonal_05-300x225.jpg 300w, https:\/\/turismoburgos.digital\/wp-content\/uploads\/2022\/02\/Burgos_-_Iglesia_de_Nuestra_Senora_la_Real_y_Antigua_de_Gamonal_05-768x576.jpg 768w, https:\/\/turismoburgos.digital\/wp-content\/uploads\/2022\/02\/Burgos_-_Iglesia_de_Nuestra_Senora_la_Real_y_Antigua_de_Gamonal_05-1536x1152.jpg 1536w, https:\/\/turismoburgos.digital\/wp-content\/uploads\/2022\/02\/Burgos_-_Iglesia_de_Nuestra_Senora_la_Real_y_Antigua_de_Gamonal_05-389x292.jpg 389w, https:\/\/turismoburgos.digital\/wp-content\/uploads\/2022\/02\/Burgos_-_Iglesia_de_Nuestra_Senora_la_Real_y_Antigua_de_Gamonal_05-414x311.jpg 414w, https:\/\/turismoburgos.digital\/wp-content\/uploads\/2022\/02\/Burgos_-_Iglesia_de_Nuestra_Senora_la_Real_y_Antigua_de_Gamonal_05-800x600.jpg 800w, https:\/\/turismoburgos.digital\/wp-content\/uploads\/2022\/02\/Burgos_-_Iglesia_de_Nuestra_Senora_la_Real_y_Antigua_de_Gamonal_05-512x384.jpg 512w, https:\/\/turismoburgos.digital\/wp-content\/uploads\/2022\/02\/Burgos_-_Iglesia_de_Nuestra_Senora_la_Real_y_Antigua_de_Gamonal_05.jpg 2048w\" sizes=\"(max-width: 1024px) 100vw, 1024px\" \/><\/figure>\n\n\n\n<figure class=\"wp-block-image size-large\"><img loading=\"lazy\" width=\"272\" height=\"180\" data-id=\"865\"  src=\"http:\/\/turismoburgos.digital\/wp-content\/uploads\/2022\/02\/Iglesia_de_Santa_Maria_la_Real_y_Antigua_de_Gamonal._Nave_central.jpg\" alt=\"\" class=\"wp-image-865\"\/><\/figure>\n\n\n\n<figure class=\"wp-block-image size-large\"><img loading=\"lazy\" width=\"498\" height=\"368\" data-id=\"866\"  src=\"http:\/\/turismoburgos.digital\/wp-content\/uploads\/2022\/02\/Captura-de-pantalla-1802.png\" alt=\"\" class=\"wp-image-866\" srcset=\"https:\/\/turismoburgos.digital\/wp-content\/uploads\/2022\/02\/Captura-de-pantalla-1802.png 498w, https:\/\/turismoburgos.digital\/wp-content\/uploads\/2022\/02\/Captura-de-pantalla-1802-300x222.png 300w, https:\/\/turismoburgos.digital\/wp-content\/uploads\/2022\/02\/Captura-de-pantalla-1802-389x287.png 389w, https:\/\/turismoburgos.digital\/wp-content\/uploads\/2022\/02\/Captura-de-pantalla-1802-414x306.png 414w\" sizes=\"(max-width: 498px) 100vw, 498px\" \/><\/figure>\n<\/figure>\n\n\n\n<hr class=\"wp-block-separator\"\/>\n\n\n\n<p><strong>Calle de Vitoria, 224<\/strong><br><strong>09007 Burgos<\/strong><\/p>\n\n\n\n<p><strong>947 47 01 96<\/strong><\/p>\n\n\n\n<p><a href=\"https:\/\/es.wikipedia.org\/wiki\/Iglesia_de_Santa_Mar%C3%ADa_la_Real_y_Antigua_de_Gamonal\" target=\"_blank\" rel=\"noreferrer noopener\">https:\/\/es.wikipedia.org\/wiki\/Iglesia_de_Santa_Mar%C3%ADa_la_Real_y_Antigua_de_Gamonal<\/a><\/p>\n\n\n\n<hr class=\"wp-block-separator\"\/>\n\n\n\n<div class=\"wp-container-1 wp-block-buttons\">\n<div class=\"wp-block-button\"><a class=\"wp-block-button__link\" href=\"https:\/\/www.google.com\/maps\/search\/Restaurantes\/@42.3538846,-3.6928743,13z\/data=!3m1!4b1!4m7!2m6!3m5!2sIglesia+Santa+Mar%C3%ADa+la+Real+y+Antigua!3s0xd45fca1f2e1ee53:0x946a65dcecaa19ab!4m2!1d-3.6666098!2d42.3539553\" target=\"_blank\" rel=\"noreferrer noopener\">C\u00f3mo llegar<\/a><\/div>\n<\/div>\n\n\n\n<hr class=\"wp-block-separator\"\/>\n\n\n\n<hr class=\"wp-block-separator\"\/>\n","protected":false},"excerpt":{"rendered":"<p>Obligada es la visita a este barrio, el de Gamonal, el nuevo Burgos y a esta iglesia, una de las m\u00e1s antiguas de la ciudad. &hellip;<\/p>\n","protected":false},"author":1,"featured_media":1380,"parent":0,"menu_order":0,"comment_status":"closed","ping_status":"closed","template":"","meta":{"_monsterinsights_skip_tracking":false,"_monsterinsights_sitenote_active":false,"_monsterinsights_sitenote_note":"","_monsterinsights_sitenote_category":0},"_links":{"self":[{"href":"https:\/\/turismoburgos.digital\/index.php\/wp-json\/wp\/v2\/pages\/233"}],"collection":[{"href":"https:\/\/turismoburgos.digital\/index.php\/wp-json\/wp\/v2\/pages"}],"about":[{"href":"https:\/\/turismoburgos.digital\/index.php\/wp-json\/wp\/v2\/types\/page"}],"author":[{"embeddable":true,"href":"https:\/\/turismoburgos.digital\/index.php\/wp-json\/wp\/v2\/users\/1"}],"replies":[{"embeddable":true,"href":"https:\/\/turismoburgos.digital\/index.php\/wp-json\/wp\/v2\/comments?post=233"}],"version-history":[{"count":4,"href":"https:\/\/turismoburgos.digital\/index.php\/wp-json\/wp\/v2\/pages\/233\/revisions"}],"predecessor-version":[{"id":1381,"href":"https:\/\/turismoburgos.digital\/index.php\/wp-json\/wp\/v2\/pages\/233\/revisions\/1381"}],"wp:featuredmedia":[{"embeddable":true,"href":"https:\/\/turismoburgos.digital\/index.php\/wp-json\/wp\/v2\/media\/1380"}],"wp:attachment":[{"href":"https:\/\/turismoburgos.digital\/index.php\/wp-json\/wp\/v2\/media?parent=233"}],"curies":[{"name":"wp","href":"https:\/\/api.w.org\/{rel}","templated":true}]}}