{"id":227,"date":"2022-02-20T22:03:59","date_gmt":"2022-02-20T22:03:59","guid":{"rendered":"http:\/\/turismoburgos.digital\/?page_id=227"},"modified":"2022-03-12T07:59:51","modified_gmt":"2022-03-12T07:59:51","slug":"solar-del-cid","status":"publish","type":"page","link":"https:\/\/turismoburgos.digital\/index.php\/solar-del-cid\/","title":{"rendered":"Solar del Cid"},"content":{"rendered":"\n<hr class=\"wp-block-separator\"\/>\n\n\n\n<figure class=\"wp-block-image size-full is-resized\"><img loading=\"lazy\" src=\"http:\/\/turismoburgos.digital\/wp-content\/uploads\/2022\/02\/burgos30a-2.jpg\" alt=\"\" class=\"wp-image-789\" width=\"1240\" height=\"931\" srcset=\"https:\/\/turismoburgos.digital\/wp-content\/uploads\/2022\/02\/burgos30a-2.jpg 512w, https:\/\/turismoburgos.digital\/wp-content\/uploads\/2022\/02\/burgos30a-2-300x225.jpg 300w, https:\/\/turismoburgos.digital\/wp-content\/uploads\/2022\/02\/burgos30a-2-389x292.jpg 389w, https:\/\/turismoburgos.digital\/wp-content\/uploads\/2022\/02\/burgos30a-2-414x311.jpg 414w\" sizes=\"(max-width: 1240px) 100vw, 1240px\" \/><figcaption>Solar del Cid<\/figcaption><\/figure>\n\n\n\n<hr class=\"wp-block-separator\"\/>\n\n\n\n<p><strong>EL SOLAR DEL CID es un monumento construido en 1784 por el artista Jos\u00e9 Cort\u00e9s.<\/strong><br><strong>&nbsp;&nbsp;&nbsp;&nbsp;&nbsp;Recuerda el lugar donde estaba seg\u00fan la tradici\u00f3n oral la casa familiar del Cid.<\/strong><br><strong>&nbsp;&nbsp;&nbsp;&nbsp;&nbsp;Est\u00e1 situado en la calle Fern\u00e1n Gonz\u00e1lez y es paso del Camino de Santiago.<\/strong><br><strong>&nbsp;&nbsp;&nbsp;&nbsp;&nbsp;Bajo el escudo atribuido al Cid , se puede leer el siguiente texto:<\/strong><\/p>\n\n\n\n<p><strong>&nbsp;&nbsp;&nbsp;&nbsp;\u00abEN ESTE SITIO TVBO SU CASA Y NACIO EL A\u00d1O DE 1026 RODRIGO DIAZ DE BIVAR LLAMADO EL CID CAMPEADOR. MVRIO EN VALENCIA EL DE 1099 Y FVE TRASLADADO SV CVERPO, A EL MONASTERIO DE SAN PEDRO DE CARDE\u00d1A CERCA DE ESTA CIVDAD.<\/strong><br><strong>LA QUE PARA PERPETVAR LA MEMORIA DE TAN ESCLARECIDO SOLAR DE VN HIJO SVIO, Y HEROE BVRGALES ERIGIO SOBRE LAS ANTIGVAS RVINAS ESTE MONVMENTO EL A\u00d1O DE 1784 REYNANDO CARLOS III\u00bb<\/strong><\/p>\n\n\n\n<p><strong>&nbsp;&nbsp;&nbsp;&nbsp;&nbsp;Hay dos escudos diferentes que se le atribuyen al Cid. Uno es ese del Solar, que es el m\u00e1s difundido y es el que suele acompa\u00f1arle en obras pict\u00f3ricas y esculturas (como la Estatua del Cid de Burgos), y el otro con fondo verde y una cadena alrededor que es m\u00e1s desconocido.<\/strong><\/p>\n\n\n\n<p><strong>&nbsp;&nbsp;&nbsp;&nbsp;&nbsp;En la actualidad se est\u00e1n realizando una serie de excavaciones arqueol\u00f3gicas que ratifican que en estos terrenos pudo estar la casa del Cid.<\/strong><\/p>\n\n\n\n<hr class=\"wp-block-separator\"\/>\n\n\n\n<figure class=\"wp-block-gallery has-nested-images columns-default is-cropped\">\n<figure class=\"wp-block-image size-large\"><img loading=\"lazy\" width=\"1024\" height=\"576\" data-id=\"792\"  src=\"http:\/\/turismoburgos.digital\/wp-content\/uploads\/2022\/02\/excavaciones_el_Cid_burgos-1024x576.jpg\" alt=\"\" class=\"wp-image-792\" srcset=\"https:\/\/turismoburgos.digital\/wp-content\/uploads\/2022\/02\/excavaciones_el_Cid_burgos-1024x576.jpg 1024w, https:\/\/turismoburgos.digital\/wp-content\/uploads\/2022\/02\/excavaciones_el_Cid_burgos-300x169.jpg 300w, https:\/\/turismoburgos.digital\/wp-content\/uploads\/2022\/02\/excavaciones_el_Cid_burgos-768x432.jpg 768w, https:\/\/turismoburgos.digital\/wp-content\/uploads\/2022\/02\/excavaciones_el_Cid_burgos-389x219.jpg 389w, https:\/\/turismoburgos.digital\/wp-content\/uploads\/2022\/02\/excavaciones_el_Cid_burgos-414x233.jpg 414w, https:\/\/turismoburgos.digital\/wp-content\/uploads\/2022\/02\/excavaciones_el_Cid_burgos-800x450.jpg 800w, https:\/\/turismoburgos.digital\/wp-content\/uploads\/2022\/02\/excavaciones_el_Cid_burgos-512x288.jpg 512w, https:\/\/turismoburgos.digital\/wp-content\/uploads\/2022\/02\/excavaciones_el_Cid_burgos.jpg 1100w\" sizes=\"(max-width: 1024px) 100vw, 1024px\" \/><\/figure>\n\n\n\n<figure class=\"wp-block-image size-large\"><img loading=\"lazy\" width=\"768\" height=\"768\" data-id=\"793\"  src=\"http:\/\/turismoburgos.digital\/wp-content\/uploads\/2022\/02\/gal-destierro-cburgos-cid-solar-del-cid-inscripcion-alcjpg.jpg\" alt=\"\" class=\"wp-image-793\" srcset=\"https:\/\/turismoburgos.digital\/wp-content\/uploads\/2022\/02\/gal-destierro-cburgos-cid-solar-del-cid-inscripcion-alcjpg.jpg 768w, https:\/\/turismoburgos.digital\/wp-content\/uploads\/2022\/02\/gal-destierro-cburgos-cid-solar-del-cid-inscripcion-alcjpg-300x300.jpg 300w, https:\/\/turismoburgos.digital\/wp-content\/uploads\/2022\/02\/gal-destierro-cburgos-cid-solar-del-cid-inscripcion-alcjpg-150x150.jpg 150w, https:\/\/turismoburgos.digital\/wp-content\/uploads\/2022\/02\/gal-destierro-cburgos-cid-solar-del-cid-inscripcion-alcjpg-389x389.jpg 389w, https:\/\/turismoburgos.digital\/wp-content\/uploads\/2022\/02\/gal-destierro-cburgos-cid-solar-del-cid-inscripcion-alcjpg-414x414.jpg 414w, https:\/\/turismoburgos.digital\/wp-content\/uploads\/2022\/02\/gal-destierro-cburgos-cid-solar-del-cid-inscripcion-alcjpg-512x512.jpg 512w\" sizes=\"(max-width: 768px) 100vw, 768px\" \/><\/figure>\n\n\n\n<figure class=\"wp-block-image size-large\"><img loading=\"lazy\" width=\"500\" height=\"370\" data-id=\"791\"  src=\"http:\/\/turismoburgos.digital\/wp-content\/uploads\/2022\/02\/solar-del-cid_1364451.jpg\" alt=\"\" class=\"wp-image-791\" srcset=\"https:\/\/turismoburgos.digital\/wp-content\/uploads\/2022\/02\/solar-del-cid_1364451.jpg 500w, https:\/\/turismoburgos.digital\/wp-content\/uploads\/2022\/02\/solar-del-cid_1364451-300x222.jpg 300w, https:\/\/turismoburgos.digital\/wp-content\/uploads\/2022\/02\/solar-del-cid_1364451-389x288.jpg 389w, https:\/\/turismoburgos.digital\/wp-content\/uploads\/2022\/02\/solar-del-cid_1364451-414x306.jpg 414w\" sizes=\"(max-width: 500px) 100vw, 500px\" \/><\/figure>\n\n\n\n<figure class=\"wp-block-image size-large\"><img loading=\"lazy\" width=\"550\" height=\"402\" data-id=\"794\"  src=\"http:\/\/turismoburgos.digital\/wp-content\/uploads\/2022\/02\/36900444.jpg\" alt=\"\" class=\"wp-image-794\" srcset=\"https:\/\/turismoburgos.digital\/wp-content\/uploads\/2022\/02\/36900444.jpg 550w, https:\/\/turismoburgos.digital\/wp-content\/uploads\/2022\/02\/36900444-300x219.jpg 300w, https:\/\/turismoburgos.digital\/wp-content\/uploads\/2022\/02\/36900444-389x284.jpg 389w, https:\/\/turismoburgos.digital\/wp-content\/uploads\/2022\/02\/36900444-414x303.jpg 414w, https:\/\/turismoburgos.digital\/wp-content\/uploads\/2022\/02\/36900444-512x374.jpg 512w\" sizes=\"(max-width: 550px) 100vw, 550px\" \/><\/figure>\n\n\n\n<figure class=\"wp-block-image size-large\"><img loading=\"lazy\" width=\"680\" height=\"330\" data-id=\"795\"  src=\"http:\/\/turismoburgos.digital\/wp-content\/uploads\/2022\/02\/not-entrevista-solar-del-cid-asoc-ego-rudericojpg.jpg\" alt=\"\" class=\"wp-image-795\" srcset=\"https:\/\/turismoburgos.digital\/wp-content\/uploads\/2022\/02\/not-entrevista-solar-del-cid-asoc-ego-rudericojpg.jpg 680w, https:\/\/turismoburgos.digital\/wp-content\/uploads\/2022\/02\/not-entrevista-solar-del-cid-asoc-ego-rudericojpg-300x146.jpg 300w, https:\/\/turismoburgos.digital\/wp-content\/uploads\/2022\/02\/not-entrevista-solar-del-cid-asoc-ego-rudericojpg-389x189.jpg 389w, https:\/\/turismoburgos.digital\/wp-content\/uploads\/2022\/02\/not-entrevista-solar-del-cid-asoc-ego-rudericojpg-414x201.jpg 414w, https:\/\/turismoburgos.digital\/wp-content\/uploads\/2022\/02\/not-entrevista-solar-del-cid-asoc-ego-rudericojpg-512x248.jpg 512w\" sizes=\"(max-width: 680px) 100vw, 680px\" \/><\/figure>\n<\/figure>\n\n\n\n<hr class=\"wp-block-separator\"\/>\n\n\n\n<p><strong>Calle Enrique III, 10<\/strong><br><strong>09003 Burgos<\/strong><\/p>\n\n\n\n<p><a href=\"http:\/\/turismo.aytoburgos.es\/cultura-y-patrimonio\/solar-del-cid\/\" target=\"_blank\" rel=\"noreferrer noopener\">http:\/\/turismo.aytoburgos.es\/cultura-y-patrimonio\/solar-del-cid\/<\/a><\/p>\n\n\n\n<hr class=\"wp-block-separator\"\/>\n\n\n\n<div class=\"wp-container-1 wp-block-buttons\">\n<div class=\"wp-block-button\"><a class=\"wp-block-button__link\" href=\"https:\/\/www.google.com\/search?q=solar%20del%20cid%20burgos&amp;rlz=1C1CHBF_esES919ES919&amp;oq=solar+del+cid+burgos&amp;aqs=chrome..69i57j46i175i199i512j0i22i30l2j69i60l3.5596j0j7&amp;sourceid=chrome&amp;ie=UTF-8&amp;tbs=lf:1,lf_ui:2&amp;tbm=lcl&amp;sxsrf=APq-WBvpJuX9Sp5WNMyMKrAsE-Z9avtk8g:1645521759038&amp;rflfq=1&amp;num=10&amp;rldimm=186432400987913579&amp;lqi=ChRzb2xhciBkZWwgY2lkIGJ1cmdvc1oWIhRzb2xhciBkZWwgY2lkIGJ1cmdvc5IBE2hpc3RvcmljYWxfbGFuZG1hcmuqARUQASoRIg1zb2xhciBkZWwgY2lkKA4&amp;ved=2ahUKEwiVkquf_pL2AhVSmHIEHZmhBK0QvS56BAgDEDk&amp;rlst=f#rlfi=hd:;si:186432400987913579,l,ChRzb2xhciBkZWwgY2lkIGJ1cmdvc1oWIhRzb2xhciBkZWwgY2lkIGJ1cmdvc5IBE2hpc3RvcmljYWxfbGFuZG1hcmuqARUQASoRIg1zb2xhciBkZWwgY2lkKA4;mv:[[42.3433116,-3.7104429999999997],[42.3412868,-3.7141092]];tbs:lrf:!1m4!1u2!2m2!2m1!1e1!2m1!1e2!3sIAE,lf:1,lf_ui:2\" target=\"_blank\" rel=\"noreferrer noopener\">C\u00f3mo llegar<\/a><\/div>\n<\/div>\n\n\n\n<hr class=\"wp-block-separator\"\/>\n\n\n\n<hr class=\"wp-block-separator\"\/>\n","protected":false},"excerpt":{"rendered":"<p>EL SOLAR DEL CID es un monumento construido en 1784 por el artista Jos\u00e9 Cort\u00e9s.&nbsp;&nbsp;&nbsp;&nbsp;&nbsp;Recuerda el lugar donde estaba seg\u00fan la tradici\u00f3n oral la casa &hellip;<\/p>\n","protected":false},"author":1,"featured_media":1359,"parent":0,"menu_order":0,"comment_status":"closed","ping_status":"closed","template":"","meta":{"_monsterinsights_skip_tracking":false,"_monsterinsights_sitenote_active":false,"_monsterinsights_sitenote_note":"","_monsterinsights_sitenote_category":0},"_links":{"self":[{"href":"https:\/\/turismoburgos.digital\/index.php\/wp-json\/wp\/v2\/pages\/227"}],"collection":[{"href":"https:\/\/turismoburgos.digital\/index.php\/wp-json\/wp\/v2\/pages"}],"about":[{"href":"https:\/\/turismoburgos.digital\/index.php\/wp-json\/wp\/v2\/types\/page"}],"author":[{"embeddable":true,"href":"https:\/\/turismoburgos.digital\/index.php\/wp-json\/wp\/v2\/users\/1"}],"replies":[{"embeddable":true,"href":"https:\/\/turismoburgos.digital\/index.php\/wp-json\/wp\/v2\/comments?post=227"}],"version-history":[{"count":3,"href":"https:\/\/turismoburgos.digital\/index.php\/wp-json\/wp\/v2\/pages\/227\/revisions"}],"predecessor-version":[{"id":1360,"href":"https:\/\/turismoburgos.digital\/index.php\/wp-json\/wp\/v2\/pages\/227\/revisions\/1360"}],"wp:featuredmedia":[{"embeddable":true,"href":"https:\/\/turismoburgos.digital\/index.php\/wp-json\/wp\/v2\/media\/1359"}],"wp:attachment":[{"href":"https:\/\/turismoburgos.digital\/index.php\/wp-json\/wp\/v2\/media?parent=227"}],"curies":[{"name":"wp","href":"https:\/\/api.w.org\/{rel}","templated":true}]}}

<hr class="wp-block-separator"/>



<figure class="wp-block-image size-full is-resized"><img loading="lazy" src="http://turismoburgos.digital/wp-content/uploads/2022/02/burgos30a-2.jpg" alt="" class="wp-image-789" width="1240" height="931" srcset="https://turismoburgos.digital/wp-content/uploads/2022/02/burgos30a-2.jpg 512w, https://turismoburgos.digital/wp-content/uploads/2022/02/burgos30a-2-300x225.jpg 300w, https://turismoburgos.digital/wp-content/uploads/2022/02/burgos30a-2-389x292.jpg 389w, https://turismoburgos.digital/wp-content/uploads/2022/02/burgos30a-2-414x311.jpg 414w" sizes="(max-width: 1240px) 100vw, 1240px" /><figcaption>Solar del Cid</figcaption></figure>



<hr class="wp-block-separator"/>



<p><strong>EL SOLAR DEL CID es un monumento construido en 1784 por el artista José Cortés.</strong><br><strong>&nbsp;&nbsp;&nbsp;&nbsp;&nbsp;Recuerda el lugar donde estaba según la tradición oral la casa familiar del Cid.</strong><br><strong>&nbsp;&nbsp;&nbsp;&nbsp;&nbsp;Está situado en la calle Fernán González y es paso del Camino de Santiago.</strong><br><strong>&nbsp;&nbsp;&nbsp;&nbsp;&nbsp;Bajo el escudo atribuido al Cid , se puede leer el siguiente texto:</strong></p>



<p><strong>&nbsp;&nbsp;&nbsp;&nbsp;«EN ESTE SITIO TVBO SU CASA Y NACIO EL AÑO DE 1026 RODRIGO DIAZ DE BIVAR LLAMADO EL CID CAMPEADOR. MVRIO EN VALENCIA EL DE 1099 Y FVE TRASLADADO SV CVERPO, A EL MONASTERIO DE SAN PEDRO DE CARDEÑA CERCA DE ESTA CIVDAD.</strong><br><strong>LA QUE PARA PERPETVAR LA MEMORIA DE TAN ESCLARECIDO SOLAR DE VN HIJO SVIO, Y HEROE BVRGALES ERIGIO SOBRE LAS ANTIGVAS RVINAS ESTE MONVMENTO EL AÑO DE 1784 REYNANDO CARLOS III»</strong></p>



<p><strong>&nbsp;&nbsp;&nbsp;&nbsp;&nbsp;Hay dos escudos diferentes que se le atribuyen al Cid. Uno es ese del Solar, que es el más difundido y es el que suele acompañarle en obras pictóricas y esculturas (como la Estatua del Cid de Burgos), y el otro con fondo verde y una cadena alrededor que es más desconocido.</strong></p>



<p><strong>&nbsp;&nbsp;&nbsp;&nbsp;&nbsp;En la actualidad se están realizando una serie de excavaciones arqueológicas que ratifican que en estos terrenos pudo estar la casa del Cid.</strong></p>



<hr class="wp-block-separator"/>



<figure class="wp-block-gallery has-nested-images columns-default is-cropped">
<figure class="wp-block-image size-large"><img loading="lazy" width="1024" height="576" data-id="792"  src="http://turismoburgos.digital/wp-content/uploads/2022/02/excavaciones_el_Cid_burgos-1024x576.jpg" alt="" class="wp-image-792" srcset="https://turismoburgos.digital/wp-content/uploads/2022/02/excavaciones_el_Cid_burgos-1024x576.jpg 1024w, https://turismoburgos.digital/wp-content/uploads/2022/02/excavaciones_el_Cid_burgos-300x169.jpg 300w, https://turismoburgos.digital/wp-content/uploads/2022/02/excavaciones_el_Cid_burgos-768x432.jpg 768w, https://turismoburgos.digital/wp-content/uploads/2022/02/excavaciones_el_Cid_burgos-389x219.jpg 389w, https://turismoburgos.digital/wp-content/uploads/2022/02/excavaciones_el_Cid_burgos-414x233.jpg 414w, https://turismoburgos.digital/wp-content/uploads/2022/02/excavaciones_el_Cid_burgos-800x450.jpg 800w, https://turismoburgos.digital/wp-content/uploads/2022/02/excavaciones_el_Cid_burgos-512x288.jpg 512w, https://turismoburgos.digital/wp-content/uploads/2022/02/excavaciones_el_Cid_burgos.jpg 1100w" sizes="(max-width: 1024px) 100vw, 1024px" /></figure>



<figure class="wp-block-image size-large"><img loading="lazy" width="768" height="768" data-id="793"  src="http://turismoburgos.digital/wp-content/uploads/2022/02/gal-destierro-cburgos-cid-solar-del-cid-inscripcion-alcjpg.jpg" alt="" class="wp-image-793" srcset="https://turismoburgos.digital/wp-content/uploads/2022/02/gal-destierro-cburgos-cid-solar-del-cid-inscripcion-alcjpg.jpg 768w, https://turismoburgos.digital/wp-content/uploads/2022/02/gal-destierro-cburgos-cid-solar-del-cid-inscripcion-alcjpg-300x300.jpg 300w, https://turismoburgos.digital/wp-content/uploads/2022/02/gal-destierro-cburgos-cid-solar-del-cid-inscripcion-alcjpg-150x150.jpg 150w, https://turismoburgos.digital/wp-content/uploads/2022/02/gal-destierro-cburgos-cid-solar-del-cid-inscripcion-alcjpg-389x389.jpg 389w, https://turismoburgos.digital/wp-content/uploads/2022/02/gal-destierro-cburgos-cid-solar-del-cid-inscripcion-alcjpg-414x414.jpg 414w, https://turismoburgos.digital/wp-content/uploads/2022/02/gal-destierro-cburgos-cid-solar-del-cid-inscripcion-alcjpg-512x512.jpg 512w" sizes="(max-width: 768px) 100vw, 768px" /></figure>



<figure class="wp-block-image size-large"><img loading="lazy" width="500" height="370" data-id="791"  src="http://turismoburgos.digital/wp-content/uploads/2022/02/solar-del-cid_1364451.jpg" alt="" class="wp-image-791" srcset="https://turismoburgos.digital/wp-content/uploads/2022/02/solar-del-cid_1364451.jpg 500w, https://turismoburgos.digital/wp-content/uploads/2022/02/solar-del-cid_1364451-300x222.jpg 300w, https://turismoburgos.digital/wp-content/uploads/2022/02/solar-del-cid_1364451-389x288.jpg 389w, https://turismoburgos.digital/wp-content/uploads/2022/02/solar-del-cid_1364451-414x306.jpg 414w" sizes="(max-width: 500px) 100vw, 500px" /></figure>



<figure class="wp-block-image size-large"><img loading="lazy" width="550" height="402" data-id="794"  src="http://turismoburgos.digital/wp-content/uploads/2022/02/36900444.jpg" alt="" class="wp-image-794" srcset="https://turismoburgos.digital/wp-content/uploads/2022/02/36900444.jpg 550w, https://turismoburgos.digital/wp-content/uploads/2022/02/36900444-300x219.jpg 300w, https://turismoburgos.digital/wp-content/uploads/2022/02/36900444-389x284.jpg 389w, https://turismoburgos.digital/wp-content/uploads/2022/02/36900444-414x303.jpg 414w, https://turismoburgos.digital/wp-content/uploads/2022/02/36900444-512x374.jpg 512w" sizes="(max-width: 550px) 100vw, 550px" /></figure>



<figure class="wp-block-image size-large"><img loading="lazy" width="680" height="330" data-id="795"  src="http://turismoburgos.digital/wp-content/uploads/2022/02/not-entrevista-solar-del-cid-asoc-ego-rudericojpg.jpg" alt="" class="wp-image-795" srcset="https://turismoburgos.digital/wp-content/uploads/2022/02/not-entrevista-solar-del-cid-asoc-ego-rudericojpg.jpg 680w, https://turismoburgos.digital/wp-content/uploads/2022/02/not-entrevista-solar-del-cid-asoc-ego-rudericojpg-300x146.jpg 300w, https://turismoburgos.digital/wp-content/uploads/2022/02/not-entrevista-solar-del-cid-asoc-ego-rudericojpg-389x189.jpg 389w, https://turismoburgos.digital/wp-content/uploads/2022/02/not-entrevista-solar-del-cid-asoc-ego-rudericojpg-414x201.jpg 414w, https://turismoburgos.digital/wp-content/uploads/2022/02/not-entrevista-solar-del-cid-asoc-ego-rudericojpg-512x248.jpg 512w" sizes="(max-width: 680px) 100vw, 680px" /></figure>
</figure>



<hr class="wp-block-separator"/>



<p><strong>Calle Enrique III, 10</strong><br><strong>09003 Burgos</strong></p>



<p><a href="http://turismo.aytoburgos.es/cultura-y-patrimonio/solar-del-cid/" target="_blank" rel="noreferrer noopener">http://turismo.aytoburgos.es/cultura-y-patrimonio/solar-del-cid/</a></p>



<hr class="wp-block-separator"/>



<div class="wp-container-1 wp-block-buttons">
<div class="wp-block-button"><a class="wp-block-button__link" href="https://www.google.com/search?q=solar%20del%20cid%20burgos&amp;rlz=1C1CHBF_esES919ES919&amp;oq=solar+del+cid+burgos&amp;aqs=chrome..69i57j46i175i199i512j0i22i30l2j69i60l3.5596j0j7&amp;sourceid=chrome&amp;ie=UTF-8&amp;tbs=lf:1,lf_ui:2&amp;tbm=lcl&amp;sxsrf=APq-WBvpJuX9Sp5WNMyMKrAsE-Z9avtk8g:1645521759038&amp;rflfq=1&amp;num=10&amp;rldimm=186432400987913579&amp;lqi=ChRzb2xhciBkZWwgY2lkIGJ1cmdvc1oWIhRzb2xhciBkZWwgY2lkIGJ1cmdvc5IBE2hpc3RvcmljYWxfbGFuZG1hcmuqARUQASoRIg1zb2xhciBkZWwgY2lkKA4&amp;ved=2ahUKEwiVkquf_pL2AhVSmHIEHZmhBK0QvS56BAgDEDk&amp;rlst=f#rlfi=hd:;si:186432400987913579,l,ChRzb2xhciBkZWwgY2lkIGJ1cmdvc1oWIhRzb2xhciBkZWwgY2lkIGJ1cmdvc5IBE2hpc3RvcmljYWxfbGFuZG1hcmuqARUQASoRIg1zb2xhciBkZWwgY2lkKA4;mv:[[42.3433116,-3.7104429999999997],[42.3412868,-3.7141092]];tbs:lrf:!1m4!1u2!2m2!2m1!1e1!2m1!1e2!3sIAE,lf:1,lf_ui:2" target="_blank" rel="noreferrer noopener">Cómo llegar</a></div>
</div>



<hr class="wp-block-separator"/>



<hr class="wp-block-separator"/>

<p>EL SOLAR DEL CID es un monumento construido en 1784 por el artista José Cortés.&nbsp;&nbsp;&nbsp;&nbsp;&nbsp;Recuerda el lugar donde estaba según la tradición oral la casa &hellip;</p>
