{"id":174,"date":"2022-02-20T21:44:04","date_gmt":"2022-02-20T21:44:04","guid":{"rendered":"http:\/\/turismoburgos.digital\/?page_id=174"},"modified":"2022-03-12T07:44:40","modified_gmt":"2022-03-12T07:44:40","slug":"arco-de-san-martin","status":"publish","type":"page","link":"https:\/\/turismoburgos.digital\/index.php\/arco-de-san-martin\/","title":{"rendered":"Arco de San Mart\u00edn"},"content":{"rendered":"\n<hr class=\"wp-block-separator\"\/>\n\n\n\n<figure class=\"wp-block-image size-large is-resized\"><img loading=\"lazy\" src=\"http:\/\/turismoburgos.digital\/wp-content\/uploads\/2022\/02\/23385257-1-1024x768.jpg\" alt=\"\" class=\"wp-image-735\" width=\"1241\" height=\"931\" srcset=\"https:\/\/turismoburgos.digital\/wp-content\/uploads\/2022\/02\/23385257-1-1024x768.jpg 1024w, https:\/\/turismoburgos.digital\/wp-content\/uploads\/2022\/02\/23385257-1-300x225.jpg 300w, https:\/\/turismoburgos.digital\/wp-content\/uploads\/2022\/02\/23385257-1-768x576.jpg 768w, https:\/\/turismoburgos.digital\/wp-content\/uploads\/2022\/02\/23385257-1-1536x1152.jpg 1536w, https:\/\/turismoburgos.digital\/wp-content\/uploads\/2022\/02\/23385257-1-2048x1536.jpg 2048w, https:\/\/turismoburgos.digital\/wp-content\/uploads\/2022\/02\/23385257-1-389x292.jpg 389w, https:\/\/turismoburgos.digital\/wp-content\/uploads\/2022\/02\/23385257-1-414x311.jpg 414w, https:\/\/turismoburgos.digital\/wp-content\/uploads\/2022\/02\/23385257-1-800x600.jpg 800w, https:\/\/turismoburgos.digital\/wp-content\/uploads\/2022\/02\/23385257-1-512x384.jpg 512w\" sizes=\"(max-width: 1241px) 100vw, 1241px\" \/><figcaption>Arco de San Mart\u00edn<\/figcaption><\/figure>\n\n\n\n<hr class=\"wp-block-separator\"\/>\n\n\n\n<p><strong>De esta puerta de San Mart\u00edn nac\u00eda el camino para le\u00f3n, incontables turbas de peregrinos a Santiago se despidieron de Burgos por la calle de Fern\u00e1n Gonz\u00e1lez&#8230;<\/strong><br><strong>&nbsp;&nbsp;&nbsp;&nbsp;&nbsp;Hab\u00eda en este sector varios hospitales para su asistencia.<\/strong><br><strong>&nbsp;&nbsp;&nbsp;&nbsp;&nbsp;El tiempo y la incuria nos proh\u00edben ver admirar esta puerta tal y como se presentaba cuando se construy\u00f3, a rincipios del siglo XV. Es mud\u00e9jar, con ladrillo y piedra entremezclado. Los arcos se impostan en piedra y vemos la recia b\u00f3veda por la que se deslizaba el &#8220;peine&#8221; que imped\u00eda todo acceso.<\/strong><br><strong>&nbsp;&nbsp;&nbsp;&nbsp;&nbsp;De los paramentos superiores no queda nada. Esta puerta se llam\u00f3 de Reinosa durante el siglo XVIII y era la entrada obligada de los cortejos reales hasta que la suplant\u00f3 el Arco de Santa Mar\u00eda.<\/strong><\/p>\n\n\n\n<hr class=\"wp-block-separator\"\/>\n\n\n\n<figure class=\"wp-block-gallery has-nested-images columns-default is-cropped\">\n<figure class=\"wp-block-image size-large\"><img loading=\"lazy\" width=\"1024\" height=\"768\" data-id=\"737\"  src=\"http:\/\/turismoburgos.digital\/wp-content\/uploads\/2022\/02\/1199922-1-1024x768.jpg\" alt=\"\" class=\"wp-image-737\" srcset=\"https:\/\/turismoburgos.digital\/wp-content\/uploads\/2022\/02\/1199922-1-1024x768.jpg 1024w, https:\/\/turismoburgos.digital\/wp-content\/uploads\/2022\/02\/1199922-1-300x225.jpg 300w, https:\/\/turismoburgos.digital\/wp-content\/uploads\/2022\/02\/1199922-1-768x576.jpg 768w, https:\/\/turismoburgos.digital\/wp-content\/uploads\/2022\/02\/1199922-1-1536x1152.jpg 1536w, https:\/\/turismoburgos.digital\/wp-content\/uploads\/2022\/02\/1199922-1-2048x1536.jpg 2048w, https:\/\/turismoburgos.digital\/wp-content\/uploads\/2022\/02\/1199922-1-389x292.jpg 389w, https:\/\/turismoburgos.digital\/wp-content\/uploads\/2022\/02\/1199922-1-414x311.jpg 414w, https:\/\/turismoburgos.digital\/wp-content\/uploads\/2022\/02\/1199922-1-800x600.jpg 800w, https:\/\/turismoburgos.digital\/wp-content\/uploads\/2022\/02\/1199922-1-512x384.jpg 512w\" sizes=\"(max-width: 1024px) 100vw, 1024px\" \/><\/figure>\n\n\n\n<figure class=\"wp-block-image size-large\"><img loading=\"lazy\" width=\"320\" height=\"240\" data-id=\"738\"  src=\"http:\/\/turismoburgos.digital\/wp-content\/uploads\/2022\/02\/burgos-arco-de-san-martin.jpg\" alt=\"\" class=\"wp-image-738\" srcset=\"https:\/\/turismoburgos.digital\/wp-content\/uploads\/2022\/02\/burgos-arco-de-san-martin.jpg 320w, https:\/\/turismoburgos.digital\/wp-content\/uploads\/2022\/02\/burgos-arco-de-san-martin-300x225.jpg 300w\" sizes=\"(max-width: 320px) 100vw, 320px\" \/><\/figure>\n<\/figure>\n\n\n\n<figure class=\"wp-block-image size-full is-resized\"><img loading=\"lazy\" src=\"http:\/\/turismoburgos.digital\/wp-content\/uploads\/2022\/02\/10742846.jpg\" alt=\"\" class=\"wp-image-739\" width=\"1239\" height=\"740\" srcset=\"https:\/\/turismoburgos.digital\/wp-content\/uploads\/2022\/02\/10742846.jpg 550w, https:\/\/turismoburgos.digital\/wp-content\/uploads\/2022\/02\/10742846-300x179.jpg 300w, https:\/\/turismoburgos.digital\/wp-content\/uploads\/2022\/02\/10742846-389x233.jpg 389w, https:\/\/turismoburgos.digital\/wp-content\/uploads\/2022\/02\/10742846-414x248.jpg 414w, https:\/\/turismoburgos.digital\/wp-content\/uploads\/2022\/02\/10742846-512x306.jpg 512w\" sizes=\"(max-width: 1239px) 100vw, 1239px\" \/><\/figure>\n\n\n\n<hr class=\"wp-block-separator\"\/>\n\n\n\n<p><strong>Calle Francisco Salinas, 2<\/strong><br><strong>09003 Burgos<\/strong><\/p>\n\n\n\n<figure class=\"wp-block-embed is-type-link is-provider-burgospedia-la-enciclopedia-del-conocimiento-burgales wp-block-embed-burgospedia-la-enciclopedia-del-conocimiento-burgales\"><div class=\"wp-block-embed__wrapper\">\n<a href=\"https:\/\/burgospedia1.wordpress.com\/2010\/03\/23\/arco-de-san-martin\/\">ARCO DE SAN&nbsp;MART\u00cdN<\/a>\n<\/div><figcaption><a href=\"https:\/\/burgospedia1.wordpress.com\/2010\/03\/23\/arco-de-san-martin\/\" target=\"_blank\" rel=\"noreferrer noopener\">https:\/\/burgospedia1.wordpress.com\/2010\/03\/23\/arco-de-san-martin\/<\/a><\/figcaption><\/figure>\n\n\n\n<hr class=\"wp-block-separator\"\/>\n\n\n\n<hr class=\"wp-block-separator\"\/>\n","protected":false},"excerpt":{"rendered":"<p>De esta puerta de San Mart\u00edn nac\u00eda el camino para le\u00f3n, incontables turbas de peregrinos a Santiago se despidieron de Burgos por la calle de &hellip;<\/p>\n","protected":false},"author":1,"featured_media":1342,"parent":0,"menu_order":0,"comment_status":"closed","ping_status":"closed","template":"","meta":{"_monsterinsights_skip_tracking":false,"_monsterinsights_sitenote_active":false,"_monsterinsights_sitenote_note":"","_monsterinsights_sitenote_category":0},"_links":{"self":[{"href":"https:\/\/turismoburgos.digital\/index.php\/wp-json\/wp\/v2\/pages\/174"}],"collection":[{"href":"https:\/\/turismoburgos.digital\/index.php\/wp-json\/wp\/v2\/pages"}],"about":[{"href":"https:\/\/turismoburgos.digital\/index.php\/wp-json\/wp\/v2\/types\/page"}],"author":[{"embeddable":true,"href":"https:\/\/turismoburgos.digital\/index.php\/wp-json\/wp\/v2\/users\/1"}],"replies":[{"embeddable":true,"href":"https:\/\/turismoburgos.digital\/index.php\/wp-json\/wp\/v2\/comments?post=174"}],"version-history":[{"count":3,"href":"https:\/\/turismoburgos.digital\/index.php\/wp-json\/wp\/v2\/pages\/174\/revisions"}],"predecessor-version":[{"id":1343,"href":"https:\/\/turismoburgos.digital\/index.php\/wp-json\/wp\/v2\/pages\/174\/revisions\/1343"}],"wp:featuredmedia":[{"embeddable":true,"href":"https:\/\/turismoburgos.digital\/index.php\/wp-json\/wp\/v2\/media\/1342"}],"wp:attachment":[{"href":"https:\/\/turismoburgos.digital\/index.php\/wp-json\/wp\/v2\/media?parent=174"}],"curies":[{"name":"wp","href":"https:\/\/api.w.org\/{rel}","templated":true}]}}

Arco de San Martín

<hr class="wp-block-separator"/>



<figure class="wp-block-image size-large is-resized"><img loading="lazy" src="http://turismoburgos.digital/wp-content/uploads/2022/02/23385257-1-1024x768.jpg" alt="" class="wp-image-735" width="1241" height="931" srcset="https://turismoburgos.digital/wp-content/uploads/2022/02/23385257-1-1024x768.jpg 1024w, https://turismoburgos.digital/wp-content/uploads/2022/02/23385257-1-300x225.jpg 300w, https://turismoburgos.digital/wp-content/uploads/2022/02/23385257-1-768x576.jpg 768w, https://turismoburgos.digital/wp-content/uploads/2022/02/23385257-1-1536x1152.jpg 1536w, https://turismoburgos.digital/wp-content/uploads/2022/02/23385257-1-2048x1536.jpg 2048w, https://turismoburgos.digital/wp-content/uploads/2022/02/23385257-1-389x292.jpg 389w, https://turismoburgos.digital/wp-content/uploads/2022/02/23385257-1-414x311.jpg 414w, https://turismoburgos.digital/wp-content/uploads/2022/02/23385257-1-800x600.jpg 800w, https://turismoburgos.digital/wp-content/uploads/2022/02/23385257-1-512x384.jpg 512w" sizes="(max-width: 1241px) 100vw, 1241px" /><figcaption>Arco de San Martín</figcaption></figure>



<hr class="wp-block-separator"/>



<p><strong>De esta puerta de San Martín nacía el camino para león, incontables turbas de peregrinos a Santiago se despidieron de Burgos por la calle de Fernán González&#8230;</strong><br><strong>&nbsp;&nbsp;&nbsp;&nbsp;&nbsp;Había en este sector varios hospitales para su asistencia.</strong><br><strong>&nbsp;&nbsp;&nbsp;&nbsp;&nbsp;El tiempo y la incuria nos prohíben ver admirar esta puerta tal y como se presentaba cuando se construyó, a rincipios del siglo XV. Es mudéjar, con ladrillo y piedra entremezclado. Los arcos se impostan en piedra y vemos la recia bóveda por la que se deslizaba el &#8220;peine&#8221; que impedía todo acceso.</strong><br><strong>&nbsp;&nbsp;&nbsp;&nbsp;&nbsp;De los paramentos superiores no queda nada. Esta puerta se llamó de Reinosa durante el siglo XVIII y era la entrada obligada de los cortejos reales hasta que la suplantó el Arco de Santa María.</strong></p>



<hr class="wp-block-separator"/>



<figure class="wp-block-gallery has-nested-images columns-default is-cropped">
<figure class="wp-block-image size-large"><img loading="lazy" width="1024" height="768" data-id="737"  src="http://turismoburgos.digital/wp-content/uploads/2022/02/1199922-1-1024x768.jpg" alt="" class="wp-image-737" srcset="https://turismoburgos.digital/wp-content/uploads/2022/02/1199922-1-1024x768.jpg 1024w, https://turismoburgos.digital/wp-content/uploads/2022/02/1199922-1-300x225.jpg 300w, https://turismoburgos.digital/wp-content/uploads/2022/02/1199922-1-768x576.jpg 768w, https://turismoburgos.digital/wp-content/uploads/2022/02/1199922-1-1536x1152.jpg 1536w, https://turismoburgos.digital/wp-content/uploads/2022/02/1199922-1-2048x1536.jpg 2048w, https://turismoburgos.digital/wp-content/uploads/2022/02/1199922-1-389x292.jpg 389w, https://turismoburgos.digital/wp-content/uploads/2022/02/1199922-1-414x311.jpg 414w, https://turismoburgos.digital/wp-content/uploads/2022/02/1199922-1-800x600.jpg 800w, https://turismoburgos.digital/wp-content/uploads/2022/02/1199922-1-512x384.jpg 512w" sizes="(max-width: 1024px) 100vw, 1024px" /></figure>



<figure class="wp-block-image size-large"><img loading="lazy" width="320" height="240" data-id="738"  src="http://turismoburgos.digital/wp-content/uploads/2022/02/burgos-arco-de-san-martin.jpg" alt="" class="wp-image-738" srcset="https://turismoburgos.digital/wp-content/uploads/2022/02/burgos-arco-de-san-martin.jpg 320w, https://turismoburgos.digital/wp-content/uploads/2022/02/burgos-arco-de-san-martin-300x225.jpg 300w" sizes="(max-width: 320px) 100vw, 320px" /></figure>
</figure>



<figure class="wp-block-image size-full is-resized"><img loading="lazy" src="http://turismoburgos.digital/wp-content/uploads/2022/02/10742846.jpg" alt="" class="wp-image-739" width="1239" height="740" srcset="https://turismoburgos.digital/wp-content/uploads/2022/02/10742846.jpg 550w, https://turismoburgos.digital/wp-content/uploads/2022/02/10742846-300x179.jpg 300w, https://turismoburgos.digital/wp-content/uploads/2022/02/10742846-389x233.jpg 389w, https://turismoburgos.digital/wp-content/uploads/2022/02/10742846-414x248.jpg 414w, https://turismoburgos.digital/wp-content/uploads/2022/02/10742846-512x306.jpg 512w" sizes="(max-width: 1239px) 100vw, 1239px" /></figure>



<hr class="wp-block-separator"/>



<p><strong>Calle Francisco Salinas, 2</strong><br><strong>09003 Burgos</strong></p>



<figure class="wp-block-embed is-type-link is-provider-burgospedia-la-enciclopedia-del-conocimiento-burgales wp-block-embed-burgospedia-la-enciclopedia-del-conocimiento-burgales"><div class="wp-block-embed__wrapper">
<a href="https://burgospedia1.wordpress.com/2010/03/23/arco-de-san-martin/">ARCO DE SAN&nbsp;MARTÍN</a>
</div><figcaption><a href="https://burgospedia1.wordpress.com/2010/03/23/arco-de-san-martin/" target="_blank" rel="noreferrer noopener">https://burgospedia1.wordpress.com/2010/03/23/arco-de-san-martin/</a></figcaption></figure>



<hr class="wp-block-separator"/>



<hr class="wp-block-separator"/>

<p>De esta puerta de San Martín nacía el camino para león, incontables turbas de peregrinos a Santiago se despidieron de Burgos por la calle de &hellip;</p>
