{"id":170,"date":"2022-02-20T21:44:04","date_gmt":"2022-02-20T21:44:04","guid":{"rendered":"http:\/\/turismoburgos.digital\/?page_id=170"},"modified":"2022-03-12T07:39:55","modified_gmt":"2022-03-12T07:39:55","slug":"arco-de-fernan-gonzalez","status":"publish","type":"page","link":"https:\/\/turismoburgos.digital\/index.php\/arco-de-fernan-gonzalez\/","title":{"rendered":"Arco de Fern\u00e1n Gonz\u00e1lez"},"content":{"rendered":"\n<hr class=\"wp-block-separator\"\/>\n\n\n\n<figure class=\"wp-block-image size-full is-resized\"><img loading=\"lazy\" src=\"http:\/\/turismoburgos.digital\/wp-content\/uploads\/2022\/02\/t_00081d_556_arco_fernan_gonzalez1.jpg\" alt=\"\" class=\"wp-image-710\" width=\"1240\" height=\"1238\" srcset=\"https:\/\/turismoburgos.digital\/wp-content\/uploads\/2022\/02\/t_00081d_556_arco_fernan_gonzalez1.jpg 500w, https:\/\/turismoburgos.digital\/wp-content\/uploads\/2022\/02\/t_00081d_556_arco_fernan_gonzalez1-300x300.jpg 300w, https:\/\/turismoburgos.digital\/wp-content\/uploads\/2022\/02\/t_00081d_556_arco_fernan_gonzalez1-150x150.jpg 150w, https:\/\/turismoburgos.digital\/wp-content\/uploads\/2022\/02\/t_00081d_556_arco_fernan_gonzalez1-389x387.jpg 389w, https:\/\/turismoburgos.digital\/wp-content\/uploads\/2022\/02\/t_00081d_556_arco_fernan_gonzalez1-414x412.jpg 414w\" sizes=\"(max-width: 1240px) 100vw, 1240px\" \/><figcaption>Arco de Fern\u00e1n Gonz\u00e1lez<\/figcaption><\/figure>\n\n\n\n<hr class=\"wp-block-separator\"\/>\n\n\n\n<p><strong>&nbsp;Descendiendo por la calle de Cabestreros tropezamos en una desigual plazoleta con una extra\u00f1a edificaci\u00f3n de espada\u00f1a y portada. Es el arco de Fern\u00e1n Gonz\u00e1lez. Una secular tradici\u00f3n, nunca desmentida, afirma que en este solar tuvo su palacio el Conde soberano. Reinando Feipe II la ciudad erigi\u00f3 este monumento y el maestro Juan Ortega de Casta\u00f1eda lo ejecut\u00f3. Fray Luis de Le\u00f3n, presente entonces en Burgos, escribi\u00f3 la lauda central.<\/strong><br><strong>&nbsp;&nbsp;&nbsp;&nbsp;&nbsp;El monumento refleja la severidad herreriana. El cuerpo es de un arco de medio punto sobre una imposta sencilla, escoltado por dobles columnas de orden d\u00f3rico. Dos obeliscos cierran a los flancos el cuerpo central, en el que dos genios sostienen las armas de Castilla y Le\u00f3n y Burgos.<\/strong><br><strong>&nbsp;&nbsp;&nbsp;&nbsp;&nbsp;En elegante lat\u00edn dice Fray Luis:<\/strong><\/p>\n\n\n\n<blockquote class=\"wp-block-quote\"><p>&#8221; A\u00f1o de 1592. A Fern\u00e1n Gonz\u00e1lez, conde de Castilla, en su tiempo glorios\u00edsimo caudillo, padre de grandes reyes. A tal paisano, en el mismo solar de su casa, con dinero com\u00fan, se alza este monumento para memoria sempiterna de su nombre y de la ciudad.&#8221;<\/p><p><\/p><\/blockquote>\n\n\n\n<p><strong>El conjunto se corona con un \u00e1tico donde se pens\u00f3 colocar una estatua de Fern\u00e1n Gonz\u00e1lez.<\/strong><\/p>\n\n\n\n<figure class=\"wp-block-image size-full is-resized\"><img loading=\"lazy\" src=\"http:\/\/turismoburgos.digital\/wp-content\/uploads\/2022\/02\/arco-fernan-gonzalez-2.jpg\" alt=\"\" class=\"wp-image-712\" width=\"1241\" height=\"931\" srcset=\"https:\/\/turismoburgos.digital\/wp-content\/uploads\/2022\/02\/arco-fernan-gonzalez-2.jpg 912w, https:\/\/turismoburgos.digital\/wp-content\/uploads\/2022\/02\/arco-fernan-gonzalez-2-300x225.jpg 300w, https:\/\/turismoburgos.digital\/wp-content\/uploads\/2022\/02\/arco-fernan-gonzalez-2-768x576.jpg 768w, https:\/\/turismoburgos.digital\/wp-content\/uploads\/2022\/02\/arco-fernan-gonzalez-2-389x292.jpg 389w, https:\/\/turismoburgos.digital\/wp-content\/uploads\/2022\/02\/arco-fernan-gonzalez-2-414x311.jpg 414w, https:\/\/turismoburgos.digital\/wp-content\/uploads\/2022\/02\/arco-fernan-gonzalez-2-800x600.jpg 800w, https:\/\/turismoburgos.digital\/wp-content\/uploads\/2022\/02\/arco-fernan-gonzalez-2-512x384.jpg 512w\" sizes=\"(max-width: 1241px) 100vw, 1241px\" \/><\/figure>\n\n\n\n<figure class=\"wp-block-image size-full is-resized\"><img loading=\"lazy\" src=\"http:\/\/turismoburgos.digital\/wp-content\/uploads\/2022\/02\/46584616.jpg\" alt=\"\" class=\"wp-image-713\" width=\"1240\" height=\"1872\" srcset=\"https:\/\/turismoburgos.digital\/wp-content\/uploads\/2022\/02\/46584616.jpg 451w, https:\/\/turismoburgos.digital\/wp-content\/uploads\/2022\/02\/46584616-199x300.jpg 199w, https:\/\/turismoburgos.digital\/wp-content\/uploads\/2022\/02\/46584616-389x587.jpg 389w, https:\/\/turismoburgos.digital\/wp-content\/uploads\/2022\/02\/46584616-414x625.jpg 414w\" sizes=\"(max-width: 1240px) 100vw, 1240px\" \/><\/figure>\n\n\n\n<hr class=\"wp-block-separator\"\/>\n\n\n\n<p><strong>Calle de Fern\u00e1n Gonz\u00e1lez, 68<\/strong><br><strong>09003 Burgos<\/strong><\/p>\n\n\n\n<hr class=\"wp-block-separator\"\/>\n\n\n\n<div class=\"wp-container-1 wp-block-buttons\">\n<div class=\"wp-block-button\"><a class=\"wp-block-button__link\" href=\"https:\/\/www.google.com\/maps\/place\/Arco+de+Fern%C3%A1n+Gonzalez\/@42.3403237,-3.7070455,15z\/data=!4m2!3m1!1s0x0:0xe5cf201f890ebe35?sa=X&amp;ved=2ahUKEwi3su6575L2AhVWhv0HHWsrBPQQ_BJ6BAgXEAU\" target=\"_blank\" rel=\"noreferrer noopener\">C\u00f3mo llegar<\/a><\/div>\n<\/div>\n\n\n\n<hr class=\"wp-block-separator\"\/>\n\n\n\n<hr class=\"wp-block-separator\"\/>\n","protected":false},"excerpt":{"rendered":"<p>&nbsp;Descendiendo por la calle de Cabestreros tropezamos en una desigual plazoleta con una extra\u00f1a edificaci\u00f3n de espada\u00f1a y portada. Es el arco de Fern\u00e1n Gonz\u00e1lez. &hellip;<\/p>\n","protected":false},"author":1,"featured_media":1334,"parent":0,"menu_order":0,"comment_status":"closed","ping_status":"closed","template":"","meta":{"_monsterinsights_skip_tracking":false,"_monsterinsights_sitenote_active":false,"_monsterinsights_sitenote_note":"","_monsterinsights_sitenote_category":0},"_links":{"self":[{"href":"https:\/\/turismoburgos.digital\/index.php\/wp-json\/wp\/v2\/pages\/170"}],"collection":[{"href":"https:\/\/turismoburgos.digital\/index.php\/wp-json\/wp\/v2\/pages"}],"about":[{"href":"https:\/\/turismoburgos.digital\/index.php\/wp-json\/wp\/v2\/types\/page"}],"author":[{"embeddable":true,"href":"https:\/\/turismoburgos.digital\/index.php\/wp-json\/wp\/v2\/users\/1"}],"replies":[{"embeddable":true,"href":"https:\/\/turismoburgos.digital\/index.php\/wp-json\/wp\/v2\/comments?post=170"}],"version-history":[{"count":3,"href":"https:\/\/turismoburgos.digital\/index.php\/wp-json\/wp\/v2\/pages\/170\/revisions"}],"predecessor-version":[{"id":1335,"href":"https:\/\/turismoburgos.digital\/index.php\/wp-json\/wp\/v2\/pages\/170\/revisions\/1335"}],"wp:featuredmedia":[{"embeddable":true,"href":"https:\/\/turismoburgos.digital\/index.php\/wp-json\/wp\/v2\/media\/1334"}],"wp:attachment":[{"href":"https:\/\/turismoburgos.digital\/index.php\/wp-json\/wp\/v2\/media?parent=170"}],"curies":[{"name":"wp","href":"https:\/\/api.w.org\/{rel}","templated":true}]}}

Arco de Fernán González

<hr class="wp-block-separator"/>



<figure class="wp-block-image size-full is-resized"><img loading="lazy" src="http://turismoburgos.digital/wp-content/uploads/2022/02/t_00081d_556_arco_fernan_gonzalez1.jpg" alt="" class="wp-image-710" width="1240" height="1238" srcset="https://turismoburgos.digital/wp-content/uploads/2022/02/t_00081d_556_arco_fernan_gonzalez1.jpg 500w, https://turismoburgos.digital/wp-content/uploads/2022/02/t_00081d_556_arco_fernan_gonzalez1-300x300.jpg 300w, https://turismoburgos.digital/wp-content/uploads/2022/02/t_00081d_556_arco_fernan_gonzalez1-150x150.jpg 150w, https://turismoburgos.digital/wp-content/uploads/2022/02/t_00081d_556_arco_fernan_gonzalez1-389x387.jpg 389w, https://turismoburgos.digital/wp-content/uploads/2022/02/t_00081d_556_arco_fernan_gonzalez1-414x412.jpg 414w" sizes="(max-width: 1240px) 100vw, 1240px" /><figcaption>Arco de Fernán González</figcaption></figure>



<hr class="wp-block-separator"/>



<p><strong>&nbsp;Descendiendo por la calle de Cabestreros tropezamos en una desigual plazoleta con una extraña edificación de espadaña y portada. Es el arco de Fernán González. Una secular tradición, nunca desmentida, afirma que en este solar tuvo su palacio el Conde soberano. Reinando Feipe II la ciudad erigió este monumento y el maestro Juan Ortega de Castañeda lo ejecutó. Fray Luis de León, presente entonces en Burgos, escribió la lauda central.</strong><br><strong>&nbsp;&nbsp;&nbsp;&nbsp;&nbsp;El monumento refleja la severidad herreriana. El cuerpo es de un arco de medio punto sobre una imposta sencilla, escoltado por dobles columnas de orden dórico. Dos obeliscos cierran a los flancos el cuerpo central, en el que dos genios sostienen las armas de Castilla y León y Burgos.</strong><br><strong>&nbsp;&nbsp;&nbsp;&nbsp;&nbsp;En elegante latín dice Fray Luis:</strong></p>



<blockquote class="wp-block-quote"><p>&#8221; Año de 1592. A Fernán González, conde de Castilla, en su tiempo gloriosísimo caudillo, padre de grandes reyes. A tal paisano, en el mismo solar de su casa, con dinero común, se alza este monumento para memoria sempiterna de su nombre y de la ciudad.&#8221;</p><p></p></blockquote>



<p><strong>El conjunto se corona con un ático donde se pensó colocar una estatua de Fernán González.</strong></p>



<figure class="wp-block-image size-full is-resized"><img loading="lazy" src="http://turismoburgos.digital/wp-content/uploads/2022/02/arco-fernan-gonzalez-2.jpg" alt="" class="wp-image-712" width="1241" height="931" srcset="https://turismoburgos.digital/wp-content/uploads/2022/02/arco-fernan-gonzalez-2.jpg 912w, https://turismoburgos.digital/wp-content/uploads/2022/02/arco-fernan-gonzalez-2-300x225.jpg 300w, https://turismoburgos.digital/wp-content/uploads/2022/02/arco-fernan-gonzalez-2-768x576.jpg 768w, https://turismoburgos.digital/wp-content/uploads/2022/02/arco-fernan-gonzalez-2-389x292.jpg 389w, https://turismoburgos.digital/wp-content/uploads/2022/02/arco-fernan-gonzalez-2-414x311.jpg 414w, https://turismoburgos.digital/wp-content/uploads/2022/02/arco-fernan-gonzalez-2-800x600.jpg 800w, https://turismoburgos.digital/wp-content/uploads/2022/02/arco-fernan-gonzalez-2-512x384.jpg 512w" sizes="(max-width: 1241px) 100vw, 1241px" /></figure>



<figure class="wp-block-image size-full is-resized"><img loading="lazy" src="http://turismoburgos.digital/wp-content/uploads/2022/02/46584616.jpg" alt="" class="wp-image-713" width="1240" height="1872" srcset="https://turismoburgos.digital/wp-content/uploads/2022/02/46584616.jpg 451w, https://turismoburgos.digital/wp-content/uploads/2022/02/46584616-199x300.jpg 199w, https://turismoburgos.digital/wp-content/uploads/2022/02/46584616-389x587.jpg 389w, https://turismoburgos.digital/wp-content/uploads/2022/02/46584616-414x625.jpg 414w" sizes="(max-width: 1240px) 100vw, 1240px" /></figure>



<hr class="wp-block-separator"/>



<p><strong>Calle de Fernán González, 68</strong><br><strong>09003 Burgos</strong></p>



<hr class="wp-block-separator"/>



<div class="wp-container-1 wp-block-buttons">
<div class="wp-block-button"><a class="wp-block-button__link" href="https://www.google.com/maps/place/Arco+de+Fern%C3%A1n+Gonzalez/@42.3403237,-3.7070455,15z/data=!4m2!3m1!1s0x0:0xe5cf201f890ebe35?sa=X&amp;ved=2ahUKEwi3su6575L2AhVWhv0HHWsrBPQQ_BJ6BAgXEAU" target="_blank" rel="noreferrer noopener">Cómo llegar</a></div>
</div>



<hr class="wp-block-separator"/>



<hr class="wp-block-separator"/>

<p>&nbsp;Descendiendo por la calle de Cabestreros tropezamos en una desigual plazoleta con una extraña edificación de espadaña y portada. Es el arco de Fernán González. &hellip;</p>
